{"id":9945,"date":"2017-05-26T12:35:26","date_gmt":"2017-05-26T11:35:26","guid":{"rendered":"https:\/\/todotrial.com\/tienda\/product\/libro-trial2017-05-26-12-35-26\/"},"modified":"2025-12-26T16:38:45","modified_gmt":"2025-12-26T15:38:45","slug":"libro-trial2017-05-26-12-35-26","status":"publish","type":"product","link":"https:\/\/todotrial.com\/tienda\/libro-trial2017-05-26-12-35-26\/","title":{"rendered":"Libro Trial Vintage 2"},"content":{"rendered":"<p>Jean-Claude Comm\u00e9at-Claudio- acaba de presentar Trial Vintage 2, la segunda parte de su espl\u00e9ndido libro dedicado a modelos m\u00edticos y exclusivos de motos de trial. La introducci\u00f3n en este segundo volumen corre a cargo del espl\u00e9ndido piloto de SWM Gilles Burgat.<\/p>\n<p>En esta ocasi\u00f3n, a lo largo de 144 p\u00e1ginas y en 215 fotograf\u00edas , Claudio ha fotografiado motocicletas de marcas que forman parte de la historia del trial como OSSA, Honda, Fantic, Bultaco, Montesa, Suzuki, BSA, James, Aprilia, Royal Enfield, Merlin, Yamaha, SWM, Matchless, Greeves, Triumph, Italjet, Kawasaki y Beta.<br \/>\nTodo ello junto a marcas menos conocidas en el mundo del trial, en muchos casos ejemplares \u00fanicos, como Bianchi, BMW, Butler, Cotton, Ducati, Indian, Motob\u00e9cane, Motoconfort, Moto Guzzi, Norman, Peugeot, Terrot, Transama, Valenti y Villa.<\/p>\n<p>Adem\u00e1s, como ya hizo en Trial Vintage 1, en Trial Vintage 2 Claudio nos ofrece unas fotograf\u00edas panor\u00e1micas de talleres especializados en la restauraci\u00f3n y preparaci\u00f3n de motos cl\u00e1sicas de trial.<\/p>\n<p>El libro Trial Vintage 2 es una edici\u00f3n limitada.<br \/>\nEl libro Trial Vintage 1 contin\u00faa a la venta hasta agotar los ejemplares disponibles.<\/p>\n","protected":false},"excerpt":{"rendered":"<p>LIBRO DE TRIAL VINTAGE 2<br \/>\nLa historia de la moto de trial en fotograf\u00edas de Claudio<\/p>\n","protected":false},"featured_media":9942,"comment_status":"open","ping_status":"closed","template":"","meta":[],"product_brand":[],"product_cat":[15],"product_tag":[],"class_list":{"0":"post-9945","1":"product","2":"type-product","3":"status-publish","4":"has-post-thumbnail","6":"product_cat-uncategorized","8":"first","9":"instock","10":"taxable","11":"shipping-taxable","12":"purchasable","13":"product-type-simple"},"yoast_head":"<!-- This site is optimized with the Yoast SEO Premium plugin v21.2 (Yoast SEO v27.4) - https:\/\/yoast.com\/product\/yoast-seo-premium-wordpress\/ -->\n<title>Libro Trial Vintage 2 - Tienda de todotrial<\/title>\n<meta name=\"robots\" content=\"index, follow, max-snippet:-1, max-image-preview:large, max-video-preview:-1\" \/>\n<link rel=\"canonical\" href=\"https:\/\/todotrial.com\/tienda\/libro-trial2017-05-26-12-35-26\/\" \/>\n<meta property=\"og:locale\" content=\"es_ES\" \/>\n<meta property=\"og:type\" content=\"article\" \/>\n<meta property=\"og:title\" content=\"Libro Trial Vintage 2\" \/>\n<meta property=\"og:description\" content=\"LIBRO DE TRIAL VINTAGE 2 La historia de la moto de trial en fotograf\u00edas de Claudio\" \/>\n<meta property=\"og:url\" content=\"https:\/\/todotrial.com\/tienda\/libro-trial2017-05-26-12-35-26\/\" \/>\n<meta property=\"og:site_name\" content=\"Tienda de todotrial\" \/>\n<meta property=\"article:modified_time\" content=\"2025-12-26T15:38:45+00:00\" \/>\n<meta property=\"og:image\" content=\"https:\/\/todotrial.com\/tienda\/wp-content\/uploads\/2017\/05\/image003-3.jpg\" \/>\n\t<meta property=\"og:image:width\" content=\"336\" \/>\n\t<meta property=\"og:image:height\" content=\"230\" \/>\n\t<meta property=\"og:image:type\" content=\"image\/jpeg\" \/>\n<meta name=\"twitter:card\" content=\"summary_large_image\" \/>\n<meta name=\"twitter:label1\" content=\"Tiempo de lectura\" \/>\n\t<meta name=\"twitter:data1\" content=\"1 minuto\" \/>\n<script type=\"application\/ld+json\" class=\"yoast-schema-graph\">{\"@context\":\"https:\\\/\\\/schema.org\",\"@graph\":[{\"@type\":\"WebPage\",\"@id\":\"https:\\\/\\\/todotrial.com\\\/tienda\\\/libro-trial2017-05-26-12-35-26\\\/\",\"url\":\"https:\\\/\\\/todotrial.com\\\/tienda\\\/libro-trial2017-05-26-12-35-26\\\/\",\"name\":\"Libro Trial Vintage 2 - Tienda de todotrial\",\"isPartOf\":{\"@id\":\"https:\\\/\\\/todotrial.com\\\/tienda\\\/#website\"},\"primaryImageOfPage\":{\"@id\":\"https:\\\/\\\/todotrial.com\\\/tienda\\\/libro-trial2017-05-26-12-35-26\\\/#primaryimage\"},\"image\":{\"@id\":\"https:\\\/\\\/todotrial.com\\\/tienda\\\/libro-trial2017-05-26-12-35-26\\\/#primaryimage\"},\"thumbnailUrl\":\"https:\\\/\\\/todotrial.com\\\/tienda\\\/wp-content\\\/uploads\\\/2017\\\/05\\\/image003-3.jpg\",\"datePublished\":\"2017-05-26T11:35:26+00:00\",\"dateModified\":\"2025-12-26T15:38:45+00:00\",\"breadcrumb\":{\"@id\":\"https:\\\/\\\/todotrial.com\\\/tienda\\\/libro-trial2017-05-26-12-35-26\\\/#breadcrumb\"},\"inLanguage\":\"es\",\"potentialAction\":[{\"@type\":\"ReadAction\",\"target\":[\"https:\\\/\\\/todotrial.com\\\/tienda\\\/libro-trial2017-05-26-12-35-26\\\/\"]}]},{\"@type\":\"ImageObject\",\"inLanguage\":\"es\",\"@id\":\"https:\\\/\\\/todotrial.com\\\/tienda\\\/libro-trial2017-05-26-12-35-26\\\/#primaryimage\",\"url\":\"https:\\\/\\\/todotrial.com\\\/tienda\\\/wp-content\\\/uploads\\\/2017\\\/05\\\/image003-3.jpg\",\"contentUrl\":\"https:\\\/\\\/todotrial.com\\\/tienda\\\/wp-content\\\/uploads\\\/2017\\\/05\\\/image003-3.jpg\",\"width\":336,\"height\":230},{\"@type\":\"BreadcrumbList\",\"@id\":\"https:\\\/\\\/todotrial.com\\\/tienda\\\/libro-trial2017-05-26-12-35-26\\\/#breadcrumb\",\"itemListElement\":[{\"@type\":\"ListItem\",\"position\":1,\"name\":\"Portada\",\"item\":\"https:\\\/\\\/todotrial.com\\\/tienda\\\/\"},{\"@type\":\"ListItem\",\"position\":2,\"name\":\"Shop\",\"item\":\"https:\\\/\\\/todotrial.com\\\/tienda\\\/shop\\\/\"},{\"@type\":\"ListItem\",\"position\":3,\"name\":\"Libro Trial Vintage 2\"}]},{\"@type\":\"WebSite\",\"@id\":\"https:\\\/\\\/todotrial.com\\\/tienda\\\/#website\",\"url\":\"https:\\\/\\\/todotrial.com\\\/tienda\\\/\",\"name\":\"Tienda de todotrial\",\"description\":\"\",\"potentialAction\":[{\"@type\":\"SearchAction\",\"target\":{\"@type\":\"EntryPoint\",\"urlTemplate\":\"https:\\\/\\\/todotrial.com\\\/tienda\\\/?s={search_term_string}\"},\"query-input\":{\"@type\":\"PropertyValueSpecification\",\"valueRequired\":true,\"valueName\":\"search_term_string\"}}],\"inLanguage\":\"es\"}]}<\/script>\n<!-- \/ Yoast SEO Premium plugin. -->","yoast_head_json":{"title":"Libro Trial Vintage 2 - Tienda de todotrial","robots":{"index":"index","follow":"follow","max-snippet":"max-snippet:-1","max-image-preview":"max-image-preview:large","max-video-preview":"max-video-preview:-1"},"canonical":"https:\/\/todotrial.com\/tienda\/libro-trial2017-05-26-12-35-26\/","og_locale":"es_ES","og_type":"article","og_title":"Libro Trial Vintage 2","og_description":"LIBRO DE TRIAL VINTAGE 2 La historia de la moto de trial en fotograf\u00edas de Claudio","og_url":"https:\/\/todotrial.com\/tienda\/libro-trial2017-05-26-12-35-26\/","og_site_name":"Tienda de todotrial","article_modified_time":"2025-12-26T15:38:45+00:00","og_image":[{"width":336,"height":230,"url":"https:\/\/todotrial.com\/tienda\/wp-content\/uploads\/2017\/05\/image003-3.jpg","type":"image\/jpeg"}],"twitter_card":"summary_large_image","twitter_misc":{"Tiempo de lectura":"1 minuto"},"schema":{"@context":"https:\/\/schema.org","@graph":[{"@type":"WebPage","@id":"https:\/\/todotrial.com\/tienda\/libro-trial2017-05-26-12-35-26\/","url":"https:\/\/todotrial.com\/tienda\/libro-trial2017-05-26-12-35-26\/","name":"Libro Trial Vintage 2 - Tienda de todotrial","isPartOf":{"@id":"https:\/\/todotrial.com\/tienda\/#website"},"primaryImageOfPage":{"@id":"https:\/\/todotrial.com\/tienda\/libro-trial2017-05-26-12-35-26\/#primaryimage"},"image":{"@id":"https:\/\/todotrial.com\/tienda\/libro-trial2017-05-26-12-35-26\/#primaryimage"},"thumbnailUrl":"https:\/\/todotrial.com\/tienda\/wp-content\/uploads\/2017\/05\/image003-3.jpg","datePublished":"2017-05-26T11:35:26+00:00","dateModified":"2025-12-26T15:38:45+00:00","breadcrumb":{"@id":"https:\/\/todotrial.com\/tienda\/libro-trial2017-05-26-12-35-26\/#breadcrumb"},"inLanguage":"es","potentialAction":[{"@type":"ReadAction","target":["https:\/\/todotrial.com\/tienda\/libro-trial2017-05-26-12-35-26\/"]}]},{"@type":"ImageObject","inLanguage":"es","@id":"https:\/\/todotrial.com\/tienda\/libro-trial2017-05-26-12-35-26\/#primaryimage","url":"https:\/\/todotrial.com\/tienda\/wp-content\/uploads\/2017\/05\/image003-3.jpg","contentUrl":"https:\/\/todotrial.com\/tienda\/wp-content\/uploads\/2017\/05\/image003-3.jpg","width":336,"height":230},{"@type":"BreadcrumbList","@id":"https:\/\/todotrial.com\/tienda\/libro-trial2017-05-26-12-35-26\/#breadcrumb","itemListElement":[{"@type":"ListItem","position":1,"name":"Portada","item":"https:\/\/todotrial.com\/tienda\/"},{"@type":"ListItem","position":2,"name":"Shop","item":"https:\/\/todotrial.com\/tienda\/shop\/"},{"@type":"ListItem","position":3,"name":"Libro Trial Vintage 2"}]},{"@type":"WebSite","@id":"https:\/\/todotrial.com\/tienda\/#website","url":"https:\/\/todotrial.com\/tienda\/","name":"Tienda de todotrial","description":"","potentialAction":[{"@type":"SearchAction","target":{"@type":"EntryPoint","urlTemplate":"https:\/\/todotrial.com\/tienda\/?s={search_term_string}"},"query-input":{"@type":"PropertyValueSpecification","valueRequired":true,"valueName":"search_term_string"}}],"inLanguage":"es"}]}},"_links":{"self":[{"href":"https:\/\/todotrial.com\/tienda\/wp-json\/wp\/v2\/product\/9945","targetHints":{"allow":["GET"]}}],"collection":[{"href":"https:\/\/todotrial.com\/tienda\/wp-json\/wp\/v2\/product"}],"about":[{"href":"https:\/\/todotrial.com\/tienda\/wp-json\/wp\/v2\/types\/product"}],"replies":[{"embeddable":true,"href":"https:\/\/todotrial.com\/tienda\/wp-json\/wp\/v2\/comments?post=9945"}],"version-history":[{"count":1,"href":"https:\/\/todotrial.com\/tienda\/wp-json\/wp\/v2\/product\/9945\/revisions"}],"predecessor-version":[{"id":56138,"href":"https:\/\/todotrial.com\/tienda\/wp-json\/wp\/v2\/product\/9945\/revisions\/56138"}],"wp:featuredmedia":[{"embeddable":true,"href":"https:\/\/todotrial.com\/tienda\/wp-json\/wp\/v2\/media\/9942"}],"wp:attachment":[{"href":"https:\/\/todotrial.com\/tienda\/wp-json\/wp\/v2\/media?parent=9945"}],"wp:term":[{"taxonomy":"product_brand","embeddable":true,"href":"https:\/\/todotrial.com\/tienda\/wp-json\/wp\/v2\/product_brand?post=9945"},{"taxonomy":"product_cat","embeddable":true,"href":"https:\/\/todotrial.com\/tienda\/wp-json\/wp\/v2\/product_cat?post=9945"},{"taxonomy":"product_tag","embeddable":true,"href":"https:\/\/todotrial.com\/tienda\/wp-json\/wp\/v2\/product_tag?post=9945"}],"curies":[{"name":"wp","href":"https:\/\/api.w.org\/{rel}","templated":true}]}}