{"id":9365,"date":"2017-02-17T13:02:52","date_gmt":"2017-02-17T13:02:52","guid":{"rendered":"https:\/\/todotrial.com\/tienda\/product\/amortiguador2017-02-17-13-02-52\/"},"modified":"2025-02-20T18:07:27","modified_gmt":"2025-02-20T17:07:27","slug":"amortiguador2017-02-17-13-02-52","status":"publish","type":"product","link":"https:\/\/todotrial.com\/tienda\/amortiguador2017-02-17-13-02-52\/","title":{"rendered":"Amortiguadores NJB Ultimate Pro Montesa Cota 242 y Cota 330"},"content":{"rendered":"<p>NJB Amortiguadores ULTIMATE PRO!!!NOVEDAD!!!<\/p>\n<p>Modelo espec\u00edfico para Cota 242 y 330, con anclaje inferior en forma de \u00abU\u00bb (no aparece en la fotograf\u00eda, que es de otro modelo)<\/p>\n<p>Toda la experiencia de NJB volcada en un nuevo modelo de amortiguadores para cl\u00e1sicas.<\/p>\n<p>Con el lanzamiento del nuevo modelo Ultimate los NJB adquieren una apariencia m\u00e1s moderna, incorporando adem\u00e1s numerosas novedades.<\/p>\n<p>Lo m\u00e1s evidente es la cuidad\u00edsima elaboraci\u00f3n en aluminio pulido de los extremos de los nuevos amortiguadores, pero hay varios aspectos de los Ultimate que son de gran inter\u00e9s como la posibilidad de ajustar la longitud de los amortiguadores, incluso sin necesidad de retirarlos de la motocicleta, o el ajuste de la precarga mediante sistema de rosca. Ambos resultan de gran ayuda para encontrar el reglaje ideal.<\/p>\n<p>Los nuevos Ultimate adoptan un reglaje extrasuave para el hidr\u00e1ulico y unos topes de goma m\u00e1s grandes y el\u00e1sticos, as\u00ed como un sistema de tope mec\u00e1nico en el interior del amortiguador. Se consigue as\u00ed acercar el comportamiento de los Ultimate al de los amortiguadores monoshock de las motocicletas modernas.<\/p>\n<p>Para mantener el aspecto de las motocicletas cl\u00e1sicas los Ultimate pueden montarse en cualquier posici\u00f3n, es decir con el v\u00e1stago en la parte superior o inferior.<\/p>\n<p>Los Ultimate son amortiguadores de gas con v\u00e1stago de gran di\u00e1metro y pist\u00f3n reforzado. Para aumentar la duraci\u00f3n la zona de deslizamiento del pist\u00f3n est\u00e1 realizada en acero cromado.<\/p>\n<p>Para el desarrollo de los Ultimate, NJB ha contado con el asesoramiento de John Lampkin, piloto de gran nivel de trial cl\u00e1sico.<\/p>\n<p>Los Ultimate son amortiguadores de gama alta que se ofrecen a un precio muy competitivo.<\/p>\n<p>NJB entrega los amortiguadores Ultimate con la dureza de muelle adaptada a cada modelo de motocicleta y al peso y nivel de pilotaje requeridos por el usuario.<\/p>\n<p>NJB produce amortiguadores para motos cl\u00e1sicas desde 1990.<\/p>\n","protected":false},"excerpt":{"rendered":"<p>NJB Amortiguadores ULTIMATE !!!NOVEDAD!!!<br \/>\nToda la experiencia de NJB volcada en un nuevo modelo de amortiguadores para cl\u00e1sicas<\/p>\n","protected":false},"featured_media":9364,"comment_status":"open","ping_status":"closed","template":"","meta":[],"product_brand":[],"product_cat":[15],"product_tag":[],"class_list":{"0":"post-9365","1":"product","2":"type-product","3":"status-publish","4":"has-post-thumbnail","6":"product_cat-uncategorized","8":"first","9":"instock","10":"taxable","11":"shipping-taxable","12":"purchasable","13":"product-type-simple"},"yoast_head":"<!-- This site is optimized with the Yoast SEO Premium plugin v21.2 (Yoast SEO v27.3) - https:\/\/yoast.com\/product\/yoast-seo-premium-wordpress\/ -->\n<title>Amortiguadores NJB Ultimate Pro Montesa Cota 242 y Cota 330 - Tienda de todotrial<\/title>\n<meta name=\"robots\" content=\"index, follow, max-snippet:-1, max-image-preview:large, max-video-preview:-1\" \/>\n<link rel=\"canonical\" href=\"https:\/\/todotrial.com\/tienda\/amortiguador2017-02-17-13-02-52\/\" \/>\n<meta property=\"og:locale\" content=\"es_ES\" \/>\n<meta property=\"og:type\" content=\"article\" \/>\n<meta property=\"og:title\" content=\"Amortiguadores NJB Ultimate Pro Montesa Cota 242 y Cota 330\" \/>\n<meta property=\"og:description\" content=\"NJB Amortiguadores ULTIMATE !!!NOVEDAD!!! Toda la experiencia de NJB volcada en un nuevo modelo de amortiguadores para cl\u00e1sicas\" \/>\n<meta property=\"og:url\" content=\"https:\/\/todotrial.com\/tienda\/amortiguador2017-02-17-13-02-52\/\" \/>\n<meta property=\"og:site_name\" content=\"Tienda de todotrial\" \/>\n<meta property=\"article:modified_time\" content=\"2025-02-20T17:07:27+00:00\" \/>\n<meta property=\"og:image\" content=\"https:\/\/todotrial.com\/tienda\/wp-content\/uploads\/2017\/02\/njb-ultimate.jpg\" \/>\n\t<meta property=\"og:image:width\" content=\"800\" \/>\n\t<meta property=\"og:image:height\" content=\"800\" \/>\n\t<meta property=\"og:image:type\" content=\"image\/jpeg\" \/>\n<meta name=\"twitter:card\" content=\"summary_large_image\" \/>\n<meta name=\"twitter:label1\" content=\"Tiempo de lectura\" \/>\n\t<meta name=\"twitter:data1\" content=\"2 minutos\" \/>\n<script type=\"application\/ld+json\" class=\"yoast-schema-graph\">{\"@context\":\"https:\\\/\\\/schema.org\",\"@graph\":[{\"@type\":\"WebPage\",\"@id\":\"https:\\\/\\\/todotrial.com\\\/tienda\\\/amortiguador2017-02-17-13-02-52\\\/\",\"url\":\"https:\\\/\\\/todotrial.com\\\/tienda\\\/amortiguador2017-02-17-13-02-52\\\/\",\"name\":\"Amortiguadores NJB Ultimate Pro Montesa Cota 242 y Cota 330 - Tienda de todotrial\",\"isPartOf\":{\"@id\":\"https:\\\/\\\/todotrial.com\\\/tienda\\\/#website\"},\"primaryImageOfPage\":{\"@id\":\"https:\\\/\\\/todotrial.com\\\/tienda\\\/amortiguador2017-02-17-13-02-52\\\/#primaryimage\"},\"image\":{\"@id\":\"https:\\\/\\\/todotrial.com\\\/tienda\\\/amortiguador2017-02-17-13-02-52\\\/#primaryimage\"},\"thumbnailUrl\":\"https:\\\/\\\/todotrial.com\\\/tienda\\\/wp-content\\\/uploads\\\/2017\\\/02\\\/njb-ultimate.jpg\",\"datePublished\":\"2017-02-17T13:02:52+00:00\",\"dateModified\":\"2025-02-20T17:07:27+00:00\",\"breadcrumb\":{\"@id\":\"https:\\\/\\\/todotrial.com\\\/tienda\\\/amortiguador2017-02-17-13-02-52\\\/#breadcrumb\"},\"inLanguage\":\"es\",\"potentialAction\":[{\"@type\":\"ReadAction\",\"target\":[\"https:\\\/\\\/todotrial.com\\\/tienda\\\/amortiguador2017-02-17-13-02-52\\\/\"]}]},{\"@type\":\"ImageObject\",\"inLanguage\":\"es\",\"@id\":\"https:\\\/\\\/todotrial.com\\\/tienda\\\/amortiguador2017-02-17-13-02-52\\\/#primaryimage\",\"url\":\"https:\\\/\\\/todotrial.com\\\/tienda\\\/wp-content\\\/uploads\\\/2017\\\/02\\\/njb-ultimate.jpg\",\"contentUrl\":\"https:\\\/\\\/todotrial.com\\\/tienda\\\/wp-content\\\/uploads\\\/2017\\\/02\\\/njb-ultimate.jpg\",\"width\":800,\"height\":800},{\"@type\":\"BreadcrumbList\",\"@id\":\"https:\\\/\\\/todotrial.com\\\/tienda\\\/amortiguador2017-02-17-13-02-52\\\/#breadcrumb\",\"itemListElement\":[{\"@type\":\"ListItem\",\"position\":1,\"name\":\"Portada\",\"item\":\"https:\\\/\\\/todotrial.com\\\/tienda\\\/\"},{\"@type\":\"ListItem\",\"position\":2,\"name\":\"Shop\",\"item\":\"https:\\\/\\\/todotrial.com\\\/tienda\\\/shop\\\/\"},{\"@type\":\"ListItem\",\"position\":3,\"name\":\"Amortiguadores NJB Ultimate Pro Montesa Cota 242 y Cota 330\"}]},{\"@type\":\"WebSite\",\"@id\":\"https:\\\/\\\/todotrial.com\\\/tienda\\\/#website\",\"url\":\"https:\\\/\\\/todotrial.com\\\/tienda\\\/\",\"name\":\"Tienda de todotrial\",\"description\":\"\",\"potentialAction\":[{\"@type\":\"SearchAction\",\"target\":{\"@type\":\"EntryPoint\",\"urlTemplate\":\"https:\\\/\\\/todotrial.com\\\/tienda\\\/?s={search_term_string}\"},\"query-input\":{\"@type\":\"PropertyValueSpecification\",\"valueRequired\":true,\"valueName\":\"search_term_string\"}}],\"inLanguage\":\"es\"}]}<\/script>\n<!-- \/ Yoast SEO Premium plugin. -->","yoast_head_json":{"title":"Amortiguadores NJB Ultimate Pro Montesa Cota 242 y Cota 330 - Tienda de todotrial","robots":{"index":"index","follow":"follow","max-snippet":"max-snippet:-1","max-image-preview":"max-image-preview:large","max-video-preview":"max-video-preview:-1"},"canonical":"https:\/\/todotrial.com\/tienda\/amortiguador2017-02-17-13-02-52\/","og_locale":"es_ES","og_type":"article","og_title":"Amortiguadores NJB Ultimate Pro Montesa Cota 242 y Cota 330","og_description":"NJB Amortiguadores ULTIMATE !!!NOVEDAD!!! Toda la experiencia de NJB volcada en un nuevo modelo de amortiguadores para cl\u00e1sicas","og_url":"https:\/\/todotrial.com\/tienda\/amortiguador2017-02-17-13-02-52\/","og_site_name":"Tienda de todotrial","article_modified_time":"2025-02-20T17:07:27+00:00","og_image":[{"width":800,"height":800,"url":"https:\/\/todotrial.com\/tienda\/wp-content\/uploads\/2017\/02\/njb-ultimate.jpg","type":"image\/jpeg"}],"twitter_card":"summary_large_image","twitter_misc":{"Tiempo de lectura":"2 minutos"},"schema":{"@context":"https:\/\/schema.org","@graph":[{"@type":"WebPage","@id":"https:\/\/todotrial.com\/tienda\/amortiguador2017-02-17-13-02-52\/","url":"https:\/\/todotrial.com\/tienda\/amortiguador2017-02-17-13-02-52\/","name":"Amortiguadores NJB Ultimate Pro Montesa Cota 242 y Cota 330 - Tienda de todotrial","isPartOf":{"@id":"https:\/\/todotrial.com\/tienda\/#website"},"primaryImageOfPage":{"@id":"https:\/\/todotrial.com\/tienda\/amortiguador2017-02-17-13-02-52\/#primaryimage"},"image":{"@id":"https:\/\/todotrial.com\/tienda\/amortiguador2017-02-17-13-02-52\/#primaryimage"},"thumbnailUrl":"https:\/\/todotrial.com\/tienda\/wp-content\/uploads\/2017\/02\/njb-ultimate.jpg","datePublished":"2017-02-17T13:02:52+00:00","dateModified":"2025-02-20T17:07:27+00:00","breadcrumb":{"@id":"https:\/\/todotrial.com\/tienda\/amortiguador2017-02-17-13-02-52\/#breadcrumb"},"inLanguage":"es","potentialAction":[{"@type":"ReadAction","target":["https:\/\/todotrial.com\/tienda\/amortiguador2017-02-17-13-02-52\/"]}]},{"@type":"ImageObject","inLanguage":"es","@id":"https:\/\/todotrial.com\/tienda\/amortiguador2017-02-17-13-02-52\/#primaryimage","url":"https:\/\/todotrial.com\/tienda\/wp-content\/uploads\/2017\/02\/njb-ultimate.jpg","contentUrl":"https:\/\/todotrial.com\/tienda\/wp-content\/uploads\/2017\/02\/njb-ultimate.jpg","width":800,"height":800},{"@type":"BreadcrumbList","@id":"https:\/\/todotrial.com\/tienda\/amortiguador2017-02-17-13-02-52\/#breadcrumb","itemListElement":[{"@type":"ListItem","position":1,"name":"Portada","item":"https:\/\/todotrial.com\/tienda\/"},{"@type":"ListItem","position":2,"name":"Shop","item":"https:\/\/todotrial.com\/tienda\/shop\/"},{"@type":"ListItem","position":3,"name":"Amortiguadores NJB Ultimate Pro Montesa Cota 242 y Cota 330"}]},{"@type":"WebSite","@id":"https:\/\/todotrial.com\/tienda\/#website","url":"https:\/\/todotrial.com\/tienda\/","name":"Tienda de todotrial","description":"","potentialAction":[{"@type":"SearchAction","target":{"@type":"EntryPoint","urlTemplate":"https:\/\/todotrial.com\/tienda\/?s={search_term_string}"},"query-input":{"@type":"PropertyValueSpecification","valueRequired":true,"valueName":"search_term_string"}}],"inLanguage":"es"}]}},"_links":{"self":[{"href":"https:\/\/todotrial.com\/tienda\/wp-json\/wp\/v2\/product\/9365","targetHints":{"allow":["GET"]}}],"collection":[{"href":"https:\/\/todotrial.com\/tienda\/wp-json\/wp\/v2\/product"}],"about":[{"href":"https:\/\/todotrial.com\/tienda\/wp-json\/wp\/v2\/types\/product"}],"replies":[{"embeddable":true,"href":"https:\/\/todotrial.com\/tienda\/wp-json\/wp\/v2\/comments?post=9365"}],"version-history":[{"count":0,"href":"https:\/\/todotrial.com\/tienda\/wp-json\/wp\/v2\/product\/9365\/revisions"}],"wp:featuredmedia":[{"embeddable":true,"href":"https:\/\/todotrial.com\/tienda\/wp-json\/wp\/v2\/media\/9364"}],"wp:attachment":[{"href":"https:\/\/todotrial.com\/tienda\/wp-json\/wp\/v2\/media?parent=9365"}],"wp:term":[{"taxonomy":"product_brand","embeddable":true,"href":"https:\/\/todotrial.com\/tienda\/wp-json\/wp\/v2\/product_brand?post=9365"},{"taxonomy":"product_cat","embeddable":true,"href":"https:\/\/todotrial.com\/tienda\/wp-json\/wp\/v2\/product_cat?post=9365"},{"taxonomy":"product_tag","embeddable":true,"href":"https:\/\/todotrial.com\/tienda\/wp-json\/wp\/v2\/product_tag?post=9365"}],"curies":[{"name":"wp","href":"https:\/\/api.w.org\/{rel}","templated":true}]}}