{"id":9297,"date":"2017-01-28T16:48:03","date_gmt":"2017-01-28T16:48:03","guid":{"rendered":"https:\/\/todotrial.com\/tienda\/product\/amortiguador2017-01-28-16-48-03\/"},"modified":"2025-02-20T18:07:45","modified_gmt":"2025-02-20T17:07:45","slug":"amortiguador2017-01-28-16-48-03","status":"publish","type":"product","link":"https:\/\/todotrial.com\/tienda\/amortiguador2017-01-28-16-48-03\/","title":{"rendered":"Amortiguador Trasero gas Trial OZO \u00abElite\u00bb"},"content":{"rendered":"<p>Amortiguador Trasero gas Trial OZO \u00abElite\u00bb<br \/>Caracter\u00edsticas de amortiguaci\u00f3n totalmente ajustable con ajustador de clic r\u00e1pido \/ lento.<br \/>Muelles gemelos.<br \/>Cuenta con un resorte ajustable y una varilla de 14 mm<br \/>Se puede montar de cualquier manera debido a la tecnolog\u00eda interna del cilindro<br \/>Disponibles en 330mm, 340mm, 360mm . Peso 2.6 Kgs.<\/p>\n<p>Peso del Piloto<br \/>100 kg (220lb), 105 kg (231lb), 110 kg (242lb), 115 kg (253lb), 120 kg (264lb), 125 kg (275lb), 50 kg (110lb), 55 kg (121lb), 60 kg (132lb), 65 kg (143lb), 70 kg (154lb), 75 kg (165lb), 80 kg (176lb), 85 kg (187lb), 90 kg (198lb), 95 kg (209lb)<\/p>\n<p>Valido para las clasicas de Trial<\/p>\n<p>Bultaco,Fantic,Honda, Italjet,Montesa,OSSA, Suzuki, SWM, Yamaha, Armstrong, Kawasaki KT<\/p>\n","protected":false},"excerpt":{"rendered":"<p>Amortiguador Trasero gas Trial OZO \u00abElite\u00bb<br \/>\nCaracter\u00edsticas de amortiguaci\u00f3n totalmente ajustable con ajustador de clic r\u00e1pido \/ lento.<br \/>\nMuelles gemelos.<br \/>\nCuenta con un resorte ajustable y una varilla de 14 mm<br \/>\nSe puede montar de cualquier manera debido a la tecnolog\u00eda interna del cilindro<br \/>\nDisponibles en 330mm, 340mm, 360mm  . Peso 2.6 Kgs.<\/p>\n","protected":false},"featured_media":9296,"comment_status":"open","ping_status":"closed","template":"","meta":[],"product_brand":[],"product_cat":[15],"product_tag":[],"class_list":{"0":"post-9297","1":"product","2":"type-product","3":"status-publish","4":"has-post-thumbnail","6":"product_cat-uncategorized","8":"first","9":"outofstock","10":"taxable","11":"shipping-taxable","12":"purchasable","13":"product-type-simple"},"yoast_head":"<!-- This site is optimized with the Yoast SEO Premium plugin v21.2 (Yoast SEO v27.3) - https:\/\/yoast.com\/product\/yoast-seo-premium-wordpress\/ -->\n<title>Amortiguador Trasero gas Trial OZO &quot;Elite&quot; - Tienda de todotrial<\/title>\n<meta name=\"robots\" content=\"index, follow, max-snippet:-1, max-image-preview:large, max-video-preview:-1\" \/>\n<link rel=\"canonical\" href=\"https:\/\/todotrial.com\/tienda\/amortiguador2017-01-28-16-48-03\/\" \/>\n<meta property=\"og:locale\" content=\"es_ES\" \/>\n<meta property=\"og:type\" content=\"article\" \/>\n<meta property=\"og:title\" content=\"Amortiguador Trasero gas Trial OZO &quot;Elite&quot;\" \/>\n<meta property=\"og:description\" content=\"Amortiguador Trasero gas Trial OZO &quot;Elite&quot; Caracter\u00edsticas de amortiguaci\u00f3n totalmente ajustable con ajustador de clic r\u00e1pido \/ lento.  Muelles gemelos. Cuenta con un resorte ajustable y una varilla de 14 mm Se puede montar de cualquier manera debido a la tecnolog\u00eda interna del cilindro Disponibles en 330mm, 340mm, 360mm . Peso 2.6 Kgs.\" \/>\n<meta property=\"og:url\" content=\"https:\/\/todotrial.com\/tienda\/amortiguador2017-01-28-16-48-03\/\" \/>\n<meta property=\"og:site_name\" content=\"Tienda de todotrial\" \/>\n<meta property=\"article:modified_time\" content=\"2025-02-20T17:07:45+00:00\" \/>\n<meta property=\"og:image\" content=\"https:\/\/todotrial.com\/tienda\/wp-content\/uploads\/2017\/01\/dsc_0004-300x3004.jpg\" \/>\n\t<meta property=\"og:image:width\" content=\"300\" \/>\n\t<meta property=\"og:image:height\" content=\"300\" \/>\n\t<meta property=\"og:image:type\" content=\"image\/jpeg\" \/>\n<meta name=\"twitter:card\" content=\"summary_large_image\" \/>\n<meta name=\"twitter:label1\" content=\"Tiempo de lectura\" \/>\n\t<meta name=\"twitter:data1\" content=\"1 minuto\" \/>\n<script type=\"application\/ld+json\" class=\"yoast-schema-graph\">{\"@context\":\"https:\\\/\\\/schema.org\",\"@graph\":[{\"@type\":\"WebPage\",\"@id\":\"https:\\\/\\\/todotrial.com\\\/tienda\\\/amortiguador2017-01-28-16-48-03\\\/\",\"url\":\"https:\\\/\\\/todotrial.com\\\/tienda\\\/amortiguador2017-01-28-16-48-03\\\/\",\"name\":\"Amortiguador Trasero gas Trial OZO \\\"Elite\\\" - Tienda de todotrial\",\"isPartOf\":{\"@id\":\"https:\\\/\\\/todotrial.com\\\/tienda\\\/#website\"},\"primaryImageOfPage\":{\"@id\":\"https:\\\/\\\/todotrial.com\\\/tienda\\\/amortiguador2017-01-28-16-48-03\\\/#primaryimage\"},\"image\":{\"@id\":\"https:\\\/\\\/todotrial.com\\\/tienda\\\/amortiguador2017-01-28-16-48-03\\\/#primaryimage\"},\"thumbnailUrl\":\"https:\\\/\\\/todotrial.com\\\/tienda\\\/wp-content\\\/uploads\\\/2017\\\/01\\\/dsc_0004-300x3004.jpg\",\"datePublished\":\"2017-01-28T16:48:03+00:00\",\"dateModified\":\"2025-02-20T17:07:45+00:00\",\"breadcrumb\":{\"@id\":\"https:\\\/\\\/todotrial.com\\\/tienda\\\/amortiguador2017-01-28-16-48-03\\\/#breadcrumb\"},\"inLanguage\":\"es\",\"potentialAction\":[{\"@type\":\"ReadAction\",\"target\":[\"https:\\\/\\\/todotrial.com\\\/tienda\\\/amortiguador2017-01-28-16-48-03\\\/\"]}]},{\"@type\":\"ImageObject\",\"inLanguage\":\"es\",\"@id\":\"https:\\\/\\\/todotrial.com\\\/tienda\\\/amortiguador2017-01-28-16-48-03\\\/#primaryimage\",\"url\":\"https:\\\/\\\/todotrial.com\\\/tienda\\\/wp-content\\\/uploads\\\/2017\\\/01\\\/dsc_0004-300x3004.jpg\",\"contentUrl\":\"https:\\\/\\\/todotrial.com\\\/tienda\\\/wp-content\\\/uploads\\\/2017\\\/01\\\/dsc_0004-300x3004.jpg\",\"width\":300,\"height\":300},{\"@type\":\"BreadcrumbList\",\"@id\":\"https:\\\/\\\/todotrial.com\\\/tienda\\\/amortiguador2017-01-28-16-48-03\\\/#breadcrumb\",\"itemListElement\":[{\"@type\":\"ListItem\",\"position\":1,\"name\":\"Portada\",\"item\":\"https:\\\/\\\/todotrial.com\\\/tienda\\\/\"},{\"@type\":\"ListItem\",\"position\":2,\"name\":\"Shop\",\"item\":\"https:\\\/\\\/todotrial.com\\\/tienda\\\/shop\\\/\"},{\"@type\":\"ListItem\",\"position\":3,\"name\":\"Amortiguador Trasero gas Trial OZO \u00abElite\u00bb\"}]},{\"@type\":\"WebSite\",\"@id\":\"https:\\\/\\\/todotrial.com\\\/tienda\\\/#website\",\"url\":\"https:\\\/\\\/todotrial.com\\\/tienda\\\/\",\"name\":\"Tienda de todotrial\",\"description\":\"\",\"potentialAction\":[{\"@type\":\"SearchAction\",\"target\":{\"@type\":\"EntryPoint\",\"urlTemplate\":\"https:\\\/\\\/todotrial.com\\\/tienda\\\/?s={search_term_string}\"},\"query-input\":{\"@type\":\"PropertyValueSpecification\",\"valueRequired\":true,\"valueName\":\"search_term_string\"}}],\"inLanguage\":\"es\"}]}<\/script>\n<!-- \/ Yoast SEO Premium plugin. -->","yoast_head_json":{"title":"Amortiguador Trasero gas Trial OZO \"Elite\" - Tienda de todotrial","robots":{"index":"index","follow":"follow","max-snippet":"max-snippet:-1","max-image-preview":"max-image-preview:large","max-video-preview":"max-video-preview:-1"},"canonical":"https:\/\/todotrial.com\/tienda\/amortiguador2017-01-28-16-48-03\/","og_locale":"es_ES","og_type":"article","og_title":"Amortiguador Trasero gas Trial OZO \"Elite\"","og_description":"Amortiguador Trasero gas Trial OZO \"Elite\" Caracter\u00edsticas de amortiguaci\u00f3n totalmente ajustable con ajustador de clic r\u00e1pido \/ lento.  Muelles gemelos. Cuenta con un resorte ajustable y una varilla de 14 mm Se puede montar de cualquier manera debido a la tecnolog\u00eda interna del cilindro Disponibles en 330mm, 340mm, 360mm . Peso 2.6 Kgs.","og_url":"https:\/\/todotrial.com\/tienda\/amortiguador2017-01-28-16-48-03\/","og_site_name":"Tienda de todotrial","article_modified_time":"2025-02-20T17:07:45+00:00","og_image":[{"width":300,"height":300,"url":"https:\/\/todotrial.com\/tienda\/wp-content\/uploads\/2017\/01\/dsc_0004-300x3004.jpg","type":"image\/jpeg"}],"twitter_card":"summary_large_image","twitter_misc":{"Tiempo de lectura":"1 minuto"},"schema":{"@context":"https:\/\/schema.org","@graph":[{"@type":"WebPage","@id":"https:\/\/todotrial.com\/tienda\/amortiguador2017-01-28-16-48-03\/","url":"https:\/\/todotrial.com\/tienda\/amortiguador2017-01-28-16-48-03\/","name":"Amortiguador Trasero gas Trial OZO \"Elite\" - Tienda de todotrial","isPartOf":{"@id":"https:\/\/todotrial.com\/tienda\/#website"},"primaryImageOfPage":{"@id":"https:\/\/todotrial.com\/tienda\/amortiguador2017-01-28-16-48-03\/#primaryimage"},"image":{"@id":"https:\/\/todotrial.com\/tienda\/amortiguador2017-01-28-16-48-03\/#primaryimage"},"thumbnailUrl":"https:\/\/todotrial.com\/tienda\/wp-content\/uploads\/2017\/01\/dsc_0004-300x3004.jpg","datePublished":"2017-01-28T16:48:03+00:00","dateModified":"2025-02-20T17:07:45+00:00","breadcrumb":{"@id":"https:\/\/todotrial.com\/tienda\/amortiguador2017-01-28-16-48-03\/#breadcrumb"},"inLanguage":"es","potentialAction":[{"@type":"ReadAction","target":["https:\/\/todotrial.com\/tienda\/amortiguador2017-01-28-16-48-03\/"]}]},{"@type":"ImageObject","inLanguage":"es","@id":"https:\/\/todotrial.com\/tienda\/amortiguador2017-01-28-16-48-03\/#primaryimage","url":"https:\/\/todotrial.com\/tienda\/wp-content\/uploads\/2017\/01\/dsc_0004-300x3004.jpg","contentUrl":"https:\/\/todotrial.com\/tienda\/wp-content\/uploads\/2017\/01\/dsc_0004-300x3004.jpg","width":300,"height":300},{"@type":"BreadcrumbList","@id":"https:\/\/todotrial.com\/tienda\/amortiguador2017-01-28-16-48-03\/#breadcrumb","itemListElement":[{"@type":"ListItem","position":1,"name":"Portada","item":"https:\/\/todotrial.com\/tienda\/"},{"@type":"ListItem","position":2,"name":"Shop","item":"https:\/\/todotrial.com\/tienda\/shop\/"},{"@type":"ListItem","position":3,"name":"Amortiguador Trasero gas Trial OZO \u00abElite\u00bb"}]},{"@type":"WebSite","@id":"https:\/\/todotrial.com\/tienda\/#website","url":"https:\/\/todotrial.com\/tienda\/","name":"Tienda de todotrial","description":"","potentialAction":[{"@type":"SearchAction","target":{"@type":"EntryPoint","urlTemplate":"https:\/\/todotrial.com\/tienda\/?s={search_term_string}"},"query-input":{"@type":"PropertyValueSpecification","valueRequired":true,"valueName":"search_term_string"}}],"inLanguage":"es"}]}},"_links":{"self":[{"href":"https:\/\/todotrial.com\/tienda\/wp-json\/wp\/v2\/product\/9297","targetHints":{"allow":["GET"]}}],"collection":[{"href":"https:\/\/todotrial.com\/tienda\/wp-json\/wp\/v2\/product"}],"about":[{"href":"https:\/\/todotrial.com\/tienda\/wp-json\/wp\/v2\/types\/product"}],"replies":[{"embeddable":true,"href":"https:\/\/todotrial.com\/tienda\/wp-json\/wp\/v2\/comments?post=9297"}],"version-history":[{"count":0,"href":"https:\/\/todotrial.com\/tienda\/wp-json\/wp\/v2\/product\/9297\/revisions"}],"wp:featuredmedia":[{"embeddable":true,"href":"https:\/\/todotrial.com\/tienda\/wp-json\/wp\/v2\/media\/9296"}],"wp:attachment":[{"href":"https:\/\/todotrial.com\/tienda\/wp-json\/wp\/v2\/media?parent=9297"}],"wp:term":[{"taxonomy":"product_brand","embeddable":true,"href":"https:\/\/todotrial.com\/tienda\/wp-json\/wp\/v2\/product_brand?post=9297"},{"taxonomy":"product_cat","embeddable":true,"href":"https:\/\/todotrial.com\/tienda\/wp-json\/wp\/v2\/product_cat?post=9297"},{"taxonomy":"product_tag","embeddable":true,"href":"https:\/\/todotrial.com\/tienda\/wp-json\/wp\/v2\/product_tag?post=9297"}],"curies":[{"name":"wp","href":"https:\/\/api.w.org\/{rel}","templated":true}]}}