{"id":9007,"date":"2017-01-03T21:04:15","date_gmt":"2017-01-03T21:04:15","guid":{"rendered":"https:\/\/todotrial.com\/tienda\/product\/isla-de-man-dvd\/"},"modified":"2025-02-20T18:08:24","modified_gmt":"2025-02-20T17:08:24","slug":"isla-de-man-dvd","status":"publish","type":"product","link":"https:\/\/todotrial.com\/tienda\/isla-de-man-dvd\/","title":{"rendered":"TT 2015 Review DVD"},"content":{"rendered":"<p>TT 2015 Review DVD<br \/>duracion 240 minutos.TT 2015 Review DVD &#8211; Descripci\u00f3n<\/p>\n<p>La isla de Man TT 2015 impulsada por Monster Energy fue un r\u00e9cord que tuvo todo: sol, drama, emoci\u00f3n y un regreso sensacional al rival de Mike Hailwood.<\/p>\n<p>La anticipaci\u00f3n fue alta antes del inicio de la carrera con una lista de entrada que era un verdadero \u00abWho&#8217;s Who\u00bb de los corredores de ronda de \u00e9lite del mundo.<\/p>\n<p>Ninguno de los diez o m\u00e1s pilotos ten\u00eda la oportunidad de ganar en cualquiera de las clases en solitario y hab\u00eda un mont\u00f3n de equipos de calidad sidecar determinados a hacer una impresi\u00f3n en los lugares del podio.<\/p>\n<p>Ning\u00fan aficionado puede haber dejado la isla de Man decepcionado con lo que se desarroll\u00f3 &#8211; sin duda TT 2015 demostrado ser uno de los mejores encuentros del siglo 21, y tal vez de todos los tiempos?<\/p>\n<p>Los r\u00e9cords de vuelta y carrera se desplomaron a lo largo de la semana, hubo nuevas caras en el podio y algunas que los aficionados pudieron haber pensado que nunca se ver\u00edan en el escal\u00f3n superior de nuevo.<\/p>\n<p>Por una vez, la Isla de Man fue bendecida con el sol de pared a pared durante la semana de carreras y condujo a algunas de las carreras m\u00e1s cercanas jam\u00e1s vistas en el circuito de monta\u00f1a de 37,73 millas como h\u00e9roes de la carretera como John McGuinness, Ian Hutchinson, Guy Martin y Michael Dunlop se pusieron manos a la obra.<\/p>\n<p>Todo en todo fue tan lleno de acci\u00f3n como cualquiera podr\u00eda desear y en todo lo que todas nuestras c\u00e1maras estaban a mano para coger los aspectos m\u00e1s destacados.<\/p>\n<p>Con las mejores partes de las siete carreras en solitario y en sidecar, adem\u00e1s de un mont\u00f3n de atm\u00f3sfera fuera de las carreras, esta es la exhaustiva e indispensable Revisi\u00f3n Oficial de la Isla de Man TT 2015.0cTT 2015 Review DVD &#8211; Description<\/p>\n<p>The Isle of Man TT 2015 fuelled by Monster Energy was a record-breaking affair that had it all: sunshine, drama, excitement and a sensational comeback to rival Mike Hailwood&#8217;s.<\/p>\n<p>Anticipation was high before the start of the race with an entry list that was a veritable \u00abWho&#8217;s Who\u00bb of the World&#8217;s elite road racers.<\/p>\n<p>Any of the top ten or so riders were in with a chance of a win in any of the solo classes and there were plenty of quality sidecar crews determined to make an impression on the podium places.<\/p>\n<p>No fans can have left the Isle of Man disappointed with what unfolded \u2013 surely TT 2015 proved to be one of the best meetings of the 21st Century, and maybe of all time?<\/p>\n<p>Lap and race records tumbled throughout the week, there were new faces on the podium and some that fans might have thought would never been seen on the top step again.<\/p>\n<p>For once the Isle of Man was blessed with wall-to-wall sunshine for race week and it led to some of the closest racing ever seen on the 37.73 mile public road Mountain Course as heroes of the road like John McGuinness, Ian Hutchinson, Guy Martin and Michael Dunlop got down to business.<\/p>\n<p>All-in-all it was as action-packed as anyone could wish for and throughout it all our cameras were on hand to catch the highlights.<\/p>\n<p>With the best bits of all seven solo and both sidecar races, plus lots of the atmosphere away from the races, this is the comprehensive, indispensable Official Review of the Isle of Man TT 2015.<\/p>\n<p>&nbsp;<\/p>\n","protected":false},"excerpt":{"rendered":"<p>TT 2015 Review DVD<br \/>\nduracion 240 minutos.<\/p>\n","protected":false},"featured_media":9006,"comment_status":"open","ping_status":"closed","template":"","meta":[],"product_brand":[],"product_cat":[15],"product_tag":[],"class_list":{"0":"post-9007","1":"product","2":"type-product","3":"status-publish","4":"has-post-thumbnail","6":"product_cat-uncategorized","8":"first","9":"outofstock","10":"taxable","11":"shipping-taxable","12":"purchasable","13":"product-type-simple"},"yoast_head":"<!-- This site is optimized with the Yoast SEO Premium plugin v21.2 (Yoast SEO v27.3) - https:\/\/yoast.com\/product\/yoast-seo-premium-wordpress\/ -->\n<title>TT 2015 Review DVD - Tienda de todotrial<\/title>\n<meta name=\"robots\" content=\"index, follow, max-snippet:-1, max-image-preview:large, max-video-preview:-1\" \/>\n<link rel=\"canonical\" href=\"https:\/\/todotrial.com\/tienda\/isla-de-man-dvd\/\" \/>\n<meta property=\"og:locale\" content=\"es_ES\" \/>\n<meta property=\"og:type\" content=\"article\" \/>\n<meta property=\"og:title\" content=\"TT 2015 Review DVD\" \/>\n<meta property=\"og:description\" content=\"TT 2015 Review DVD duracion 240 minutos.\" \/>\n<meta property=\"og:url\" content=\"https:\/\/todotrial.com\/tienda\/isla-de-man-dvd\/\" \/>\n<meta property=\"og:site_name\" content=\"Tienda de todotrial\" \/>\n<meta property=\"article:modified_time\" content=\"2025-02-20T17:08:24+00:00\" \/>\n<meta property=\"og:image\" content=\"https:\/\/todotrial.com\/tienda\/wp-content\/uploads\/2017\/01\/1935.jpg\" \/>\n\t<meta property=\"og:image:width\" content=\"360\" \/>\n\t<meta property=\"og:image:height\" content=\"513\" \/>\n\t<meta property=\"og:image:type\" content=\"image\/jpeg\" \/>\n<meta name=\"twitter:card\" content=\"summary_large_image\" \/>\n<meta name=\"twitter:label1\" content=\"Tiempo de lectura\" \/>\n\t<meta name=\"twitter:data1\" content=\"3 minutos\" \/>\n<script type=\"application\/ld+json\" class=\"yoast-schema-graph\">{\"@context\":\"https:\\\/\\\/schema.org\",\"@graph\":[{\"@type\":\"WebPage\",\"@id\":\"https:\\\/\\\/todotrial.com\\\/tienda\\\/isla-de-man-dvd\\\/\",\"url\":\"https:\\\/\\\/todotrial.com\\\/tienda\\\/isla-de-man-dvd\\\/\",\"name\":\"TT 2015 Review DVD - Tienda de todotrial\",\"isPartOf\":{\"@id\":\"https:\\\/\\\/todotrial.com\\\/tienda\\\/#website\"},\"primaryImageOfPage\":{\"@id\":\"https:\\\/\\\/todotrial.com\\\/tienda\\\/isla-de-man-dvd\\\/#primaryimage\"},\"image\":{\"@id\":\"https:\\\/\\\/todotrial.com\\\/tienda\\\/isla-de-man-dvd\\\/#primaryimage\"},\"thumbnailUrl\":\"https:\\\/\\\/todotrial.com\\\/tienda\\\/wp-content\\\/uploads\\\/2017\\\/01\\\/1935.jpg\",\"datePublished\":\"2017-01-03T21:04:15+00:00\",\"dateModified\":\"2025-02-20T17:08:24+00:00\",\"breadcrumb\":{\"@id\":\"https:\\\/\\\/todotrial.com\\\/tienda\\\/isla-de-man-dvd\\\/#breadcrumb\"},\"inLanguage\":\"es\",\"potentialAction\":[{\"@type\":\"ReadAction\",\"target\":[\"https:\\\/\\\/todotrial.com\\\/tienda\\\/isla-de-man-dvd\\\/\"]}]},{\"@type\":\"ImageObject\",\"inLanguage\":\"es\",\"@id\":\"https:\\\/\\\/todotrial.com\\\/tienda\\\/isla-de-man-dvd\\\/#primaryimage\",\"url\":\"https:\\\/\\\/todotrial.com\\\/tienda\\\/wp-content\\\/uploads\\\/2017\\\/01\\\/1935.jpg\",\"contentUrl\":\"https:\\\/\\\/todotrial.com\\\/tienda\\\/wp-content\\\/uploads\\\/2017\\\/01\\\/1935.jpg\",\"width\":360,\"height\":513},{\"@type\":\"BreadcrumbList\",\"@id\":\"https:\\\/\\\/todotrial.com\\\/tienda\\\/isla-de-man-dvd\\\/#breadcrumb\",\"itemListElement\":[{\"@type\":\"ListItem\",\"position\":1,\"name\":\"Portada\",\"item\":\"https:\\\/\\\/todotrial.com\\\/tienda\\\/\"},{\"@type\":\"ListItem\",\"position\":2,\"name\":\"Shop\",\"item\":\"https:\\\/\\\/todotrial.com\\\/tienda\\\/shop\\\/\"},{\"@type\":\"ListItem\",\"position\":3,\"name\":\"TT 2015 Review DVD\"}]},{\"@type\":\"WebSite\",\"@id\":\"https:\\\/\\\/todotrial.com\\\/tienda\\\/#website\",\"url\":\"https:\\\/\\\/todotrial.com\\\/tienda\\\/\",\"name\":\"Tienda de todotrial\",\"description\":\"\",\"potentialAction\":[{\"@type\":\"SearchAction\",\"target\":{\"@type\":\"EntryPoint\",\"urlTemplate\":\"https:\\\/\\\/todotrial.com\\\/tienda\\\/?s={search_term_string}\"},\"query-input\":{\"@type\":\"PropertyValueSpecification\",\"valueRequired\":true,\"valueName\":\"search_term_string\"}}],\"inLanguage\":\"es\"}]}<\/script>\n<!-- \/ Yoast SEO Premium plugin. -->","yoast_head_json":{"title":"TT 2015 Review DVD - Tienda de todotrial","robots":{"index":"index","follow":"follow","max-snippet":"max-snippet:-1","max-image-preview":"max-image-preview:large","max-video-preview":"max-video-preview:-1"},"canonical":"https:\/\/todotrial.com\/tienda\/isla-de-man-dvd\/","og_locale":"es_ES","og_type":"article","og_title":"TT 2015 Review DVD","og_description":"TT 2015 Review DVD duracion 240 minutos.","og_url":"https:\/\/todotrial.com\/tienda\/isla-de-man-dvd\/","og_site_name":"Tienda de todotrial","article_modified_time":"2025-02-20T17:08:24+00:00","og_image":[{"width":360,"height":513,"url":"https:\/\/todotrial.com\/tienda\/wp-content\/uploads\/2017\/01\/1935.jpg","type":"image\/jpeg"}],"twitter_card":"summary_large_image","twitter_misc":{"Tiempo de lectura":"3 minutos"},"schema":{"@context":"https:\/\/schema.org","@graph":[{"@type":"WebPage","@id":"https:\/\/todotrial.com\/tienda\/isla-de-man-dvd\/","url":"https:\/\/todotrial.com\/tienda\/isla-de-man-dvd\/","name":"TT 2015 Review DVD - Tienda de todotrial","isPartOf":{"@id":"https:\/\/todotrial.com\/tienda\/#website"},"primaryImageOfPage":{"@id":"https:\/\/todotrial.com\/tienda\/isla-de-man-dvd\/#primaryimage"},"image":{"@id":"https:\/\/todotrial.com\/tienda\/isla-de-man-dvd\/#primaryimage"},"thumbnailUrl":"https:\/\/todotrial.com\/tienda\/wp-content\/uploads\/2017\/01\/1935.jpg","datePublished":"2017-01-03T21:04:15+00:00","dateModified":"2025-02-20T17:08:24+00:00","breadcrumb":{"@id":"https:\/\/todotrial.com\/tienda\/isla-de-man-dvd\/#breadcrumb"},"inLanguage":"es","potentialAction":[{"@type":"ReadAction","target":["https:\/\/todotrial.com\/tienda\/isla-de-man-dvd\/"]}]},{"@type":"ImageObject","inLanguage":"es","@id":"https:\/\/todotrial.com\/tienda\/isla-de-man-dvd\/#primaryimage","url":"https:\/\/todotrial.com\/tienda\/wp-content\/uploads\/2017\/01\/1935.jpg","contentUrl":"https:\/\/todotrial.com\/tienda\/wp-content\/uploads\/2017\/01\/1935.jpg","width":360,"height":513},{"@type":"BreadcrumbList","@id":"https:\/\/todotrial.com\/tienda\/isla-de-man-dvd\/#breadcrumb","itemListElement":[{"@type":"ListItem","position":1,"name":"Portada","item":"https:\/\/todotrial.com\/tienda\/"},{"@type":"ListItem","position":2,"name":"Shop","item":"https:\/\/todotrial.com\/tienda\/shop\/"},{"@type":"ListItem","position":3,"name":"TT 2015 Review DVD"}]},{"@type":"WebSite","@id":"https:\/\/todotrial.com\/tienda\/#website","url":"https:\/\/todotrial.com\/tienda\/","name":"Tienda de todotrial","description":"","potentialAction":[{"@type":"SearchAction","target":{"@type":"EntryPoint","urlTemplate":"https:\/\/todotrial.com\/tienda\/?s={search_term_string}"},"query-input":{"@type":"PropertyValueSpecification","valueRequired":true,"valueName":"search_term_string"}}],"inLanguage":"es"}]}},"_links":{"self":[{"href":"https:\/\/todotrial.com\/tienda\/wp-json\/wp\/v2\/product\/9007","targetHints":{"allow":["GET"]}}],"collection":[{"href":"https:\/\/todotrial.com\/tienda\/wp-json\/wp\/v2\/product"}],"about":[{"href":"https:\/\/todotrial.com\/tienda\/wp-json\/wp\/v2\/types\/product"}],"replies":[{"embeddable":true,"href":"https:\/\/todotrial.com\/tienda\/wp-json\/wp\/v2\/comments?post=9007"}],"version-history":[{"count":0,"href":"https:\/\/todotrial.com\/tienda\/wp-json\/wp\/v2\/product\/9007\/revisions"}],"wp:featuredmedia":[{"embeddable":true,"href":"https:\/\/todotrial.com\/tienda\/wp-json\/wp\/v2\/media\/9006"}],"wp:attachment":[{"href":"https:\/\/todotrial.com\/tienda\/wp-json\/wp\/v2\/media?parent=9007"}],"wp:term":[{"taxonomy":"product_brand","embeddable":true,"href":"https:\/\/todotrial.com\/tienda\/wp-json\/wp\/v2\/product_brand?post=9007"},{"taxonomy":"product_cat","embeddable":true,"href":"https:\/\/todotrial.com\/tienda\/wp-json\/wp\/v2\/product_cat?post=9007"},{"taxonomy":"product_tag","embeddable":true,"href":"https:\/\/todotrial.com\/tienda\/wp-json\/wp\/v2\/product_tag?post=9007"}],"curies":[{"name":"wp","href":"https:\/\/api.w.org\/{rel}","templated":true}]}}