{"id":7509,"date":"2016-07-29T08:56:45","date_gmt":"2016-07-29T08:56:45","guid":{"rendered":"https:\/\/todotrial.com\/tienda\/product\/mx\/"},"modified":"2025-02-20T18:15:01","modified_gmt":"2025-02-20T17:15:01","slug":"mx","status":"publish","type":"product","link":"https:\/\/todotrial.com\/tienda\/mx\/","title":{"rendered":"Roger De Costers MOTOCROS DVD"},"content":{"rendered":"<p>Roger De Costers MOTOCROS DVD<br \/>Tecnicas de MX por Roger De Costers<\/p>\n<p>Who better to demonstrate the wonderful skills of the top motocross rider than six-times world 500cc Motocross Champion Roger de Coster? Roger took time out at the Suzuka test circuit in Japan to show novices and experts alike how to ride motocross bikes competently, safely for enjoyment and fast! How to get off the start line before the rest, how to ride the berm, how to take off and land from jumps, drifting &#8230;it&#8217;s all here. Filming from the ground, from the helicopter and in slow motion makes great viewing. Roger de Coster riding a works Honda is the same as ever &#8211; impressive!<\/p>\n<p>\u00bfQui\u00e9n mejor para demostrar las maravillosas habilidades del piloto de motocross que el e seis veces Campe\u00f3n del Mundo de 500cc motocross Roger de Coster? Roger se tom\u00f3 el tiempo en el circuito de pruebas de Suzuka en Jap\u00f3n para mostrar a los principiantes y expertos por igual a montar motos de motocross competentemente, seguro para el disfrute y r\u00e1pido! C\u00f3mo salir de la l\u00ednea de salida antes que el resto, c\u00f3mo montar la berma, c\u00f3mo despegar y aterrizar de saltos, a la deriva &#8230; todo est\u00e1 aqu\u00ed. El rodaje desde la tierra, desde el helic\u00f3ptero y en c\u00e1mara lenta hace que una gran visi\u00f3n. Roger de Coster monta una Honda funciona es la misma de siempre &#8211; impresionante!<\/p>\n","protected":false},"excerpt":{"rendered":"<p>Roger De Costers MOTOCROS DVD<br \/>\nTecnicas de MX por Roger De Costers<\/p>\n","protected":false},"featured_media":7508,"comment_status":"open","ping_status":"closed","template":"","meta":[],"product_brand":[],"product_cat":[15],"product_tag":[],"class_list":{"0":"post-7509","1":"product","2":"type-product","3":"status-publish","4":"has-post-thumbnail","6":"product_cat-uncategorized","8":"first","9":"instock","10":"taxable","11":"shipping-taxable","12":"purchasable","13":"product-type-simple"},"yoast_head":"<!-- This site is optimized with the Yoast SEO Premium plugin v21.2 (Yoast SEO v27.3) - https:\/\/yoast.com\/product\/yoast-seo-premium-wordpress\/ -->\n<title>Roger De Costers MOTOCROS DVD - Tienda de todotrial<\/title>\n<meta name=\"robots\" content=\"index, follow, max-snippet:-1, max-image-preview:large, max-video-preview:-1\" \/>\n<link rel=\"canonical\" href=\"https:\/\/todotrial.com\/tienda\/mx\/\" \/>\n<meta property=\"og:locale\" content=\"es_ES\" \/>\n<meta property=\"og:type\" content=\"article\" \/>\n<meta property=\"og:title\" content=\"Roger De Costers MOTOCROS DVD\" \/>\n<meta property=\"og:description\" content=\"Roger De Costers MOTOCROS DVD Tecnicas de MX por Roger De Costers\" \/>\n<meta property=\"og:url\" content=\"https:\/\/todotrial.com\/tienda\/mx\/\" \/>\n<meta property=\"og:site_name\" content=\"Tienda de todotrial\" \/>\n<meta property=\"article:modified_time\" content=\"2025-02-20T17:15:01+00:00\" \/>\n<meta property=\"og:image\" content=\"https:\/\/todotrial.com\/tienda\/wp-content\/uploads\/2016\/07\/2041da.jpg\" \/>\n\t<meta property=\"og:image:width\" content=\"360\" \/>\n\t<meta property=\"og:image:height\" content=\"578\" \/>\n\t<meta property=\"og:image:type\" content=\"image\/jpeg\" \/>\n<meta name=\"twitter:card\" content=\"summary_large_image\" \/>\n<meta name=\"twitter:label1\" content=\"Tiempo de lectura\" \/>\n\t<meta name=\"twitter:data1\" content=\"1 minuto\" \/>\n<script type=\"application\/ld+json\" class=\"yoast-schema-graph\">{\"@context\":\"https:\\\/\\\/schema.org\",\"@graph\":[{\"@type\":\"WebPage\",\"@id\":\"https:\\\/\\\/todotrial.com\\\/tienda\\\/mx\\\/\",\"url\":\"https:\\\/\\\/todotrial.com\\\/tienda\\\/mx\\\/\",\"name\":\"Roger De Costers MOTOCROS DVD - Tienda de todotrial\",\"isPartOf\":{\"@id\":\"https:\\\/\\\/todotrial.com\\\/tienda\\\/#website\"},\"primaryImageOfPage\":{\"@id\":\"https:\\\/\\\/todotrial.com\\\/tienda\\\/mx\\\/#primaryimage\"},\"image\":{\"@id\":\"https:\\\/\\\/todotrial.com\\\/tienda\\\/mx\\\/#primaryimage\"},\"thumbnailUrl\":\"https:\\\/\\\/todotrial.com\\\/tienda\\\/wp-content\\\/uploads\\\/2016\\\/07\\\/2041da.jpg\",\"datePublished\":\"2016-07-29T08:56:45+00:00\",\"dateModified\":\"2025-02-20T17:15:01+00:00\",\"breadcrumb\":{\"@id\":\"https:\\\/\\\/todotrial.com\\\/tienda\\\/mx\\\/#breadcrumb\"},\"inLanguage\":\"es\",\"potentialAction\":[{\"@type\":\"ReadAction\",\"target\":[\"https:\\\/\\\/todotrial.com\\\/tienda\\\/mx\\\/\"]}]},{\"@type\":\"ImageObject\",\"inLanguage\":\"es\",\"@id\":\"https:\\\/\\\/todotrial.com\\\/tienda\\\/mx\\\/#primaryimage\",\"url\":\"https:\\\/\\\/todotrial.com\\\/tienda\\\/wp-content\\\/uploads\\\/2016\\\/07\\\/2041da.jpg\",\"contentUrl\":\"https:\\\/\\\/todotrial.com\\\/tienda\\\/wp-content\\\/uploads\\\/2016\\\/07\\\/2041da.jpg\",\"width\":360,\"height\":578},{\"@type\":\"BreadcrumbList\",\"@id\":\"https:\\\/\\\/todotrial.com\\\/tienda\\\/mx\\\/#breadcrumb\",\"itemListElement\":[{\"@type\":\"ListItem\",\"position\":1,\"name\":\"Portada\",\"item\":\"https:\\\/\\\/todotrial.com\\\/tienda\\\/\"},{\"@type\":\"ListItem\",\"position\":2,\"name\":\"Shop\",\"item\":\"https:\\\/\\\/todotrial.com\\\/tienda\\\/shop\\\/\"},{\"@type\":\"ListItem\",\"position\":3,\"name\":\"Roger De Costers MOTOCROS DVD\"}]},{\"@type\":\"WebSite\",\"@id\":\"https:\\\/\\\/todotrial.com\\\/tienda\\\/#website\",\"url\":\"https:\\\/\\\/todotrial.com\\\/tienda\\\/\",\"name\":\"Tienda de todotrial\",\"description\":\"\",\"potentialAction\":[{\"@type\":\"SearchAction\",\"target\":{\"@type\":\"EntryPoint\",\"urlTemplate\":\"https:\\\/\\\/todotrial.com\\\/tienda\\\/?s={search_term_string}\"},\"query-input\":{\"@type\":\"PropertyValueSpecification\",\"valueRequired\":true,\"valueName\":\"search_term_string\"}}],\"inLanguage\":\"es\"}]}<\/script>\n<!-- \/ Yoast SEO Premium plugin. -->","yoast_head_json":{"title":"Roger De Costers MOTOCROS DVD - Tienda de todotrial","robots":{"index":"index","follow":"follow","max-snippet":"max-snippet:-1","max-image-preview":"max-image-preview:large","max-video-preview":"max-video-preview:-1"},"canonical":"https:\/\/todotrial.com\/tienda\/mx\/","og_locale":"es_ES","og_type":"article","og_title":"Roger De Costers MOTOCROS DVD","og_description":"Roger De Costers MOTOCROS DVD Tecnicas de MX por Roger De Costers","og_url":"https:\/\/todotrial.com\/tienda\/mx\/","og_site_name":"Tienda de todotrial","article_modified_time":"2025-02-20T17:15:01+00:00","og_image":[{"width":360,"height":578,"url":"https:\/\/todotrial.com\/tienda\/wp-content\/uploads\/2016\/07\/2041da.jpg","type":"image\/jpeg"}],"twitter_card":"summary_large_image","twitter_misc":{"Tiempo de lectura":"1 minuto"},"schema":{"@context":"https:\/\/schema.org","@graph":[{"@type":"WebPage","@id":"https:\/\/todotrial.com\/tienda\/mx\/","url":"https:\/\/todotrial.com\/tienda\/mx\/","name":"Roger De Costers MOTOCROS DVD - Tienda de todotrial","isPartOf":{"@id":"https:\/\/todotrial.com\/tienda\/#website"},"primaryImageOfPage":{"@id":"https:\/\/todotrial.com\/tienda\/mx\/#primaryimage"},"image":{"@id":"https:\/\/todotrial.com\/tienda\/mx\/#primaryimage"},"thumbnailUrl":"https:\/\/todotrial.com\/tienda\/wp-content\/uploads\/2016\/07\/2041da.jpg","datePublished":"2016-07-29T08:56:45+00:00","dateModified":"2025-02-20T17:15:01+00:00","breadcrumb":{"@id":"https:\/\/todotrial.com\/tienda\/mx\/#breadcrumb"},"inLanguage":"es","potentialAction":[{"@type":"ReadAction","target":["https:\/\/todotrial.com\/tienda\/mx\/"]}]},{"@type":"ImageObject","inLanguage":"es","@id":"https:\/\/todotrial.com\/tienda\/mx\/#primaryimage","url":"https:\/\/todotrial.com\/tienda\/wp-content\/uploads\/2016\/07\/2041da.jpg","contentUrl":"https:\/\/todotrial.com\/tienda\/wp-content\/uploads\/2016\/07\/2041da.jpg","width":360,"height":578},{"@type":"BreadcrumbList","@id":"https:\/\/todotrial.com\/tienda\/mx\/#breadcrumb","itemListElement":[{"@type":"ListItem","position":1,"name":"Portada","item":"https:\/\/todotrial.com\/tienda\/"},{"@type":"ListItem","position":2,"name":"Shop","item":"https:\/\/todotrial.com\/tienda\/shop\/"},{"@type":"ListItem","position":3,"name":"Roger De Costers MOTOCROS DVD"}]},{"@type":"WebSite","@id":"https:\/\/todotrial.com\/tienda\/#website","url":"https:\/\/todotrial.com\/tienda\/","name":"Tienda de todotrial","description":"","potentialAction":[{"@type":"SearchAction","target":{"@type":"EntryPoint","urlTemplate":"https:\/\/todotrial.com\/tienda\/?s={search_term_string}"},"query-input":{"@type":"PropertyValueSpecification","valueRequired":true,"valueName":"search_term_string"}}],"inLanguage":"es"}]}},"_links":{"self":[{"href":"https:\/\/todotrial.com\/tienda\/wp-json\/wp\/v2\/product\/7509","targetHints":{"allow":["GET"]}}],"collection":[{"href":"https:\/\/todotrial.com\/tienda\/wp-json\/wp\/v2\/product"}],"about":[{"href":"https:\/\/todotrial.com\/tienda\/wp-json\/wp\/v2\/types\/product"}],"replies":[{"embeddable":true,"href":"https:\/\/todotrial.com\/tienda\/wp-json\/wp\/v2\/comments?post=7509"}],"version-history":[{"count":0,"href":"https:\/\/todotrial.com\/tienda\/wp-json\/wp\/v2\/product\/7509\/revisions"}],"wp:featuredmedia":[{"embeddable":true,"href":"https:\/\/todotrial.com\/tienda\/wp-json\/wp\/v2\/media\/7508"}],"wp:attachment":[{"href":"https:\/\/todotrial.com\/tienda\/wp-json\/wp\/v2\/media?parent=7509"}],"wp:term":[{"taxonomy":"product_brand","embeddable":true,"href":"https:\/\/todotrial.com\/tienda\/wp-json\/wp\/v2\/product_brand?post=7509"},{"taxonomy":"product_cat","embeddable":true,"href":"https:\/\/todotrial.com\/tienda\/wp-json\/wp\/v2\/product_cat?post=7509"},{"taxonomy":"product_tag","embeddable":true,"href":"https:\/\/todotrial.com\/tienda\/wp-json\/wp\/v2\/product_tag?post=7509"}],"curies":[{"name":"wp","href":"https:\/\/api.w.org\/{rel}","templated":true}]}}