{"id":7507,"date":"2016-07-28T15:55:30","date_gmt":"2016-07-28T15:55:30","guid":{"rendered":"https:\/\/todotrial.com\/tienda\/product\/dvds-mx2016-07-28-15-55-30\/"},"modified":"2025-02-20T18:15:02","modified_gmt":"2025-02-20T17:15:02","slug":"dvds-mx2016-07-28-15-55-30","status":"publish","type":"product","link":"https:\/\/todotrial.com\/tienda\/dvds-mx2016-07-28-15-55-30\/","title":{"rendered":"Stefan Everts MX Training and Racing Techniques Vol 2 DVD"},"content":{"rendered":"<p>Stefan Everts MX Training and Racing Techniques Vol 2 DVD<br \/>55 minutos<\/p>\n<p>Este DVD se centra en no muestre sugerencias de la Leyenda Stefan Everts en condiciones de circuito nieve dura.<\/p>\n<p>Instrucci\u00f3n sobre los principales obst\u00e1culos del motocr\u00f3s se demostr\u00f3 en la pista de Stefan Everts, con voz a trav\u00e9s de su compatriota ex estrella del Gran Premio Paul Malin.<\/p>\n<p>Cada secci\u00f3n se complementa por el material de archivo real 2009 Gran Premio que muestra las t\u00e9cnicas de acci\u00f3n real.<\/p>\n<p>Tras el entrenamiento del jinete, los espectadores se les da la experiencia de viajar con Stefan a un m\u00e9dico de cabecera, la obtenci\u00f3n de informaci\u00f3n m\u00e1s vital en la bici de configurar y preparaci\u00f3n, as\u00ed como un vistazo entre bastidores en torno a la configuraci\u00f3n de f\u00e1brica de KTM, presentado por el simp\u00e1tico Rui Goncalves.<\/p>\n<p>Adem\u00e1s de esto, tambi\u00e9n se presentar\u00e1 un programa detallado de formaci\u00f3n que se pueden consultar y descargar tanto para la impresi\u00f3n off. Una visita obligada para todos los corredores de motocross &#8230;<\/p>\n<p>&nbsp;<\/p>\n<p>&nbsp;<\/p>\n<p>This DVD focuses on giving you tips from the Legend Stefan Everts on hardpack circuit conditions.<\/p>\n<p>Instruction on key motocross obstacles are demonstrated on track by Stefan Everts with voice over by fellow ex-Grand Prix star Paul Malin.<\/p>\n<p>Each section is complimented further by actual 2009 Grand Prix footage showing the techniques in real action.<\/p>\n<p>Following the rider training, viewers are given the experience of travelling with Stefan to a GP, gaining more vital info on bike set up and preparation as well as a behind the scenes look around the Factory KTM setup, presented by the likeable Rui Goncalves.<\/p>\n<p>In addition to this, you are also presented a detailed training program that can be both viewed and downloaded for printing off. A must see for all motocross racers&#8230;<\/p>\n","protected":false},"excerpt":{"rendered":"<p>Stefan Everts MX Training and Racing Techniques Vol 2 DVD<br \/>\n55 minutos<br \/>\nSolo quedan 2 DVDs<\/p>\n","protected":false},"featured_media":7506,"comment_status":"open","ping_status":"closed","template":"","meta":[],"product_brand":[],"product_cat":[15],"product_tag":[],"class_list":{"0":"post-7507","1":"product","2":"type-product","3":"status-publish","4":"has-post-thumbnail","6":"product_cat-uncategorized","8":"first","9":"instock","10":"taxable","11":"shipping-taxable","12":"purchasable","13":"product-type-simple"},"yoast_head":"<!-- This site is optimized with the Yoast SEO Premium plugin v21.2 (Yoast SEO v27.3) - https:\/\/yoast.com\/product\/yoast-seo-premium-wordpress\/ -->\n<title>Stefan Everts MX Training and Racing Techniques Vol 2 DVD - Tienda de todotrial<\/title>\n<meta name=\"robots\" content=\"index, follow, max-snippet:-1, max-image-preview:large, max-video-preview:-1\" \/>\n<link rel=\"canonical\" href=\"https:\/\/todotrial.com\/tienda\/dvds-mx2016-07-28-15-55-30\/\" \/>\n<meta property=\"og:locale\" content=\"es_ES\" \/>\n<meta property=\"og:type\" content=\"article\" \/>\n<meta property=\"og:title\" content=\"Stefan Everts MX Training and Racing Techniques Vol 2 DVD\" \/>\n<meta property=\"og:description\" content=\"Stefan Everts MX Training and Racing Techniques Vol 2 DVD 55 minutos Solo quedan 2 DVDs\" \/>\n<meta property=\"og:url\" content=\"https:\/\/todotrial.com\/tienda\/dvds-mx2016-07-28-15-55-30\/\" \/>\n<meta property=\"og:site_name\" content=\"Tienda de todotrial\" \/>\n<meta property=\"article:modified_time\" content=\"2025-02-20T17:15:02+00:00\" \/>\n<meta property=\"og:image\" content=\"https:\/\/todotrial.com\/tienda\/wp-content\/uploads\/2016\/07\/stefan_everts_mx_training__racing_techniques1.jpg\" \/>\n\t<meta property=\"og:image:width\" content=\"360\" \/>\n\t<meta property=\"og:image:height\" content=\"519\" \/>\n\t<meta property=\"og:image:type\" content=\"image\/jpeg\" \/>\n<meta name=\"twitter:card\" content=\"summary_large_image\" \/>\n<meta name=\"twitter:label1\" content=\"Tiempo de lectura\" \/>\n\t<meta name=\"twitter:data1\" content=\"2 minutos\" \/>\n<script type=\"application\/ld+json\" class=\"yoast-schema-graph\">{\"@context\":\"https:\\\/\\\/schema.org\",\"@graph\":[{\"@type\":\"WebPage\",\"@id\":\"https:\\\/\\\/todotrial.com\\\/tienda\\\/dvds-mx2016-07-28-15-55-30\\\/\",\"url\":\"https:\\\/\\\/todotrial.com\\\/tienda\\\/dvds-mx2016-07-28-15-55-30\\\/\",\"name\":\"Stefan Everts MX Training and Racing Techniques Vol 2 DVD - Tienda de todotrial\",\"isPartOf\":{\"@id\":\"https:\\\/\\\/todotrial.com\\\/tienda\\\/#website\"},\"primaryImageOfPage\":{\"@id\":\"https:\\\/\\\/todotrial.com\\\/tienda\\\/dvds-mx2016-07-28-15-55-30\\\/#primaryimage\"},\"image\":{\"@id\":\"https:\\\/\\\/todotrial.com\\\/tienda\\\/dvds-mx2016-07-28-15-55-30\\\/#primaryimage\"},\"thumbnailUrl\":\"https:\\\/\\\/todotrial.com\\\/tienda\\\/wp-content\\\/uploads\\\/2016\\\/07\\\/stefan_everts_mx_training__racing_techniques1.jpg\",\"datePublished\":\"2016-07-28T15:55:30+00:00\",\"dateModified\":\"2025-02-20T17:15:02+00:00\",\"breadcrumb\":{\"@id\":\"https:\\\/\\\/todotrial.com\\\/tienda\\\/dvds-mx2016-07-28-15-55-30\\\/#breadcrumb\"},\"inLanguage\":\"es\",\"potentialAction\":[{\"@type\":\"ReadAction\",\"target\":[\"https:\\\/\\\/todotrial.com\\\/tienda\\\/dvds-mx2016-07-28-15-55-30\\\/\"]}]},{\"@type\":\"ImageObject\",\"inLanguage\":\"es\",\"@id\":\"https:\\\/\\\/todotrial.com\\\/tienda\\\/dvds-mx2016-07-28-15-55-30\\\/#primaryimage\",\"url\":\"https:\\\/\\\/todotrial.com\\\/tienda\\\/wp-content\\\/uploads\\\/2016\\\/07\\\/stefan_everts_mx_training__racing_techniques1.jpg\",\"contentUrl\":\"https:\\\/\\\/todotrial.com\\\/tienda\\\/wp-content\\\/uploads\\\/2016\\\/07\\\/stefan_everts_mx_training__racing_techniques1.jpg\",\"width\":360,\"height\":519},{\"@type\":\"BreadcrumbList\",\"@id\":\"https:\\\/\\\/todotrial.com\\\/tienda\\\/dvds-mx2016-07-28-15-55-30\\\/#breadcrumb\",\"itemListElement\":[{\"@type\":\"ListItem\",\"position\":1,\"name\":\"Portada\",\"item\":\"https:\\\/\\\/todotrial.com\\\/tienda\\\/\"},{\"@type\":\"ListItem\",\"position\":2,\"name\":\"Shop\",\"item\":\"https:\\\/\\\/todotrial.com\\\/tienda\\\/shop\\\/\"},{\"@type\":\"ListItem\",\"position\":3,\"name\":\"Stefan Everts MX Training and Racing Techniques Vol 2 DVD\"}]},{\"@type\":\"WebSite\",\"@id\":\"https:\\\/\\\/todotrial.com\\\/tienda\\\/#website\",\"url\":\"https:\\\/\\\/todotrial.com\\\/tienda\\\/\",\"name\":\"Tienda de todotrial\",\"description\":\"\",\"potentialAction\":[{\"@type\":\"SearchAction\",\"target\":{\"@type\":\"EntryPoint\",\"urlTemplate\":\"https:\\\/\\\/todotrial.com\\\/tienda\\\/?s={search_term_string}\"},\"query-input\":{\"@type\":\"PropertyValueSpecification\",\"valueRequired\":true,\"valueName\":\"search_term_string\"}}],\"inLanguage\":\"es\"}]}<\/script>\n<!-- \/ Yoast SEO Premium plugin. -->","yoast_head_json":{"title":"Stefan Everts MX Training and Racing Techniques Vol 2 DVD - Tienda de todotrial","robots":{"index":"index","follow":"follow","max-snippet":"max-snippet:-1","max-image-preview":"max-image-preview:large","max-video-preview":"max-video-preview:-1"},"canonical":"https:\/\/todotrial.com\/tienda\/dvds-mx2016-07-28-15-55-30\/","og_locale":"es_ES","og_type":"article","og_title":"Stefan Everts MX Training and Racing Techniques Vol 2 DVD","og_description":"Stefan Everts MX Training and Racing Techniques Vol 2 DVD 55 minutos Solo quedan 2 DVDs","og_url":"https:\/\/todotrial.com\/tienda\/dvds-mx2016-07-28-15-55-30\/","og_site_name":"Tienda de todotrial","article_modified_time":"2025-02-20T17:15:02+00:00","og_image":[{"width":360,"height":519,"url":"https:\/\/todotrial.com\/tienda\/wp-content\/uploads\/2016\/07\/stefan_everts_mx_training__racing_techniques1.jpg","type":"image\/jpeg"}],"twitter_card":"summary_large_image","twitter_misc":{"Tiempo de lectura":"2 minutos"},"schema":{"@context":"https:\/\/schema.org","@graph":[{"@type":"WebPage","@id":"https:\/\/todotrial.com\/tienda\/dvds-mx2016-07-28-15-55-30\/","url":"https:\/\/todotrial.com\/tienda\/dvds-mx2016-07-28-15-55-30\/","name":"Stefan Everts MX Training and Racing Techniques Vol 2 DVD - Tienda de todotrial","isPartOf":{"@id":"https:\/\/todotrial.com\/tienda\/#website"},"primaryImageOfPage":{"@id":"https:\/\/todotrial.com\/tienda\/dvds-mx2016-07-28-15-55-30\/#primaryimage"},"image":{"@id":"https:\/\/todotrial.com\/tienda\/dvds-mx2016-07-28-15-55-30\/#primaryimage"},"thumbnailUrl":"https:\/\/todotrial.com\/tienda\/wp-content\/uploads\/2016\/07\/stefan_everts_mx_training__racing_techniques1.jpg","datePublished":"2016-07-28T15:55:30+00:00","dateModified":"2025-02-20T17:15:02+00:00","breadcrumb":{"@id":"https:\/\/todotrial.com\/tienda\/dvds-mx2016-07-28-15-55-30\/#breadcrumb"},"inLanguage":"es","potentialAction":[{"@type":"ReadAction","target":["https:\/\/todotrial.com\/tienda\/dvds-mx2016-07-28-15-55-30\/"]}]},{"@type":"ImageObject","inLanguage":"es","@id":"https:\/\/todotrial.com\/tienda\/dvds-mx2016-07-28-15-55-30\/#primaryimage","url":"https:\/\/todotrial.com\/tienda\/wp-content\/uploads\/2016\/07\/stefan_everts_mx_training__racing_techniques1.jpg","contentUrl":"https:\/\/todotrial.com\/tienda\/wp-content\/uploads\/2016\/07\/stefan_everts_mx_training__racing_techniques1.jpg","width":360,"height":519},{"@type":"BreadcrumbList","@id":"https:\/\/todotrial.com\/tienda\/dvds-mx2016-07-28-15-55-30\/#breadcrumb","itemListElement":[{"@type":"ListItem","position":1,"name":"Portada","item":"https:\/\/todotrial.com\/tienda\/"},{"@type":"ListItem","position":2,"name":"Shop","item":"https:\/\/todotrial.com\/tienda\/shop\/"},{"@type":"ListItem","position":3,"name":"Stefan Everts MX Training and Racing Techniques Vol 2 DVD"}]},{"@type":"WebSite","@id":"https:\/\/todotrial.com\/tienda\/#website","url":"https:\/\/todotrial.com\/tienda\/","name":"Tienda de todotrial","description":"","potentialAction":[{"@type":"SearchAction","target":{"@type":"EntryPoint","urlTemplate":"https:\/\/todotrial.com\/tienda\/?s={search_term_string}"},"query-input":{"@type":"PropertyValueSpecification","valueRequired":true,"valueName":"search_term_string"}}],"inLanguage":"es"}]}},"_links":{"self":[{"href":"https:\/\/todotrial.com\/tienda\/wp-json\/wp\/v2\/product\/7507","targetHints":{"allow":["GET"]}}],"collection":[{"href":"https:\/\/todotrial.com\/tienda\/wp-json\/wp\/v2\/product"}],"about":[{"href":"https:\/\/todotrial.com\/tienda\/wp-json\/wp\/v2\/types\/product"}],"replies":[{"embeddable":true,"href":"https:\/\/todotrial.com\/tienda\/wp-json\/wp\/v2\/comments?post=7507"}],"version-history":[{"count":0,"href":"https:\/\/todotrial.com\/tienda\/wp-json\/wp\/v2\/product\/7507\/revisions"}],"wp:featuredmedia":[{"embeddable":true,"href":"https:\/\/todotrial.com\/tienda\/wp-json\/wp\/v2\/media\/7506"}],"wp:attachment":[{"href":"https:\/\/todotrial.com\/tienda\/wp-json\/wp\/v2\/media?parent=7507"}],"wp:term":[{"taxonomy":"product_brand","embeddable":true,"href":"https:\/\/todotrial.com\/tienda\/wp-json\/wp\/v2\/product_brand?post=7507"},{"taxonomy":"product_cat","embeddable":true,"href":"https:\/\/todotrial.com\/tienda\/wp-json\/wp\/v2\/product_cat?post=7507"},{"taxonomy":"product_tag","embeddable":true,"href":"https:\/\/todotrial.com\/tienda\/wp-json\/wp\/v2\/product_tag?post=7507"}],"curies":[{"name":"wp","href":"https:\/\/api.w.org\/{rel}","templated":true}]}}