{"id":684,"date":"2020-07-02T15:04:58","date_gmt":"2020-07-02T14:04:58","guid":{"rendered":"https:\/\/todotrial.com\/tienda\/product\/spanish-machines\/"},"modified":"2025-02-20T17:34:43","modified_gmt":"2025-02-20T16:34:43","slug":"spanish-machines","status":"publish","type":"product","link":"https:\/\/todotrial.com\/tienda\/spanish-machines\/","title":{"rendered":"Spanish Trials Machines, a pictorial history, 1965-2010"},"content":{"rendered":"<p>Esta nueva publicaci\u00f3n de John Hulme cuyo t\u00edtulo se traduce como \u00abMotos de Trial Espa\u00f1olas, historia fotogr\u00e1fica, 1965-2010\u00bb cubre todo el periodo desde la llegada de la \u00abarmada espa\u00f1ola\u00bb en territorio de las marcas brit\u00e1nicas a principios de los a\u00f1os sesenta y nos conduce hasta la actualidad, en la que a\u00fan las marcas espa\u00f1olas est\u00e1n dominando el Trial.<\/p>\n<p>El libro, plagado de fotos, nos descubre los or\u00edgenes de Alfer, Bultaco, Clipic, Gas Gas, JJ Cobas, Mecatecno, Merlin, Montesa, Ossa, Sherco, Xispa y XPA.<\/p>\n<p>Muestra todo el desarrollo de las motos y las marcas e incluye muchas fotos nunca vistas de pilotos que colaboraron en ello, como Sammy Miller, Mick Andrews, Don Smith, Malcolm Rathmell, los Lampkin: Alan, Martin, John y el siete veces campe\u00f3n Dougie, Jordi Tarr\u00e9s, Steve Colley, Toni Bou, Graham Jarvis, y muchos otros.<\/p>\n<p>Este soberbio libro es una autentica mina de informaci\u00f3n y contiene m\u00e1s de doscientas fotos que disfrutar\u00e1n apasionados de todas las edades, con 126 p\u00e1ginas de datos y fotos. Imprescindible para cualquier aficionado al trial.<\/p>\n<p>Idioma :Ingl\u00e9s<\/p>\n","protected":false},"excerpt":{"rendered":"<p>Spanish Trials Machines<\/p>\n","protected":false},"featured_media":683,"comment_status":"open","ping_status":"closed","template":"","meta":[],"product_brand":[],"product_cat":[15],"product_tag":[],"class_list":{"0":"post-684","1":"product","2":"type-product","3":"status-publish","4":"has-post-thumbnail","6":"product_cat-uncategorized","8":"first","9":"outofstock","10":"taxable","11":"shipping-taxable","12":"purchasable","13":"product-type-simple"},"yoast_head":"<!-- This site is optimized with the Yoast SEO Premium plugin v21.2 (Yoast SEO v27.3) - https:\/\/yoast.com\/product\/yoast-seo-premium-wordpress\/ -->\n<title>Spanish Trials Machines, a pictorial history, 1965-2010 - Tienda de todotrial<\/title>\n<meta name=\"robots\" content=\"index, follow, max-snippet:-1, max-image-preview:large, max-video-preview:-1\" \/>\n<link rel=\"canonical\" href=\"https:\/\/todotrial.com\/tienda\/spanish-machines\/\" \/>\n<meta property=\"og:locale\" content=\"es_ES\" \/>\n<meta property=\"og:type\" content=\"article\" \/>\n<meta property=\"og:title\" content=\"Spanish Trials Machines, a pictorial history, 1965-2010\" \/>\n<meta property=\"og:description\" content=\"Spanish Trials Machines\" \/>\n<meta property=\"og:url\" content=\"https:\/\/todotrial.com\/tienda\/spanish-machines\/\" \/>\n<meta property=\"og:site_name\" content=\"Tienda de todotrial\" \/>\n<meta property=\"article:modified_time\" content=\"2025-02-20T16:34:43+00:00\" \/>\n<meta property=\"og:image\" content=\"https:\/\/todotrial.com\/tienda\/wp-content\/uploads\/2020\/07\/libro-spanishtrialsmachines.jpg\" \/>\n\t<meta property=\"og:image:width\" content=\"250\" \/>\n\t<meta property=\"og:image:height\" content=\"354\" \/>\n\t<meta property=\"og:image:type\" content=\"image\/jpeg\" \/>\n<meta name=\"twitter:card\" content=\"summary_large_image\" \/>\n<meta name=\"twitter:label1\" content=\"Tiempo de lectura\" \/>\n\t<meta name=\"twitter:data1\" content=\"1 minuto\" \/>\n<script type=\"application\/ld+json\" class=\"yoast-schema-graph\">{\"@context\":\"https:\\\/\\\/schema.org\",\"@graph\":[{\"@type\":\"WebPage\",\"@id\":\"https:\\\/\\\/todotrial.com\\\/tienda\\\/spanish-machines\\\/\",\"url\":\"https:\\\/\\\/todotrial.com\\\/tienda\\\/spanish-machines\\\/\",\"name\":\"Spanish Trials Machines, a pictorial history, 1965-2010 - Tienda de todotrial\",\"isPartOf\":{\"@id\":\"https:\\\/\\\/todotrial.com\\\/tienda\\\/#website\"},\"primaryImageOfPage\":{\"@id\":\"https:\\\/\\\/todotrial.com\\\/tienda\\\/spanish-machines\\\/#primaryimage\"},\"image\":{\"@id\":\"https:\\\/\\\/todotrial.com\\\/tienda\\\/spanish-machines\\\/#primaryimage\"},\"thumbnailUrl\":\"https:\\\/\\\/todotrial.com\\\/tienda\\\/wp-content\\\/uploads\\\/2020\\\/07\\\/libro-spanishtrialsmachines.jpg\",\"datePublished\":\"2020-07-02T14:04:58+00:00\",\"dateModified\":\"2025-02-20T16:34:43+00:00\",\"breadcrumb\":{\"@id\":\"https:\\\/\\\/todotrial.com\\\/tienda\\\/spanish-machines\\\/#breadcrumb\"},\"inLanguage\":\"es\",\"potentialAction\":[{\"@type\":\"ReadAction\",\"target\":[\"https:\\\/\\\/todotrial.com\\\/tienda\\\/spanish-machines\\\/\"]}]},{\"@type\":\"ImageObject\",\"inLanguage\":\"es\",\"@id\":\"https:\\\/\\\/todotrial.com\\\/tienda\\\/spanish-machines\\\/#primaryimage\",\"url\":\"https:\\\/\\\/todotrial.com\\\/tienda\\\/wp-content\\\/uploads\\\/2020\\\/07\\\/libro-spanishtrialsmachines.jpg\",\"contentUrl\":\"https:\\\/\\\/todotrial.com\\\/tienda\\\/wp-content\\\/uploads\\\/2020\\\/07\\\/libro-spanishtrialsmachines.jpg\",\"width\":250,\"height\":354},{\"@type\":\"BreadcrumbList\",\"@id\":\"https:\\\/\\\/todotrial.com\\\/tienda\\\/spanish-machines\\\/#breadcrumb\",\"itemListElement\":[{\"@type\":\"ListItem\",\"position\":1,\"name\":\"Portada\",\"item\":\"https:\\\/\\\/todotrial.com\\\/tienda\\\/\"},{\"@type\":\"ListItem\",\"position\":2,\"name\":\"Shop\",\"item\":\"https:\\\/\\\/todotrial.com\\\/tienda\\\/shop\\\/\"},{\"@type\":\"ListItem\",\"position\":3,\"name\":\"Spanish Trials Machines, a pictorial history, 1965-2010\"}]},{\"@type\":\"WebSite\",\"@id\":\"https:\\\/\\\/todotrial.com\\\/tienda\\\/#website\",\"url\":\"https:\\\/\\\/todotrial.com\\\/tienda\\\/\",\"name\":\"Tienda de todotrial\",\"description\":\"\",\"potentialAction\":[{\"@type\":\"SearchAction\",\"target\":{\"@type\":\"EntryPoint\",\"urlTemplate\":\"https:\\\/\\\/todotrial.com\\\/tienda\\\/?s={search_term_string}\"},\"query-input\":{\"@type\":\"PropertyValueSpecification\",\"valueRequired\":true,\"valueName\":\"search_term_string\"}}],\"inLanguage\":\"es\"}]}<\/script>\n<!-- \/ Yoast SEO Premium plugin. -->","yoast_head_json":{"title":"Spanish Trials Machines, a pictorial history, 1965-2010 - Tienda de todotrial","robots":{"index":"index","follow":"follow","max-snippet":"max-snippet:-1","max-image-preview":"max-image-preview:large","max-video-preview":"max-video-preview:-1"},"canonical":"https:\/\/todotrial.com\/tienda\/spanish-machines\/","og_locale":"es_ES","og_type":"article","og_title":"Spanish Trials Machines, a pictorial history, 1965-2010","og_description":"Spanish Trials Machines","og_url":"https:\/\/todotrial.com\/tienda\/spanish-machines\/","og_site_name":"Tienda de todotrial","article_modified_time":"2025-02-20T16:34:43+00:00","og_image":[{"width":250,"height":354,"url":"https:\/\/todotrial.com\/tienda\/wp-content\/uploads\/2020\/07\/libro-spanishtrialsmachines.jpg","type":"image\/jpeg"}],"twitter_card":"summary_large_image","twitter_misc":{"Tiempo de lectura":"1 minuto"},"schema":{"@context":"https:\/\/schema.org","@graph":[{"@type":"WebPage","@id":"https:\/\/todotrial.com\/tienda\/spanish-machines\/","url":"https:\/\/todotrial.com\/tienda\/spanish-machines\/","name":"Spanish Trials Machines, a pictorial history, 1965-2010 - Tienda de todotrial","isPartOf":{"@id":"https:\/\/todotrial.com\/tienda\/#website"},"primaryImageOfPage":{"@id":"https:\/\/todotrial.com\/tienda\/spanish-machines\/#primaryimage"},"image":{"@id":"https:\/\/todotrial.com\/tienda\/spanish-machines\/#primaryimage"},"thumbnailUrl":"https:\/\/todotrial.com\/tienda\/wp-content\/uploads\/2020\/07\/libro-spanishtrialsmachines.jpg","datePublished":"2020-07-02T14:04:58+00:00","dateModified":"2025-02-20T16:34:43+00:00","breadcrumb":{"@id":"https:\/\/todotrial.com\/tienda\/spanish-machines\/#breadcrumb"},"inLanguage":"es","potentialAction":[{"@type":"ReadAction","target":["https:\/\/todotrial.com\/tienda\/spanish-machines\/"]}]},{"@type":"ImageObject","inLanguage":"es","@id":"https:\/\/todotrial.com\/tienda\/spanish-machines\/#primaryimage","url":"https:\/\/todotrial.com\/tienda\/wp-content\/uploads\/2020\/07\/libro-spanishtrialsmachines.jpg","contentUrl":"https:\/\/todotrial.com\/tienda\/wp-content\/uploads\/2020\/07\/libro-spanishtrialsmachines.jpg","width":250,"height":354},{"@type":"BreadcrumbList","@id":"https:\/\/todotrial.com\/tienda\/spanish-machines\/#breadcrumb","itemListElement":[{"@type":"ListItem","position":1,"name":"Portada","item":"https:\/\/todotrial.com\/tienda\/"},{"@type":"ListItem","position":2,"name":"Shop","item":"https:\/\/todotrial.com\/tienda\/shop\/"},{"@type":"ListItem","position":3,"name":"Spanish Trials Machines, a pictorial history, 1965-2010"}]},{"@type":"WebSite","@id":"https:\/\/todotrial.com\/tienda\/#website","url":"https:\/\/todotrial.com\/tienda\/","name":"Tienda de todotrial","description":"","potentialAction":[{"@type":"SearchAction","target":{"@type":"EntryPoint","urlTemplate":"https:\/\/todotrial.com\/tienda\/?s={search_term_string}"},"query-input":{"@type":"PropertyValueSpecification","valueRequired":true,"valueName":"search_term_string"}}],"inLanguage":"es"}]}},"_links":{"self":[{"href":"https:\/\/todotrial.com\/tienda\/wp-json\/wp\/v2\/product\/684","targetHints":{"allow":["GET"]}}],"collection":[{"href":"https:\/\/todotrial.com\/tienda\/wp-json\/wp\/v2\/product"}],"about":[{"href":"https:\/\/todotrial.com\/tienda\/wp-json\/wp\/v2\/types\/product"}],"replies":[{"embeddable":true,"href":"https:\/\/todotrial.com\/tienda\/wp-json\/wp\/v2\/comments?post=684"}],"version-history":[{"count":0,"href":"https:\/\/todotrial.com\/tienda\/wp-json\/wp\/v2\/product\/684\/revisions"}],"wp:featuredmedia":[{"embeddable":true,"href":"https:\/\/todotrial.com\/tienda\/wp-json\/wp\/v2\/media\/683"}],"wp:attachment":[{"href":"https:\/\/todotrial.com\/tienda\/wp-json\/wp\/v2\/media?parent=684"}],"wp:term":[{"taxonomy":"product_brand","embeddable":true,"href":"https:\/\/todotrial.com\/tienda\/wp-json\/wp\/v2\/product_brand?post=684"},{"taxonomy":"product_cat","embeddable":true,"href":"https:\/\/todotrial.com\/tienda\/wp-json\/wp\/v2\/product_cat?post=684"},{"taxonomy":"product_tag","embeddable":true,"href":"https:\/\/todotrial.com\/tienda\/wp-json\/wp\/v2\/product_tag?post=684"}],"curies":[{"name":"wp","href":"https:\/\/api.w.org\/{rel}","templated":true}]}}