{"id":641,"date":"2013-04-18T12:34:22","date_gmt":"2013-04-18T11:34:22","guid":{"rendered":"https:\/\/todotrial.com\/tienda\/product\/trial-made-in-italy\/"},"modified":"2025-06-27T20:57:36","modified_gmt":"2025-06-27T19:57:36","slug":"trial-made-in-italy","status":"publish","type":"product","link":"https:\/\/todotrial.com\/tienda\/trial-made-in-italy\/","title":{"rendered":"Trial Made in Italy 1975-1985"},"content":{"rendered":"<p>Los libros son el \u00fanico testimonio real del pasado. A pesar de reconocer la indiscutible validez de los sistemas electr\u00f3nicos de escritura y almacenamiento de datos, la impresi\u00f3n sigue siendo todav\u00eda el mejor medio para hacer perdurar con seguridad el conocimiento (s\u00f3lo hay que recordar que tras la eliminaci\u00f3n de los libros de piedra, ahora los humanos se dedican a conservar a prueba de bomba los libros m\u00e1s importantes por duplicado y en lugares distintos).<\/p>\n<p>Valent\u00ed Fontser\u00e8 &#8211; campe\u00f3n del trials\u00edn en los a\u00f1os &#8217;80, apasionado de trial y descendiente de la famosa estirpe de Sant Feliu de Codines, patria de los Tres Dies dels Cingles y cuna del trial espa\u00f1ol &#8211; decidi\u00f3 un d\u00eda, mientras pedaleaba por esos parajes de infinitos recuerdos, que quer\u00eda escribir un libro sobre las motos de trial italianas. Las motos italianas aut\u00e9nticas; aquellas con dos amortiguadores; las construidas durante el m\u00e1gico decenio que sigue a 1975.<\/p>\n<p>Para realizar este volumen, Valent\u00ed se ha apoyado en su amigo italiano Giulio Mauri, trialista a 360\u00ba en sus m\u00faltiples facetas de piloto, periodista, organizador, dirigente, etc. As\u00ed ha nacido una simbiosis total que ha permitido escribir el libro a cuatro manos.<\/p>\n<p>Un libro que contiene una detallada informaci\u00f3n hist\u00f3rica \u00abdi tutte le bellissime moto italiane\u00bb de aquel periodo, pero tambi\u00e9n an\u00e9cdotas in\u00e9ditas y fotos seleccionadas de uno de los archivos mejor custodiados.<\/p>\n<p>En esta publicaci\u00f3n, en la que el lector y apasionado devorar\u00e1 las p\u00e1ginas con curiosidad creciente, se ir\u00e1n entrelazando informaciones, historias desconocidas, confesiones de los grandes campeones de aquel periodo.<\/p>\n<p>En definitiva, el libro contiene todo aquello que cualquiera de vosotros hab\u00eda querido saber y que finalmente es patrimonio de todos&#8230;<\/p>\n<p>El libro \u00abTrial made in Italy 1975 &#8211; 1985\u00bb contiene fotos in\u00e9ditas y repasa todas las trialeras italianas: Aprilia, SWM, Fantic, Beta, Garelli, Ancilloti, Italjet, TransAma, Valenti, Aspes, Cagiva, Kosmos, Gori, Malaguti, Panda, TGM, Vil<\/p>\n","protected":false},"excerpt":{"rendered":"<p>El libro Trial made in Italy, cuenta la historia, an\u00e9cdotas y curiosidades de todas las marcas italianas que dominaron el mercado del trial en los a\u00f1os 80, tanto en lo referente a su producci\u00f3n como equipos de competici\u00f3n.<\/p>\n","protected":false},"featured_media":639,"comment_status":"open","ping_status":"closed","template":"","meta":[],"product_brand":[],"product_cat":[11782],"product_tag":[],"class_list":{"0":"post-641","1":"product","2":"type-product","3":"status-publish","4":"has-post-thumbnail","6":"product_cat-libros-dvds-y-mas","8":"first","9":"instock","10":"taxable","11":"shipping-taxable","12":"purchasable","13":"product-type-simple"},"yoast_head":"<!-- This site is optimized with the Yoast SEO Premium plugin v21.2 (Yoast SEO v27.3) - https:\/\/yoast.com\/product\/yoast-seo-premium-wordpress\/ -->\n<title>Trial Made in Italy 1975-1985 - Tienda de todotrial<\/title>\n<meta name=\"robots\" content=\"index, follow, max-snippet:-1, max-image-preview:large, max-video-preview:-1\" \/>\n<link rel=\"canonical\" href=\"https:\/\/todotrial.com\/tienda\/trial-made-in-italy\/\" \/>\n<meta property=\"og:locale\" content=\"es_ES\" \/>\n<meta property=\"og:type\" content=\"article\" \/>\n<meta property=\"og:title\" content=\"Trial Made in Italy 1975-1985\" \/>\n<meta property=\"og:description\" content=\"El libro Trial made in Italy, cuenta la historia, an\u00e9cdotas y curiosidades de todas las marcas italianas que dominaron el mercado del trial en los a\u00f1os 80, tanto en lo referente a su producci\u00f3n como equipos de competici\u00f3n.\" \/>\n<meta property=\"og:url\" content=\"https:\/\/todotrial.com\/tienda\/trial-made-in-italy\/\" \/>\n<meta property=\"og:site_name\" content=\"Tienda de todotrial\" \/>\n<meta property=\"article:modified_time\" content=\"2025-06-27T19:57:36+00:00\" \/>\n<meta property=\"og:image\" content=\"https:\/\/todotrial.com\/tienda\/wp-content\/uploads\/2013\/04\/libro-trial-made-in-italy.jpg\" \/>\n\t<meta property=\"og:image:width\" content=\"400\" \/>\n\t<meta property=\"og:image:height\" content=\"500\" \/>\n\t<meta property=\"og:image:type\" content=\"image\/jpeg\" \/>\n<meta name=\"twitter:card\" content=\"summary_large_image\" \/>\n<meta name=\"twitter:label1\" content=\"Tiempo de lectura\" \/>\n\t<meta name=\"twitter:data1\" content=\"2 minutos\" \/>\n<script type=\"application\/ld+json\" class=\"yoast-schema-graph\">{\"@context\":\"https:\\\/\\\/schema.org\",\"@graph\":[{\"@type\":\"WebPage\",\"@id\":\"https:\\\/\\\/todotrial.com\\\/tienda\\\/trial-made-in-italy\\\/\",\"url\":\"https:\\\/\\\/todotrial.com\\\/tienda\\\/trial-made-in-italy\\\/\",\"name\":\"Trial Made in Italy 1975-1985 - Tienda de todotrial\",\"isPartOf\":{\"@id\":\"https:\\\/\\\/todotrial.com\\\/tienda\\\/#website\"},\"primaryImageOfPage\":{\"@id\":\"https:\\\/\\\/todotrial.com\\\/tienda\\\/trial-made-in-italy\\\/#primaryimage\"},\"image\":{\"@id\":\"https:\\\/\\\/todotrial.com\\\/tienda\\\/trial-made-in-italy\\\/#primaryimage\"},\"thumbnailUrl\":\"https:\\\/\\\/todotrial.com\\\/tienda\\\/wp-content\\\/uploads\\\/2013\\\/04\\\/libro-trial-made-in-italy.jpg\",\"datePublished\":\"2013-04-18T11:34:22+00:00\",\"dateModified\":\"2025-06-27T19:57:36+00:00\",\"breadcrumb\":{\"@id\":\"https:\\\/\\\/todotrial.com\\\/tienda\\\/trial-made-in-italy\\\/#breadcrumb\"},\"inLanguage\":\"es\",\"potentialAction\":[{\"@type\":\"ReadAction\",\"target\":[\"https:\\\/\\\/todotrial.com\\\/tienda\\\/trial-made-in-italy\\\/\"]}]},{\"@type\":\"ImageObject\",\"inLanguage\":\"es\",\"@id\":\"https:\\\/\\\/todotrial.com\\\/tienda\\\/trial-made-in-italy\\\/#primaryimage\",\"url\":\"https:\\\/\\\/todotrial.com\\\/tienda\\\/wp-content\\\/uploads\\\/2013\\\/04\\\/libro-trial-made-in-italy.jpg\",\"contentUrl\":\"https:\\\/\\\/todotrial.com\\\/tienda\\\/wp-content\\\/uploads\\\/2013\\\/04\\\/libro-trial-made-in-italy.jpg\",\"width\":400,\"height\":500},{\"@type\":\"BreadcrumbList\",\"@id\":\"https:\\\/\\\/todotrial.com\\\/tienda\\\/trial-made-in-italy\\\/#breadcrumb\",\"itemListElement\":[{\"@type\":\"ListItem\",\"position\":1,\"name\":\"Portada\",\"item\":\"https:\\\/\\\/todotrial.com\\\/tienda\\\/\"},{\"@type\":\"ListItem\",\"position\":2,\"name\":\"Shop\",\"item\":\"https:\\\/\\\/todotrial.com\\\/tienda\\\/shop\\\/\"},{\"@type\":\"ListItem\",\"position\":3,\"name\":\"Trial Made in Italy 1975-1985\"}]},{\"@type\":\"WebSite\",\"@id\":\"https:\\\/\\\/todotrial.com\\\/tienda\\\/#website\",\"url\":\"https:\\\/\\\/todotrial.com\\\/tienda\\\/\",\"name\":\"Tienda de todotrial\",\"description\":\"\",\"potentialAction\":[{\"@type\":\"SearchAction\",\"target\":{\"@type\":\"EntryPoint\",\"urlTemplate\":\"https:\\\/\\\/todotrial.com\\\/tienda\\\/?s={search_term_string}\"},\"query-input\":{\"@type\":\"PropertyValueSpecification\",\"valueRequired\":true,\"valueName\":\"search_term_string\"}}],\"inLanguage\":\"es\"}]}<\/script>\n<!-- \/ Yoast SEO Premium plugin. -->","yoast_head_json":{"title":"Trial Made in Italy 1975-1985 - Tienda de todotrial","robots":{"index":"index","follow":"follow","max-snippet":"max-snippet:-1","max-image-preview":"max-image-preview:large","max-video-preview":"max-video-preview:-1"},"canonical":"https:\/\/todotrial.com\/tienda\/trial-made-in-italy\/","og_locale":"es_ES","og_type":"article","og_title":"Trial Made in Italy 1975-1985","og_description":"El libro Trial made in Italy, cuenta la historia, an\u00e9cdotas y curiosidades de todas las marcas italianas que dominaron el mercado del trial en los a\u00f1os 80, tanto en lo referente a su producci\u00f3n como equipos de competici\u00f3n.","og_url":"https:\/\/todotrial.com\/tienda\/trial-made-in-italy\/","og_site_name":"Tienda de todotrial","article_modified_time":"2025-06-27T19:57:36+00:00","og_image":[{"width":400,"height":500,"url":"https:\/\/todotrial.com\/tienda\/wp-content\/uploads\/2013\/04\/libro-trial-made-in-italy.jpg","type":"image\/jpeg"}],"twitter_card":"summary_large_image","twitter_misc":{"Tiempo de lectura":"2 minutos"},"schema":{"@context":"https:\/\/schema.org","@graph":[{"@type":"WebPage","@id":"https:\/\/todotrial.com\/tienda\/trial-made-in-italy\/","url":"https:\/\/todotrial.com\/tienda\/trial-made-in-italy\/","name":"Trial Made in Italy 1975-1985 - Tienda de todotrial","isPartOf":{"@id":"https:\/\/todotrial.com\/tienda\/#website"},"primaryImageOfPage":{"@id":"https:\/\/todotrial.com\/tienda\/trial-made-in-italy\/#primaryimage"},"image":{"@id":"https:\/\/todotrial.com\/tienda\/trial-made-in-italy\/#primaryimage"},"thumbnailUrl":"https:\/\/todotrial.com\/tienda\/wp-content\/uploads\/2013\/04\/libro-trial-made-in-italy.jpg","datePublished":"2013-04-18T11:34:22+00:00","dateModified":"2025-06-27T19:57:36+00:00","breadcrumb":{"@id":"https:\/\/todotrial.com\/tienda\/trial-made-in-italy\/#breadcrumb"},"inLanguage":"es","potentialAction":[{"@type":"ReadAction","target":["https:\/\/todotrial.com\/tienda\/trial-made-in-italy\/"]}]},{"@type":"ImageObject","inLanguage":"es","@id":"https:\/\/todotrial.com\/tienda\/trial-made-in-italy\/#primaryimage","url":"https:\/\/todotrial.com\/tienda\/wp-content\/uploads\/2013\/04\/libro-trial-made-in-italy.jpg","contentUrl":"https:\/\/todotrial.com\/tienda\/wp-content\/uploads\/2013\/04\/libro-trial-made-in-italy.jpg","width":400,"height":500},{"@type":"BreadcrumbList","@id":"https:\/\/todotrial.com\/tienda\/trial-made-in-italy\/#breadcrumb","itemListElement":[{"@type":"ListItem","position":1,"name":"Portada","item":"https:\/\/todotrial.com\/tienda\/"},{"@type":"ListItem","position":2,"name":"Shop","item":"https:\/\/todotrial.com\/tienda\/shop\/"},{"@type":"ListItem","position":3,"name":"Trial Made in Italy 1975-1985"}]},{"@type":"WebSite","@id":"https:\/\/todotrial.com\/tienda\/#website","url":"https:\/\/todotrial.com\/tienda\/","name":"Tienda de todotrial","description":"","potentialAction":[{"@type":"SearchAction","target":{"@type":"EntryPoint","urlTemplate":"https:\/\/todotrial.com\/tienda\/?s={search_term_string}"},"query-input":{"@type":"PropertyValueSpecification","valueRequired":true,"valueName":"search_term_string"}}],"inLanguage":"es"}]}},"_links":{"self":[{"href":"https:\/\/todotrial.com\/tienda\/wp-json\/wp\/v2\/product\/641","targetHints":{"allow":["GET"]}}],"collection":[{"href":"https:\/\/todotrial.com\/tienda\/wp-json\/wp\/v2\/product"}],"about":[{"href":"https:\/\/todotrial.com\/tienda\/wp-json\/wp\/v2\/types\/product"}],"replies":[{"embeddable":true,"href":"https:\/\/todotrial.com\/tienda\/wp-json\/wp\/v2\/comments?post=641"}],"version-history":[{"count":2,"href":"https:\/\/todotrial.com\/tienda\/wp-json\/wp\/v2\/product\/641\/revisions"}],"predecessor-version":[{"id":55953,"href":"https:\/\/todotrial.com\/tienda\/wp-json\/wp\/v2\/product\/641\/revisions\/55953"}],"wp:featuredmedia":[{"embeddable":true,"href":"https:\/\/todotrial.com\/tienda\/wp-json\/wp\/v2\/media\/639"}],"wp:attachment":[{"href":"https:\/\/todotrial.com\/tienda\/wp-json\/wp\/v2\/media?parent=641"}],"wp:term":[{"taxonomy":"product_brand","embeddable":true,"href":"https:\/\/todotrial.com\/tienda\/wp-json\/wp\/v2\/product_brand?post=641"},{"taxonomy":"product_cat","embeddable":true,"href":"https:\/\/todotrial.com\/tienda\/wp-json\/wp\/v2\/product_cat?post=641"},{"taxonomy":"product_tag","embeddable":true,"href":"https:\/\/todotrial.com\/tienda\/wp-json\/wp\/v2\/product_tag?post=641"}],"curies":[{"name":"wp","href":"https:\/\/api.w.org\/{rel}","templated":true}]}}