{"id":634,"date":"2013-04-18T10:40:38","date_gmt":"2013-04-18T09:40:38","guid":{"rendered":"https:\/\/todotrial.com\/tienda\/?post_type=product&#038;p=634"},"modified":"2025-04-01T22:07:36","modified_gmt":"2025-04-01T21:07:36","slug":"vee-rubber-delantero-pequeno","status":"publish","type":"product","link":"https:\/\/todotrial.com\/tienda\/vee-rubber-delantero-pequeno\/","title":{"rendered":"Neumatico Trial Vee Rubber 2.50-19"},"content":{"rendered":"<p>Neumatico Trial Vee Rubber delantero peque\u00f1o 2.50&#215;19<\/p>\n<p>La novedad en el mercado, gran relaci\u00f3n calidad, agarre, duraci\u00f3n y precio. Sorprenden a todos los que los prueban. Les dedicamos una mayor atenci\u00f3n para contaros las novedades que suponen tambi\u00e9n para motos infantiles y las cl\u00e1sicas Montesa Cota 74 y Bultaco Sherpa 74.<\/p>\n<p><img fetchpriority=\"high\" decoding=\"async\" class=\" size-full wp-image-49\" src=\"https:\/\/todotrial.com\/tienda\/wp-content\/uploads\/2020\/07\/vee_rubber_trial.jpg\" alt=\"vee rubber trial\" title=\"Neum\u00e1ticos Vee Rubber\" class=\"img-right\" height=\"267\" width=\"400\" srcset=\"https:\/\/todotrial.com\/tienda\/wp-content\/uploads\/2020\/07\/vee_rubber_trial.jpg 400w, https:\/\/todotrial.com\/tienda\/wp-content\/uploads\/2020\/07\/vee_rubber_trial-599x400.jpg 599w, https:\/\/todotrial.com\/tienda\/wp-content\/uploads\/2020\/07\/vee_rubber_trial-300x200.jpg 300w, https:\/\/todotrial.com\/tienda\/wp-content\/uploads\/2020\/07\/vee_rubber_trial-370x247.jpg 370w\" sizes=\"(max-width: 400px) 100vw, 400px\" \/>Disponibles en medidas habituales (18 y 21&#8243;) y en medidas peque\u00f1as (17&#8243; y 19&#8243;) los neum\u00e1ticos de trial Vee Rubber son una buena opci\u00f3n para nuestras trialeras, y una posible salvaci\u00f3n para los modelos peque\u00f1os cl\u00e1sicos como las Montesa Cota 74, Cota 123, Enduro 74, Bultaco Sherpa 74, etc.<\/p>\n<p>Si tienes una Montesa Cota 74 \/ 123, una Enduro 75 \/ 125, una Bultaco Sherpa 74 \/125&#8230; u otra moto de trial con ruedas peque\u00f1as de origen (neum\u00e1tico trasero de 17&#8243; de di\u00e1metro y delantero de 20&#8243;) resultaba pr\u00e1cticamente imposible encontrar en el mercado neum\u00e1ticos de recambio desde que Pirelli dej\u00f3 de fabricar sus MT.<\/p>\n<p>Ahora ten\u00e9is una buena soluci\u00f3n gracias a los neum\u00e1ticos Vee Rubber de trial, que adem\u00e1s tienen un taco blando y con excelente agarre. Nunca antes una peque\u00f1a Cota o Sherpa 74 hab\u00edan gozado de tanta adherencia.<\/p>\n<p>M\u00e1s informaci\u00f3n pinchando en los modelos Vee Rubber.&nbsp;<\/p>\n<p><img decoding=\"async\" class=\" size-full wp-image-628\" src=\"https:\/\/todotrial.com\/tienda\/wp-content\/uploads\/2013\/04\/vee_rubber_trial_2.jpg\" alt=\"vee rubber trial 2\" title=\"Neum\u00e1ticos Vee Rubber\" class=\"img-left\" height=\"267\" width=\"400\" srcset=\"https:\/\/todotrial.com\/tienda\/wp-content\/uploads\/2013\/04\/vee_rubber_trial_2.jpg 400w, https:\/\/todotrial.com\/tienda\/wp-content\/uploads\/2013\/04\/vee_rubber_trial_2-599x400.jpg 599w, https:\/\/todotrial.com\/tienda\/wp-content\/uploads\/2013\/04\/vee_rubber_trial_2-300x200.jpg 300w, https:\/\/todotrial.com\/tienda\/wp-content\/uploads\/2013\/04\/vee_rubber_trial_2-370x247.jpg 370w\" sizes=\"(max-width: 400px) 100vw, 400px\" \/>Los modelos disponibles y precios son los siguientes:<\/p>\n<p>&#8211; 2.50-19 (delantero peque\u00f1o): 67 Euros IVA incluido.<br \/>&#8211; 3.50R17 (trasero peque\u00f1o): 87 Euros IVA incluido.<br \/>&#8211; 2.75-21 (delantero normal):<br \/>&#8211; 4.00R18 (trasero normal):<br \/>&#8211; C\u00e1mara para neum\u00e1tico 2.50-19: 9 Euros IVA incluido.<br \/>&#8211; C\u00e1mara para neum\u00e1tico 3.50R17: 11 Euros IVA incluido.<\/p>\n<p>&#8211; Coste de env\u00edo: 5 Euros por neum\u00e1tico Peninsula<\/p>\n<p>Como veis el trasero peque\u00f1o es de 3,50 x 17 en lugar de la medida 3,75 x 17 original, pero en la realidad es incluso un poco m\u00e1s ancho que el de origen. El problema es que no pasa la ITV, con lo cual deber\u00edais conservar un neum\u00e1tico original aunque est\u00e9 algo gastado.<\/p>\n<p>El delantero peque\u00f1o es de 2,50 x 19 en lugar de 2,50 x 20 (original). Queda perfecto pero, adem\u00e1s del problema de la ITV, requiere cambio de llanta y de radios. Se ofrece la posibilidad de enviarnos el tambor delantero de tu moto y nosotros devolverle la rueda completa montada.<\/p>\n<p>&nbsp;<img decoding=\"async\" class=\" size-full wp-image-629\" src=\"https:\/\/todotrial.com\/tienda\/wp-content\/uploads\/2013\/04\/Vee_Rubber_Trial_montesa-enduro-75-2.jpg\" alt=\"Vee Rubber Trial montesa-enduro-75-2\" title=\"Montesa Enduro 75 en su cat\u00e1logo original\" class=\"horiz-left\" height=\"267\" width=\"400\" srcset=\"https:\/\/todotrial.com\/tienda\/wp-content\/uploads\/2013\/04\/Vee_Rubber_Trial_montesa-enduro-75-2.jpg 400w, https:\/\/todotrial.com\/tienda\/wp-content\/uploads\/2013\/04\/Vee_Rubber_Trial_montesa-enduro-75-2-599x400.jpg 599w, https:\/\/todotrial.com\/tienda\/wp-content\/uploads\/2013\/04\/Vee_Rubber_Trial_montesa-enduro-75-2-300x200.jpg 300w, https:\/\/todotrial.com\/tienda\/wp-content\/uploads\/2013\/04\/Vee_Rubber_Trial_montesa-enduro-75-2-370x247.jpg 370w\" sizes=\"(max-width: 400px) 100vw, 400px\" \/><img loading=\"lazy\" decoding=\"async\" class=\" size-full wp-image-630\" src=\"https:\/\/todotrial.com\/tienda\/wp-content\/uploads\/2013\/04\/Vee_Rubber_Trial_montesa-enduro-75.jpg\" alt=\"Vee Rubber Trial montesa-enduro-75\" title=\"Montesa Enduro 75 con neum\u00e1ticos Vee Rubber\" class=\"horiz-right\" height=\"267\" width=\"400\" srcset=\"https:\/\/todotrial.com\/tienda\/wp-content\/uploads\/2013\/04\/Vee_Rubber_Trial_montesa-enduro-75.jpg 400w, https:\/\/todotrial.com\/tienda\/wp-content\/uploads\/2013\/04\/Vee_Rubber_Trial_montesa-enduro-75-599x400.jpg 599w, https:\/\/todotrial.com\/tienda\/wp-content\/uploads\/2013\/04\/Vee_Rubber_Trial_montesa-enduro-75-300x200.jpg 300w, https:\/\/todotrial.com\/tienda\/wp-content\/uploads\/2013\/04\/Vee_Rubber_Trial_montesa-enduro-75-370x247.jpg 370w\" sizes=\"(max-width: 400px) 100vw, 400px\" \/><\/p>\n","protected":false},"excerpt":{"rendered":"<p>Neumatico Trial Vee Rubber delantero peque\u00f1o 2.50&#215;19<\/p>\n","protected":false},"featured_media":632,"comment_status":"open","ping_status":"closed","template":"","meta":[],"product_brand":[],"product_cat":[15],"product_tag":[],"class_list":{"0":"post-634","1":"product","2":"type-product","3":"status-publish","4":"has-post-thumbnail","6":"product_cat-uncategorized","8":"first","9":"outofstock","10":"taxable","11":"shipping-taxable","12":"purchasable","13":"product-type-simple"},"yoast_head":"<!-- This site is optimized with the Yoast SEO Premium plugin v21.2 (Yoast SEO v27.5) - https:\/\/yoast.com\/product\/yoast-seo-premium-wordpress\/ -->\n<title>Neumatico Trial Vee Rubber 2.50-19 - Tienda de todotrial<\/title>\n<meta name=\"robots\" content=\"index, follow, max-snippet:-1, max-image-preview:large, max-video-preview:-1\" \/>\n<link rel=\"canonical\" href=\"https:\/\/todotrial.com\/tienda\/vee-rubber-delantero-pequeno\/\" \/>\n<meta property=\"og:locale\" content=\"es_ES\" \/>\n<meta property=\"og:type\" content=\"article\" \/>\n<meta property=\"og:title\" content=\"Neumatico Trial Vee Rubber 2.50-19\" \/>\n<meta property=\"og:description\" content=\"Neumatico Trial Vee Rubber delantero peque\u00f1o 2.50x19\" \/>\n<meta property=\"og:url\" content=\"https:\/\/todotrial.com\/tienda\/vee-rubber-delantero-pequeno\/\" \/>\n<meta property=\"og:site_name\" content=\"Tienda de todotrial\" \/>\n<meta property=\"article:modified_time\" content=\"2025-04-01T21:07:36+00:00\" \/>\n<meta property=\"og:image\" content=\"https:\/\/todotrial.com\/tienda\/wp-content\/uploads\/2013\/04\/vee_rubber_trial_21.jpg\" \/>\n\t<meta property=\"og:image:width\" content=\"400\" \/>\n\t<meta property=\"og:image:height\" content=\"267\" \/>\n\t<meta property=\"og:image:type\" content=\"image\/jpeg\" \/>\n<meta name=\"twitter:card\" content=\"summary_large_image\" \/>\n<meta name=\"twitter:label1\" content=\"Tiempo de lectura\" \/>\n\t<meta name=\"twitter:data1\" content=\"2 minutos\" \/>\n<script type=\"application\/ld+json\" class=\"yoast-schema-graph\">{\"@context\":\"https:\\\/\\\/schema.org\",\"@graph\":[{\"@type\":\"WebPage\",\"@id\":\"https:\\\/\\\/todotrial.com\\\/tienda\\\/vee-rubber-delantero-pequeno\\\/\",\"url\":\"https:\\\/\\\/todotrial.com\\\/tienda\\\/vee-rubber-delantero-pequeno\\\/\",\"name\":\"Neumatico Trial Vee Rubber 2.50-19 - Tienda de todotrial\",\"isPartOf\":{\"@id\":\"https:\\\/\\\/todotrial.com\\\/tienda\\\/#website\"},\"primaryImageOfPage\":{\"@id\":\"https:\\\/\\\/todotrial.com\\\/tienda\\\/vee-rubber-delantero-pequeno\\\/#primaryimage\"},\"image\":{\"@id\":\"https:\\\/\\\/todotrial.com\\\/tienda\\\/vee-rubber-delantero-pequeno\\\/#primaryimage\"},\"thumbnailUrl\":\"https:\\\/\\\/todotrial.com\\\/tienda\\\/wp-content\\\/uploads\\\/2013\\\/04\\\/vee_rubber_trial_21.jpg\",\"datePublished\":\"2013-04-18T09:40:38+00:00\",\"dateModified\":\"2025-04-01T21:07:36+00:00\",\"breadcrumb\":{\"@id\":\"https:\\\/\\\/todotrial.com\\\/tienda\\\/vee-rubber-delantero-pequeno\\\/#breadcrumb\"},\"inLanguage\":\"es\",\"potentialAction\":[{\"@type\":\"ReadAction\",\"target\":[\"https:\\\/\\\/todotrial.com\\\/tienda\\\/vee-rubber-delantero-pequeno\\\/\"]}]},{\"@type\":\"ImageObject\",\"inLanguage\":\"es\",\"@id\":\"https:\\\/\\\/todotrial.com\\\/tienda\\\/vee-rubber-delantero-pequeno\\\/#primaryimage\",\"url\":\"https:\\\/\\\/todotrial.com\\\/tienda\\\/wp-content\\\/uploads\\\/2013\\\/04\\\/vee_rubber_trial_21.jpg\",\"contentUrl\":\"https:\\\/\\\/todotrial.com\\\/tienda\\\/wp-content\\\/uploads\\\/2013\\\/04\\\/vee_rubber_trial_21.jpg\",\"width\":400,\"height\":267},{\"@type\":\"BreadcrumbList\",\"@id\":\"https:\\\/\\\/todotrial.com\\\/tienda\\\/vee-rubber-delantero-pequeno\\\/#breadcrumb\",\"itemListElement\":[{\"@type\":\"ListItem\",\"position\":1,\"name\":\"Portada\",\"item\":\"https:\\\/\\\/todotrial.com\\\/tienda\\\/\"},{\"@type\":\"ListItem\",\"position\":2,\"name\":\"Shop\",\"item\":\"https:\\\/\\\/todotrial.com\\\/tienda\\\/shop\\\/\"},{\"@type\":\"ListItem\",\"position\":3,\"name\":\"Neumatico Trial Vee Rubber 2.50-19\"}]},{\"@type\":\"WebSite\",\"@id\":\"https:\\\/\\\/todotrial.com\\\/tienda\\\/#website\",\"url\":\"https:\\\/\\\/todotrial.com\\\/tienda\\\/\",\"name\":\"Tienda de todotrial\",\"description\":\"\",\"potentialAction\":[{\"@type\":\"SearchAction\",\"target\":{\"@type\":\"EntryPoint\",\"urlTemplate\":\"https:\\\/\\\/todotrial.com\\\/tienda\\\/?s={search_term_string}\"},\"query-input\":{\"@type\":\"PropertyValueSpecification\",\"valueRequired\":true,\"valueName\":\"search_term_string\"}}],\"inLanguage\":\"es\"}]}<\/script>\n<!-- \/ Yoast SEO Premium plugin. -->","yoast_head_json":{"title":"Neumatico Trial Vee Rubber 2.50-19 - Tienda de todotrial","robots":{"index":"index","follow":"follow","max-snippet":"max-snippet:-1","max-image-preview":"max-image-preview:large","max-video-preview":"max-video-preview:-1"},"canonical":"https:\/\/todotrial.com\/tienda\/vee-rubber-delantero-pequeno\/","og_locale":"es_ES","og_type":"article","og_title":"Neumatico Trial Vee Rubber 2.50-19","og_description":"Neumatico Trial Vee Rubber delantero peque\u00f1o 2.50x19","og_url":"https:\/\/todotrial.com\/tienda\/vee-rubber-delantero-pequeno\/","og_site_name":"Tienda de todotrial","article_modified_time":"2025-04-01T21:07:36+00:00","og_image":[{"width":400,"height":267,"url":"https:\/\/todotrial.com\/tienda\/wp-content\/uploads\/2013\/04\/vee_rubber_trial_21.jpg","type":"image\/jpeg"}],"twitter_card":"summary_large_image","twitter_misc":{"Tiempo de lectura":"2 minutos"},"schema":{"@context":"https:\/\/schema.org","@graph":[{"@type":"WebPage","@id":"https:\/\/todotrial.com\/tienda\/vee-rubber-delantero-pequeno\/","url":"https:\/\/todotrial.com\/tienda\/vee-rubber-delantero-pequeno\/","name":"Neumatico Trial Vee Rubber 2.50-19 - Tienda de todotrial","isPartOf":{"@id":"https:\/\/todotrial.com\/tienda\/#website"},"primaryImageOfPage":{"@id":"https:\/\/todotrial.com\/tienda\/vee-rubber-delantero-pequeno\/#primaryimage"},"image":{"@id":"https:\/\/todotrial.com\/tienda\/vee-rubber-delantero-pequeno\/#primaryimage"},"thumbnailUrl":"https:\/\/todotrial.com\/tienda\/wp-content\/uploads\/2013\/04\/vee_rubber_trial_21.jpg","datePublished":"2013-04-18T09:40:38+00:00","dateModified":"2025-04-01T21:07:36+00:00","breadcrumb":{"@id":"https:\/\/todotrial.com\/tienda\/vee-rubber-delantero-pequeno\/#breadcrumb"},"inLanguage":"es","potentialAction":[{"@type":"ReadAction","target":["https:\/\/todotrial.com\/tienda\/vee-rubber-delantero-pequeno\/"]}]},{"@type":"ImageObject","inLanguage":"es","@id":"https:\/\/todotrial.com\/tienda\/vee-rubber-delantero-pequeno\/#primaryimage","url":"https:\/\/todotrial.com\/tienda\/wp-content\/uploads\/2013\/04\/vee_rubber_trial_21.jpg","contentUrl":"https:\/\/todotrial.com\/tienda\/wp-content\/uploads\/2013\/04\/vee_rubber_trial_21.jpg","width":400,"height":267},{"@type":"BreadcrumbList","@id":"https:\/\/todotrial.com\/tienda\/vee-rubber-delantero-pequeno\/#breadcrumb","itemListElement":[{"@type":"ListItem","position":1,"name":"Portada","item":"https:\/\/todotrial.com\/tienda\/"},{"@type":"ListItem","position":2,"name":"Shop","item":"https:\/\/todotrial.com\/tienda\/shop\/"},{"@type":"ListItem","position":3,"name":"Neumatico Trial Vee Rubber 2.50-19"}]},{"@type":"WebSite","@id":"https:\/\/todotrial.com\/tienda\/#website","url":"https:\/\/todotrial.com\/tienda\/","name":"Tienda de todotrial","description":"","potentialAction":[{"@type":"SearchAction","target":{"@type":"EntryPoint","urlTemplate":"https:\/\/todotrial.com\/tienda\/?s={search_term_string}"},"query-input":{"@type":"PropertyValueSpecification","valueRequired":true,"valueName":"search_term_string"}}],"inLanguage":"es"}]}},"_links":{"self":[{"href":"https:\/\/todotrial.com\/tienda\/wp-json\/wp\/v2\/product\/634","targetHints":{"allow":["GET"]}}],"collection":[{"href":"https:\/\/todotrial.com\/tienda\/wp-json\/wp\/v2\/product"}],"about":[{"href":"https:\/\/todotrial.com\/tienda\/wp-json\/wp\/v2\/types\/product"}],"replies":[{"embeddable":true,"href":"https:\/\/todotrial.com\/tienda\/wp-json\/wp\/v2\/comments?post=634"}],"version-history":[{"count":1,"href":"https:\/\/todotrial.com\/tienda\/wp-json\/wp\/v2\/product\/634\/revisions"}],"predecessor-version":[{"id":54907,"href":"https:\/\/todotrial.com\/tienda\/wp-json\/wp\/v2\/product\/634\/revisions\/54907"}],"wp:featuredmedia":[{"embeddable":true,"href":"https:\/\/todotrial.com\/tienda\/wp-json\/wp\/v2\/media\/632"}],"wp:attachment":[{"href":"https:\/\/todotrial.com\/tienda\/wp-json\/wp\/v2\/media?parent=634"}],"wp:term":[{"taxonomy":"product_brand","embeddable":true,"href":"https:\/\/todotrial.com\/tienda\/wp-json\/wp\/v2\/product_brand?post=634"},{"taxonomy":"product_cat","embeddable":true,"href":"https:\/\/todotrial.com\/tienda\/wp-json\/wp\/v2\/product_cat?post=634"},{"taxonomy":"product_tag","embeddable":true,"href":"https:\/\/todotrial.com\/tienda\/wp-json\/wp\/v2\/product_tag?post=634"}],"curies":[{"name":"wp","href":"https:\/\/api.w.org\/{rel}","templated":true}]}}