{"id":555,"date":"2020-07-02T14:59:28","date_gmt":"2020-07-02T13:59:28","guid":{"rendered":"https:\/\/todotrial.com\/tienda\/product\/wes-honda-tlr\/"},"modified":"2025-02-20T17:34:54","modified_gmt":"2025-02-20T16:34:54","slug":"wes-honda-tlr","status":"publish","type":"product","link":"https:\/\/todotrial.com\/tienda\/wes-honda-tlr\/","title":{"rendered":"Honda TLR 200 \/ 250 Silenciador WES (sistema 2 silenciadores)"},"content":{"rendered":"<p>WES es toda una referencia cuando se habla de silenciadores para motocicletas de trial.<br \/>Producidos desde 1.976 a medida de cada modelo de motocicleta, su estructura de perfil de aluminio soldada por medio del sistema TIG es muy resistente a los golpes que suele recibir una moto en las zonas de trial.<br \/>El interior est\u00e1 realizado con tubos y tabiques de aluminio que confieren mejor respuesta al motor, utiliz\u00e1ndose tambi\u00e9n fibra de basalto exclusiva WES de gran duraci\u00f3n.<br \/>Los silenciadores WES pesan aproximadamente la mitad que los elementos de origen y le dan a la moto un verdadero aspecto \u00abpata negra\u00bb.<\/p>\n<p>CONJUNTO DE DOS SILENCIADORES TLR 200\/250<\/p>\n<p>Estos silenciadores se han convertido en toda una referencia. Podemos decir que en competici\u00f3n las TLR que montan estos silenciadores actualmente son la mayor\u00eda. Sus pilotos aprecian el aumento de estirada del motor y el aligeramiento con respecto al escape de origen.<\/p>\n","protected":false},"excerpt":{"rendered":"<p>Silenciador WES Honda TLR 200\/250 sistema de dos silenciadores<\/p>\n","protected":false},"featured_media":554,"comment_status":"open","ping_status":"closed","template":"","meta":[],"product_brand":[],"product_cat":[15],"product_tag":[],"class_list":{"0":"post-555","1":"product","2":"type-product","3":"status-publish","4":"has-post-thumbnail","6":"product_cat-uncategorized","8":"first","9":"instock","10":"taxable","11":"shipping-taxable","12":"purchasable","13":"product-type-simple"},"yoast_head":"<!-- This site is optimized with the Yoast SEO Premium plugin v21.2 (Yoast SEO v27.5) - https:\/\/yoast.com\/product\/yoast-seo-premium-wordpress\/ -->\n<title>Honda TLR 200 \/ 250 Silenciador WES (sistema 2 silenciadores) - Tienda de todotrial<\/title>\n<meta name=\"robots\" content=\"index, follow, max-snippet:-1, max-image-preview:large, max-video-preview:-1\" \/>\n<link rel=\"canonical\" href=\"https:\/\/todotrial.com\/tienda\/wes-honda-tlr\/\" \/>\n<meta property=\"og:locale\" content=\"es_ES\" \/>\n<meta property=\"og:type\" content=\"article\" \/>\n<meta property=\"og:title\" content=\"Honda TLR 200 \/ 250 Silenciador WES (sistema 2 silenciadores)\" \/>\n<meta property=\"og:description\" content=\"Silenciador WES Honda TLR 200\/250 sistema de dos silenciadores\" \/>\n<meta property=\"og:url\" content=\"https:\/\/todotrial.com\/tienda\/wes-honda-tlr\/\" \/>\n<meta property=\"og:site_name\" content=\"Tienda de todotrial\" \/>\n<meta property=\"article:modified_time\" content=\"2025-02-20T16:34:54+00:00\" \/>\n<meta property=\"og:image\" content=\"https:\/\/todotrial.com\/tienda\/wp-content\/uploads\/2020\/07\/honda-tlr-200-250.jpg\" \/>\n\t<meta property=\"og:image:width\" content=\"368\" \/>\n\t<meta property=\"og:image:height\" content=\"173\" \/>\n\t<meta property=\"og:image:type\" content=\"image\/jpeg\" \/>\n<meta name=\"twitter:card\" content=\"summary_large_image\" \/>\n<meta name=\"twitter:label1\" content=\"Tiempo de lectura\" \/>\n\t<meta name=\"twitter:data1\" content=\"1 minuto\" \/>\n<script type=\"application\/ld+json\" class=\"yoast-schema-graph\">{\"@context\":\"https:\\\/\\\/schema.org\",\"@graph\":[{\"@type\":\"WebPage\",\"@id\":\"https:\\\/\\\/todotrial.com\\\/tienda\\\/wes-honda-tlr\\\/\",\"url\":\"https:\\\/\\\/todotrial.com\\\/tienda\\\/wes-honda-tlr\\\/\",\"name\":\"Honda TLR 200 \\\/ 250 Silenciador WES (sistema 2 silenciadores) - Tienda de todotrial\",\"isPartOf\":{\"@id\":\"https:\\\/\\\/todotrial.com\\\/tienda\\\/#website\"},\"primaryImageOfPage\":{\"@id\":\"https:\\\/\\\/todotrial.com\\\/tienda\\\/wes-honda-tlr\\\/#primaryimage\"},\"image\":{\"@id\":\"https:\\\/\\\/todotrial.com\\\/tienda\\\/wes-honda-tlr\\\/#primaryimage\"},\"thumbnailUrl\":\"https:\\\/\\\/todotrial.com\\\/tienda\\\/wp-content\\\/uploads\\\/2020\\\/07\\\/honda-tlr-200-250.jpg\",\"datePublished\":\"2020-07-02T13:59:28+00:00\",\"dateModified\":\"2025-02-20T16:34:54+00:00\",\"breadcrumb\":{\"@id\":\"https:\\\/\\\/todotrial.com\\\/tienda\\\/wes-honda-tlr\\\/#breadcrumb\"},\"inLanguage\":\"es\",\"potentialAction\":[{\"@type\":\"ReadAction\",\"target\":[\"https:\\\/\\\/todotrial.com\\\/tienda\\\/wes-honda-tlr\\\/\"]}]},{\"@type\":\"ImageObject\",\"inLanguage\":\"es\",\"@id\":\"https:\\\/\\\/todotrial.com\\\/tienda\\\/wes-honda-tlr\\\/#primaryimage\",\"url\":\"https:\\\/\\\/todotrial.com\\\/tienda\\\/wp-content\\\/uploads\\\/2020\\\/07\\\/honda-tlr-200-250.jpg\",\"contentUrl\":\"https:\\\/\\\/todotrial.com\\\/tienda\\\/wp-content\\\/uploads\\\/2020\\\/07\\\/honda-tlr-200-250.jpg\",\"width\":368,\"height\":173},{\"@type\":\"BreadcrumbList\",\"@id\":\"https:\\\/\\\/todotrial.com\\\/tienda\\\/wes-honda-tlr\\\/#breadcrumb\",\"itemListElement\":[{\"@type\":\"ListItem\",\"position\":1,\"name\":\"Portada\",\"item\":\"https:\\\/\\\/todotrial.com\\\/tienda\\\/\"},{\"@type\":\"ListItem\",\"position\":2,\"name\":\"Shop\",\"item\":\"https:\\\/\\\/todotrial.com\\\/tienda\\\/shop\\\/\"},{\"@type\":\"ListItem\",\"position\":3,\"name\":\"Honda TLR 200 \\\/ 250 Silenciador WES (sistema 2 silenciadores)\"}]},{\"@type\":\"WebSite\",\"@id\":\"https:\\\/\\\/todotrial.com\\\/tienda\\\/#website\",\"url\":\"https:\\\/\\\/todotrial.com\\\/tienda\\\/\",\"name\":\"Tienda de todotrial\",\"description\":\"\",\"potentialAction\":[{\"@type\":\"SearchAction\",\"target\":{\"@type\":\"EntryPoint\",\"urlTemplate\":\"https:\\\/\\\/todotrial.com\\\/tienda\\\/?s={search_term_string}\"},\"query-input\":{\"@type\":\"PropertyValueSpecification\",\"valueRequired\":true,\"valueName\":\"search_term_string\"}}],\"inLanguage\":\"es\"}]}<\/script>\n<!-- \/ Yoast SEO Premium plugin. -->","yoast_head_json":{"title":"Honda TLR 200 \/ 250 Silenciador WES (sistema 2 silenciadores) - Tienda de todotrial","robots":{"index":"index","follow":"follow","max-snippet":"max-snippet:-1","max-image-preview":"max-image-preview:large","max-video-preview":"max-video-preview:-1"},"canonical":"https:\/\/todotrial.com\/tienda\/wes-honda-tlr\/","og_locale":"es_ES","og_type":"article","og_title":"Honda TLR 200 \/ 250 Silenciador WES (sistema 2 silenciadores)","og_description":"Silenciador WES Honda TLR 200\/250 sistema de dos silenciadores","og_url":"https:\/\/todotrial.com\/tienda\/wes-honda-tlr\/","og_site_name":"Tienda de todotrial","article_modified_time":"2025-02-20T16:34:54+00:00","og_image":[{"width":368,"height":173,"url":"https:\/\/todotrial.com\/tienda\/wp-content\/uploads\/2020\/07\/honda-tlr-200-250.jpg","type":"image\/jpeg"}],"twitter_card":"summary_large_image","twitter_misc":{"Tiempo de lectura":"1 minuto"},"schema":{"@context":"https:\/\/schema.org","@graph":[{"@type":"WebPage","@id":"https:\/\/todotrial.com\/tienda\/wes-honda-tlr\/","url":"https:\/\/todotrial.com\/tienda\/wes-honda-tlr\/","name":"Honda TLR 200 \/ 250 Silenciador WES (sistema 2 silenciadores) - Tienda de todotrial","isPartOf":{"@id":"https:\/\/todotrial.com\/tienda\/#website"},"primaryImageOfPage":{"@id":"https:\/\/todotrial.com\/tienda\/wes-honda-tlr\/#primaryimage"},"image":{"@id":"https:\/\/todotrial.com\/tienda\/wes-honda-tlr\/#primaryimage"},"thumbnailUrl":"https:\/\/todotrial.com\/tienda\/wp-content\/uploads\/2020\/07\/honda-tlr-200-250.jpg","datePublished":"2020-07-02T13:59:28+00:00","dateModified":"2025-02-20T16:34:54+00:00","breadcrumb":{"@id":"https:\/\/todotrial.com\/tienda\/wes-honda-tlr\/#breadcrumb"},"inLanguage":"es","potentialAction":[{"@type":"ReadAction","target":["https:\/\/todotrial.com\/tienda\/wes-honda-tlr\/"]}]},{"@type":"ImageObject","inLanguage":"es","@id":"https:\/\/todotrial.com\/tienda\/wes-honda-tlr\/#primaryimage","url":"https:\/\/todotrial.com\/tienda\/wp-content\/uploads\/2020\/07\/honda-tlr-200-250.jpg","contentUrl":"https:\/\/todotrial.com\/tienda\/wp-content\/uploads\/2020\/07\/honda-tlr-200-250.jpg","width":368,"height":173},{"@type":"BreadcrumbList","@id":"https:\/\/todotrial.com\/tienda\/wes-honda-tlr\/#breadcrumb","itemListElement":[{"@type":"ListItem","position":1,"name":"Portada","item":"https:\/\/todotrial.com\/tienda\/"},{"@type":"ListItem","position":2,"name":"Shop","item":"https:\/\/todotrial.com\/tienda\/shop\/"},{"@type":"ListItem","position":3,"name":"Honda TLR 200 \/ 250 Silenciador WES (sistema 2 silenciadores)"}]},{"@type":"WebSite","@id":"https:\/\/todotrial.com\/tienda\/#website","url":"https:\/\/todotrial.com\/tienda\/","name":"Tienda de todotrial","description":"","potentialAction":[{"@type":"SearchAction","target":{"@type":"EntryPoint","urlTemplate":"https:\/\/todotrial.com\/tienda\/?s={search_term_string}"},"query-input":{"@type":"PropertyValueSpecification","valueRequired":true,"valueName":"search_term_string"}}],"inLanguage":"es"}]}},"_links":{"self":[{"href":"https:\/\/todotrial.com\/tienda\/wp-json\/wp\/v2\/product\/555","targetHints":{"allow":["GET"]}}],"collection":[{"href":"https:\/\/todotrial.com\/tienda\/wp-json\/wp\/v2\/product"}],"about":[{"href":"https:\/\/todotrial.com\/tienda\/wp-json\/wp\/v2\/types\/product"}],"replies":[{"embeddable":true,"href":"https:\/\/todotrial.com\/tienda\/wp-json\/wp\/v2\/comments?post=555"}],"version-history":[{"count":0,"href":"https:\/\/todotrial.com\/tienda\/wp-json\/wp\/v2\/product\/555\/revisions"}],"wp:featuredmedia":[{"embeddable":true,"href":"https:\/\/todotrial.com\/tienda\/wp-json\/wp\/v2\/media\/554"}],"wp:attachment":[{"href":"https:\/\/todotrial.com\/tienda\/wp-json\/wp\/v2\/media?parent=555"}],"wp:term":[{"taxonomy":"product_brand","embeddable":true,"href":"https:\/\/todotrial.com\/tienda\/wp-json\/wp\/v2\/product_brand?post=555"},{"taxonomy":"product_cat","embeddable":true,"href":"https:\/\/todotrial.com\/tienda\/wp-json\/wp\/v2\/product_cat?post=555"},{"taxonomy":"product_tag","embeddable":true,"href":"https:\/\/todotrial.com\/tienda\/wp-json\/wp\/v2\/product_tag?post=555"}],"curies":[{"name":"wp","href":"https:\/\/api.w.org\/{rel}","templated":true}]}}