{"id":52938,"date":"2025-03-11T20:06:56","date_gmt":"2025-03-11T19:06:56","guid":{"rendered":"https:\/\/todotrial.com\/tienda\/sin%20categor\u00eda\/recambio-cristal-ahumado-spare-smoke-lens-gravity-2\/"},"modified":"2025-03-18T10:56:27","modified_gmt":"2025-03-18T09:56:27","slug":"recambio-cristal-ahumado-spare-smoke-lens-gravity-2","status":"publish","type":"product","link":"https:\/\/todotrial.com\/tienda\/recambio-cristal-ahumado-spare-smoke-lens-gravity-2\/","title":{"rendered":"RECAMBIO CRISTAL AHUMADO\/SPARE SMOKE LENS GRAVITY"},"content":{"rendered":"<p>El cristal ahumado Gravity es un tipo de lente de protecci\u00f3n que se utiliza en gafas. Es una lente ahumada, que proporciona una excelente protecci\u00f3n contra el deslumbramiento en d\u00edas soleados y una reducci\u00f3n de la luz visible. Esta lente es ideal para actividades al aire libre como el senderismo, el esqu\u00ed y el ciclismo, ya que ofrece una excelente visibilidad en condiciones de luz brillante. Adem\u00e1s, la lente est\u00e1 revestida con un tratamiento anti-rayaduras y anti-empa\u00f1amiento, para garantizar una visi\u00f3n clara en todo momento. Es importante tener en cuenta que este tipo de lente no proporciona protecci\u00f3n contra los rayos UV del sol, por lo que es recomendable utilizarlo en condiciones de luz brillante o en exteriores.<\/p>\n","protected":false},"excerpt":{"rendered":"<p>Recambio de lente ahumada para la m\u00e1scara de Enduro Gravity.<\/p>\n","protected":false},"featured_media":52939,"comment_status":"open","ping_status":"closed","template":"","meta":[],"product_brand":[],"product_cat":[11691],"product_tag":[],"class_list":{"0":"post-52938","1":"product","2":"type-product","3":"status-publish","4":"has-post-thumbnail","6":"product_cat-general","8":"first","9":"instock","10":"taxable","11":"shipping-taxable","12":"purchasable","13":"product-type-simple"},"yoast_head":"<!-- This site is optimized with the Yoast SEO Premium plugin v21.2 (Yoast SEO v27.3) - https:\/\/yoast.com\/product\/yoast-seo-premium-wordpress\/ -->\n<title>RECAMBIO CRISTAL AHUMADO\/SPARE SMOKE LENS GRAVITY - Tienda de todotrial<\/title>\n<meta name=\"robots\" content=\"index, follow, max-snippet:-1, max-image-preview:large, max-video-preview:-1\" \/>\n<link rel=\"canonical\" href=\"https:\/\/todotrial.com\/tienda\/recambio-cristal-ahumado-spare-smoke-lens-gravity-2\/\" \/>\n<meta property=\"og:locale\" content=\"es_ES\" \/>\n<meta property=\"og:type\" content=\"article\" \/>\n<meta property=\"og:title\" content=\"RECAMBIO CRISTAL AHUMADO\/SPARE SMOKE LENS GRAVITY\" \/>\n<meta property=\"og:description\" content=\"Recambio de lente ahumada para la m\u00e1scara de Enduro Gravity.\" \/>\n<meta property=\"og:url\" content=\"https:\/\/todotrial.com\/tienda\/recambio-cristal-ahumado-spare-smoke-lens-gravity-2\/\" \/>\n<meta property=\"og:site_name\" content=\"Tienda de todotrial\" \/>\n<meta property=\"article:modified_time\" content=\"2025-03-18T09:56:27+00:00\" \/>\n<meta property=\"og:image\" content=\"https:\/\/todotrial.com\/tienda\/wp-content\/uploads\/2025\/03\/HGR2011-1_HEBO_Lente.jpg\" \/>\n\t<meta property=\"og:image:width\" content=\"1000\" \/>\n\t<meta property=\"og:image:height\" content=\"1000\" \/>\n\t<meta property=\"og:image:type\" content=\"image\/jpeg\" \/>\n<meta name=\"twitter:card\" content=\"summary_large_image\" \/>\n<meta name=\"twitter:label1\" content=\"Tiempo de lectura\" \/>\n\t<meta name=\"twitter:data1\" content=\"1 minuto\" \/>\n<script type=\"application\/ld+json\" class=\"yoast-schema-graph\">{\"@context\":\"https:\\\/\\\/schema.org\",\"@graph\":[{\"@type\":\"WebPage\",\"@id\":\"https:\\\/\\\/todotrial.com\\\/tienda\\\/recambio-cristal-ahumado-spare-smoke-lens-gravity-2\\\/\",\"url\":\"https:\\\/\\\/todotrial.com\\\/tienda\\\/recambio-cristal-ahumado-spare-smoke-lens-gravity-2\\\/\",\"name\":\"RECAMBIO CRISTAL AHUMADO\\\/SPARE SMOKE LENS GRAVITY - Tienda de todotrial\",\"isPartOf\":{\"@id\":\"https:\\\/\\\/todotrial.com\\\/tienda\\\/#website\"},\"primaryImageOfPage\":{\"@id\":\"https:\\\/\\\/todotrial.com\\\/tienda\\\/recambio-cristal-ahumado-spare-smoke-lens-gravity-2\\\/#primaryimage\"},\"image\":{\"@id\":\"https:\\\/\\\/todotrial.com\\\/tienda\\\/recambio-cristal-ahumado-spare-smoke-lens-gravity-2\\\/#primaryimage\"},\"thumbnailUrl\":\"https:\\\/\\\/todotrial.com\\\/tienda\\\/wp-content\\\/uploads\\\/2025\\\/03\\\/HGR2011-1_HEBO_Lente.jpg\",\"datePublished\":\"2025-03-11T19:06:56+00:00\",\"dateModified\":\"2025-03-18T09:56:27+00:00\",\"breadcrumb\":{\"@id\":\"https:\\\/\\\/todotrial.com\\\/tienda\\\/recambio-cristal-ahumado-spare-smoke-lens-gravity-2\\\/#breadcrumb\"},\"inLanguage\":\"es\",\"potentialAction\":[{\"@type\":\"ReadAction\",\"target\":[\"https:\\\/\\\/todotrial.com\\\/tienda\\\/recambio-cristal-ahumado-spare-smoke-lens-gravity-2\\\/\"]}]},{\"@type\":\"ImageObject\",\"inLanguage\":\"es\",\"@id\":\"https:\\\/\\\/todotrial.com\\\/tienda\\\/recambio-cristal-ahumado-spare-smoke-lens-gravity-2\\\/#primaryimage\",\"url\":\"https:\\\/\\\/todotrial.com\\\/tienda\\\/wp-content\\\/uploads\\\/2025\\\/03\\\/HGR2011-1_HEBO_Lente.jpg\",\"contentUrl\":\"https:\\\/\\\/todotrial.com\\\/tienda\\\/wp-content\\\/uploads\\\/2025\\\/03\\\/HGR2011-1_HEBO_Lente.jpg\",\"width\":1000,\"height\":1000,\"caption\":\"RECAMBIO CRISTAL AHUMADO\\\/SPARE SMOKE LENS GRAVITY\"},{\"@type\":\"BreadcrumbList\",\"@id\":\"https:\\\/\\\/todotrial.com\\\/tienda\\\/recambio-cristal-ahumado-spare-smoke-lens-gravity-2\\\/#breadcrumb\",\"itemListElement\":[{\"@type\":\"ListItem\",\"position\":1,\"name\":\"Portada\",\"item\":\"https:\\\/\\\/todotrial.com\\\/tienda\\\/\"},{\"@type\":\"ListItem\",\"position\":2,\"name\":\"Shop\",\"item\":\"https:\\\/\\\/todotrial.com\\\/tienda\\\/shop\\\/\"},{\"@type\":\"ListItem\",\"position\":3,\"name\":\"RECAMBIO CRISTAL AHUMADO\\\/SPARE SMOKE LENS GRAVITY\"}]},{\"@type\":\"WebSite\",\"@id\":\"https:\\\/\\\/todotrial.com\\\/tienda\\\/#website\",\"url\":\"https:\\\/\\\/todotrial.com\\\/tienda\\\/\",\"name\":\"Tienda de todotrial\",\"description\":\"\",\"potentialAction\":[{\"@type\":\"SearchAction\",\"target\":{\"@type\":\"EntryPoint\",\"urlTemplate\":\"https:\\\/\\\/todotrial.com\\\/tienda\\\/?s={search_term_string}\"},\"query-input\":{\"@type\":\"PropertyValueSpecification\",\"valueRequired\":true,\"valueName\":\"search_term_string\"}}],\"inLanguage\":\"es\"}]}<\/script>\n<!-- \/ Yoast SEO Premium plugin. -->","yoast_head_json":{"title":"RECAMBIO CRISTAL AHUMADO\/SPARE SMOKE LENS GRAVITY - Tienda de todotrial","robots":{"index":"index","follow":"follow","max-snippet":"max-snippet:-1","max-image-preview":"max-image-preview:large","max-video-preview":"max-video-preview:-1"},"canonical":"https:\/\/todotrial.com\/tienda\/recambio-cristal-ahumado-spare-smoke-lens-gravity-2\/","og_locale":"es_ES","og_type":"article","og_title":"RECAMBIO CRISTAL AHUMADO\/SPARE SMOKE LENS GRAVITY","og_description":"Recambio de lente ahumada para la m\u00e1scara de Enduro Gravity.","og_url":"https:\/\/todotrial.com\/tienda\/recambio-cristal-ahumado-spare-smoke-lens-gravity-2\/","og_site_name":"Tienda de todotrial","article_modified_time":"2025-03-18T09:56:27+00:00","og_image":[{"width":1000,"height":1000,"url":"https:\/\/todotrial.com\/tienda\/wp-content\/uploads\/2025\/03\/HGR2011-1_HEBO_Lente.jpg","type":"image\/jpeg"}],"twitter_card":"summary_large_image","twitter_misc":{"Tiempo de lectura":"1 minuto"},"schema":{"@context":"https:\/\/schema.org","@graph":[{"@type":"WebPage","@id":"https:\/\/todotrial.com\/tienda\/recambio-cristal-ahumado-spare-smoke-lens-gravity-2\/","url":"https:\/\/todotrial.com\/tienda\/recambio-cristal-ahumado-spare-smoke-lens-gravity-2\/","name":"RECAMBIO CRISTAL AHUMADO\/SPARE SMOKE LENS GRAVITY - Tienda de todotrial","isPartOf":{"@id":"https:\/\/todotrial.com\/tienda\/#website"},"primaryImageOfPage":{"@id":"https:\/\/todotrial.com\/tienda\/recambio-cristal-ahumado-spare-smoke-lens-gravity-2\/#primaryimage"},"image":{"@id":"https:\/\/todotrial.com\/tienda\/recambio-cristal-ahumado-spare-smoke-lens-gravity-2\/#primaryimage"},"thumbnailUrl":"https:\/\/todotrial.com\/tienda\/wp-content\/uploads\/2025\/03\/HGR2011-1_HEBO_Lente.jpg","datePublished":"2025-03-11T19:06:56+00:00","dateModified":"2025-03-18T09:56:27+00:00","breadcrumb":{"@id":"https:\/\/todotrial.com\/tienda\/recambio-cristal-ahumado-spare-smoke-lens-gravity-2\/#breadcrumb"},"inLanguage":"es","potentialAction":[{"@type":"ReadAction","target":["https:\/\/todotrial.com\/tienda\/recambio-cristal-ahumado-spare-smoke-lens-gravity-2\/"]}]},{"@type":"ImageObject","inLanguage":"es","@id":"https:\/\/todotrial.com\/tienda\/recambio-cristal-ahumado-spare-smoke-lens-gravity-2\/#primaryimage","url":"https:\/\/todotrial.com\/tienda\/wp-content\/uploads\/2025\/03\/HGR2011-1_HEBO_Lente.jpg","contentUrl":"https:\/\/todotrial.com\/tienda\/wp-content\/uploads\/2025\/03\/HGR2011-1_HEBO_Lente.jpg","width":1000,"height":1000,"caption":"RECAMBIO CRISTAL AHUMADO\/SPARE SMOKE LENS GRAVITY"},{"@type":"BreadcrumbList","@id":"https:\/\/todotrial.com\/tienda\/recambio-cristal-ahumado-spare-smoke-lens-gravity-2\/#breadcrumb","itemListElement":[{"@type":"ListItem","position":1,"name":"Portada","item":"https:\/\/todotrial.com\/tienda\/"},{"@type":"ListItem","position":2,"name":"Shop","item":"https:\/\/todotrial.com\/tienda\/shop\/"},{"@type":"ListItem","position":3,"name":"RECAMBIO CRISTAL AHUMADO\/SPARE SMOKE LENS GRAVITY"}]},{"@type":"WebSite","@id":"https:\/\/todotrial.com\/tienda\/#website","url":"https:\/\/todotrial.com\/tienda\/","name":"Tienda de todotrial","description":"","potentialAction":[{"@type":"SearchAction","target":{"@type":"EntryPoint","urlTemplate":"https:\/\/todotrial.com\/tienda\/?s={search_term_string}"},"query-input":{"@type":"PropertyValueSpecification","valueRequired":true,"valueName":"search_term_string"}}],"inLanguage":"es"}]}},"_links":{"self":[{"href":"https:\/\/todotrial.com\/tienda\/wp-json\/wp\/v2\/product\/52938","targetHints":{"allow":["GET"]}}],"collection":[{"href":"https:\/\/todotrial.com\/tienda\/wp-json\/wp\/v2\/product"}],"about":[{"href":"https:\/\/todotrial.com\/tienda\/wp-json\/wp\/v2\/types\/product"}],"replies":[{"embeddable":true,"href":"https:\/\/todotrial.com\/tienda\/wp-json\/wp\/v2\/comments?post=52938"}],"version-history":[{"count":1,"href":"https:\/\/todotrial.com\/tienda\/wp-json\/wp\/v2\/product\/52938\/revisions"}],"predecessor-version":[{"id":53152,"href":"https:\/\/todotrial.com\/tienda\/wp-json\/wp\/v2\/product\/52938\/revisions\/53152"}],"wp:featuredmedia":[{"embeddable":true,"href":"https:\/\/todotrial.com\/tienda\/wp-json\/wp\/v2\/media\/52939"}],"wp:attachment":[{"href":"https:\/\/todotrial.com\/tienda\/wp-json\/wp\/v2\/media?parent=52938"}],"wp:term":[{"taxonomy":"product_brand","embeddable":true,"href":"https:\/\/todotrial.com\/tienda\/wp-json\/wp\/v2\/product_brand?post=52938"},{"taxonomy":"product_cat","embeddable":true,"href":"https:\/\/todotrial.com\/tienda\/wp-json\/wp\/v2\/product_cat?post=52938"},{"taxonomy":"product_tag","embeddable":true,"href":"https:\/\/todotrial.com\/tienda\/wp-json\/wp\/v2\/product_tag?post=52938"}],"curies":[{"name":"wp","href":"https:\/\/api.w.org\/{rel}","templated":true}]}}