{"id":52281,"date":"2025-02-27T10:21:55","date_gmt":"2025-02-27T09:21:55","guid":{"rendered":"https:\/\/todotrial.com\/tienda\/sin%20categor\u00eda\/pantalon-pro-dripped-junior-4\/"},"modified":"2025-05-14T09:48:24","modified_gmt":"2025-05-14T08:48:24","slug":"pantalon-pro-dripped-junior-4","status":"publish","type":"product","link":"https:\/\/todotrial.com\/tienda\/pantalon-pro-dripped-junior-4\/","title":{"rendered":"PANTALON PRO DRIPPED JUNIOR"},"content":{"rendered":"<p>Pantalones ligeros, el\u00e1sticos y c\u00f3modos.<br \/>\nConfeccionados con poli\u00e9ster (el 81% reciclado) y lycra.<br \/>\nCon rodilleras extra\u00edbles homologadas por la certificaci\u00f3n CE 1621-1 Nivel 2.<br \/>\nPaneles de tejido resistente a la abrasi\u00f3n y al calor en el interior de las rodillas.<br \/>\nAcolchado interior en la rodilla.<\/p>\n","protected":false},"excerpt":{"rendered":"<p>Pantal\u00f3n j\u00fanior muy el\u00e1stico y confortable. Incluye rodilleras extra\u00edbles.<\/p>\n","protected":false},"featured_media":53444,"comment_status":"open","ping_status":"closed","template":"","meta":[],"product_brand":[],"product_cat":[11411,11424,11738],"product_tag":[],"class_list":{"0":"post-52281","1":"product","2":"type-product","3":"status-publish","4":"has-post-thumbnail","6":"product_cat-pantalones","7":"product_cat-pantalones-infantil","8":"product_cat-trial","10":"first","11":"instock","12":"taxable","13":"shipping-taxable","14":"purchasable","15":"product-type-simple"},"yoast_head":"<!-- This site is optimized with the Yoast SEO Premium plugin v21.2 (Yoast SEO v27.3) - https:\/\/yoast.com\/product\/yoast-seo-premium-wordpress\/ -->\n<title>PANTALON PRO DRIPPED JUNIOR - Tienda de todotrial<\/title>\n<meta name=\"robots\" content=\"index, follow, max-snippet:-1, max-image-preview:large, max-video-preview:-1\" \/>\n<link rel=\"canonical\" href=\"https:\/\/todotrial.com\/tienda\/pantalon-pro-dripped-junior-4\/\" \/>\n<meta property=\"og:locale\" content=\"es_ES\" \/>\n<meta property=\"og:type\" content=\"article\" \/>\n<meta property=\"og:title\" content=\"PANTALON PRO DRIPPED JUNIOR\" \/>\n<meta property=\"og:description\" content=\"Pantal\u00f3n j\u00fanior muy el\u00e1stico y confortable. Incluye rodilleras extra\u00edbles.\" \/>\n<meta property=\"og:url\" content=\"https:\/\/todotrial.com\/tienda\/pantalon-pro-dripped-junior-4\/\" \/>\n<meta property=\"og:site_name\" content=\"Tienda de todotrial\" \/>\n<meta property=\"article:modified_time\" content=\"2025-05-14T08:48:24+00:00\" \/>\n<meta property=\"og:image\" content=\"https:\/\/todotrial.com\/tienda\/wp-content\/uploads\/2025\/02\/HE2200A_ACCION-scaled.jpg\" \/>\n\t<meta property=\"og:image:width\" content=\"2560\" \/>\n\t<meta property=\"og:image:height\" content=\"2560\" \/>\n\t<meta property=\"og:image:type\" content=\"image\/jpeg\" \/>\n<meta name=\"twitter:card\" content=\"summary_large_image\" \/>\n<meta name=\"twitter:label1\" content=\"Tiempo de lectura\" \/>\n\t<meta name=\"twitter:data1\" content=\"1 minuto\" \/>\n<script type=\"application\/ld+json\" class=\"yoast-schema-graph\">{\"@context\":\"https:\\\/\\\/schema.org\",\"@graph\":[{\"@type\":\"WebPage\",\"@id\":\"https:\\\/\\\/todotrial.com\\\/tienda\\\/pantalon-pro-dripped-junior-4\\\/\",\"url\":\"https:\\\/\\\/todotrial.com\\\/tienda\\\/pantalon-pro-dripped-junior-4\\\/\",\"name\":\"PANTALON PRO DRIPPED JUNIOR - Tienda de todotrial\",\"isPartOf\":{\"@id\":\"https:\\\/\\\/todotrial.com\\\/tienda\\\/#website\"},\"primaryImageOfPage\":{\"@id\":\"https:\\\/\\\/todotrial.com\\\/tienda\\\/pantalon-pro-dripped-junior-4\\\/#primaryimage\"},\"image\":{\"@id\":\"https:\\\/\\\/todotrial.com\\\/tienda\\\/pantalon-pro-dripped-junior-4\\\/#primaryimage\"},\"thumbnailUrl\":\"https:\\\/\\\/todotrial.com\\\/tienda\\\/wp-content\\\/uploads\\\/2025\\\/02\\\/HE2200A_ACCION-scaled.jpg\",\"datePublished\":\"2025-02-27T09:21:55+00:00\",\"dateModified\":\"2025-05-14T08:48:24+00:00\",\"breadcrumb\":{\"@id\":\"https:\\\/\\\/todotrial.com\\\/tienda\\\/pantalon-pro-dripped-junior-4\\\/#breadcrumb\"},\"inLanguage\":\"es\",\"potentialAction\":[{\"@type\":\"ReadAction\",\"target\":[\"https:\\\/\\\/todotrial.com\\\/tienda\\\/pantalon-pro-dripped-junior-4\\\/\"]}]},{\"@type\":\"ImageObject\",\"inLanguage\":\"es\",\"@id\":\"https:\\\/\\\/todotrial.com\\\/tienda\\\/pantalon-pro-dripped-junior-4\\\/#primaryimage\",\"url\":\"https:\\\/\\\/todotrial.com\\\/tienda\\\/wp-content\\\/uploads\\\/2025\\\/02\\\/HE2200A_ACCION-scaled.jpg\",\"contentUrl\":\"https:\\\/\\\/todotrial.com\\\/tienda\\\/wp-content\\\/uploads\\\/2025\\\/02\\\/HE2200A_ACCION-scaled.jpg\",\"width\":2560,\"height\":2560},{\"@type\":\"BreadcrumbList\",\"@id\":\"https:\\\/\\\/todotrial.com\\\/tienda\\\/pantalon-pro-dripped-junior-4\\\/#breadcrumb\",\"itemListElement\":[{\"@type\":\"ListItem\",\"position\":1,\"name\":\"Portada\",\"item\":\"https:\\\/\\\/todotrial.com\\\/tienda\\\/\"},{\"@type\":\"ListItem\",\"position\":2,\"name\":\"Shop\",\"item\":\"https:\\\/\\\/todotrial.com\\\/tienda\\\/shop\\\/\"},{\"@type\":\"ListItem\",\"position\":3,\"name\":\"PANTALON PRO DRIPPED JUNIOR\"}]},{\"@type\":\"WebSite\",\"@id\":\"https:\\\/\\\/todotrial.com\\\/tienda\\\/#website\",\"url\":\"https:\\\/\\\/todotrial.com\\\/tienda\\\/\",\"name\":\"Tienda de todotrial\",\"description\":\"\",\"potentialAction\":[{\"@type\":\"SearchAction\",\"target\":{\"@type\":\"EntryPoint\",\"urlTemplate\":\"https:\\\/\\\/todotrial.com\\\/tienda\\\/?s={search_term_string}\"},\"query-input\":{\"@type\":\"PropertyValueSpecification\",\"valueRequired\":true,\"valueName\":\"search_term_string\"}}],\"inLanguage\":\"es\"}]}<\/script>\n<!-- \/ Yoast SEO Premium plugin. -->","yoast_head_json":{"title":"PANTALON PRO DRIPPED JUNIOR - Tienda de todotrial","robots":{"index":"index","follow":"follow","max-snippet":"max-snippet:-1","max-image-preview":"max-image-preview:large","max-video-preview":"max-video-preview:-1"},"canonical":"https:\/\/todotrial.com\/tienda\/pantalon-pro-dripped-junior-4\/","og_locale":"es_ES","og_type":"article","og_title":"PANTALON PRO DRIPPED JUNIOR","og_description":"Pantal\u00f3n j\u00fanior muy el\u00e1stico y confortable. Incluye rodilleras extra\u00edbles.","og_url":"https:\/\/todotrial.com\/tienda\/pantalon-pro-dripped-junior-4\/","og_site_name":"Tienda de todotrial","article_modified_time":"2025-05-14T08:48:24+00:00","og_image":[{"width":2560,"height":2560,"url":"https:\/\/todotrial.com\/tienda\/wp-content\/uploads\/2025\/02\/HE2200A_ACCION-scaled.jpg","type":"image\/jpeg"}],"twitter_card":"summary_large_image","twitter_misc":{"Tiempo de lectura":"1 minuto"},"schema":{"@context":"https:\/\/schema.org","@graph":[{"@type":"WebPage","@id":"https:\/\/todotrial.com\/tienda\/pantalon-pro-dripped-junior-4\/","url":"https:\/\/todotrial.com\/tienda\/pantalon-pro-dripped-junior-4\/","name":"PANTALON PRO DRIPPED JUNIOR - Tienda de todotrial","isPartOf":{"@id":"https:\/\/todotrial.com\/tienda\/#website"},"primaryImageOfPage":{"@id":"https:\/\/todotrial.com\/tienda\/pantalon-pro-dripped-junior-4\/#primaryimage"},"image":{"@id":"https:\/\/todotrial.com\/tienda\/pantalon-pro-dripped-junior-4\/#primaryimage"},"thumbnailUrl":"https:\/\/todotrial.com\/tienda\/wp-content\/uploads\/2025\/02\/HE2200A_ACCION-scaled.jpg","datePublished":"2025-02-27T09:21:55+00:00","dateModified":"2025-05-14T08:48:24+00:00","breadcrumb":{"@id":"https:\/\/todotrial.com\/tienda\/pantalon-pro-dripped-junior-4\/#breadcrumb"},"inLanguage":"es","potentialAction":[{"@type":"ReadAction","target":["https:\/\/todotrial.com\/tienda\/pantalon-pro-dripped-junior-4\/"]}]},{"@type":"ImageObject","inLanguage":"es","@id":"https:\/\/todotrial.com\/tienda\/pantalon-pro-dripped-junior-4\/#primaryimage","url":"https:\/\/todotrial.com\/tienda\/wp-content\/uploads\/2025\/02\/HE2200A_ACCION-scaled.jpg","contentUrl":"https:\/\/todotrial.com\/tienda\/wp-content\/uploads\/2025\/02\/HE2200A_ACCION-scaled.jpg","width":2560,"height":2560},{"@type":"BreadcrumbList","@id":"https:\/\/todotrial.com\/tienda\/pantalon-pro-dripped-junior-4\/#breadcrumb","itemListElement":[{"@type":"ListItem","position":1,"name":"Portada","item":"https:\/\/todotrial.com\/tienda\/"},{"@type":"ListItem","position":2,"name":"Shop","item":"https:\/\/todotrial.com\/tienda\/shop\/"},{"@type":"ListItem","position":3,"name":"PANTALON PRO DRIPPED JUNIOR"}]},{"@type":"WebSite","@id":"https:\/\/todotrial.com\/tienda\/#website","url":"https:\/\/todotrial.com\/tienda\/","name":"Tienda de todotrial","description":"","potentialAction":[{"@type":"SearchAction","target":{"@type":"EntryPoint","urlTemplate":"https:\/\/todotrial.com\/tienda\/?s={search_term_string}"},"query-input":{"@type":"PropertyValueSpecification","valueRequired":true,"valueName":"search_term_string"}}],"inLanguage":"es"}]}},"_links":{"self":[{"href":"https:\/\/todotrial.com\/tienda\/wp-json\/wp\/v2\/product\/52281","targetHints":{"allow":["GET"]}}],"collection":[{"href":"https:\/\/todotrial.com\/tienda\/wp-json\/wp\/v2\/product"}],"about":[{"href":"https:\/\/todotrial.com\/tienda\/wp-json\/wp\/v2\/types\/product"}],"replies":[{"embeddable":true,"href":"https:\/\/todotrial.com\/tienda\/wp-json\/wp\/v2\/comments?post=52281"}],"version-history":[{"count":1,"href":"https:\/\/todotrial.com\/tienda\/wp-json\/wp\/v2\/product\/52281\/revisions"}],"predecessor-version":[{"id":52849,"href":"https:\/\/todotrial.com\/tienda\/wp-json\/wp\/v2\/product\/52281\/revisions\/52849"}],"wp:featuredmedia":[{"embeddable":true,"href":"https:\/\/todotrial.com\/tienda\/wp-json\/wp\/v2\/media\/53444"}],"wp:attachment":[{"href":"https:\/\/todotrial.com\/tienda\/wp-json\/wp\/v2\/media?parent=52281"}],"wp:term":[{"taxonomy":"product_brand","embeddable":true,"href":"https:\/\/todotrial.com\/tienda\/wp-json\/wp\/v2\/product_brand?post=52281"},{"taxonomy":"product_cat","embeddable":true,"href":"https:\/\/todotrial.com\/tienda\/wp-json\/wp\/v2\/product_cat?post=52281"},{"taxonomy":"product_tag","embeddable":true,"href":"https:\/\/todotrial.com\/tienda\/wp-json\/wp\/v2\/product_tag?post=52281"}],"curies":[{"name":"wp","href":"https:\/\/api.w.org\/{rel}","templated":true}]}}