{"id":521,"date":"2020-07-02T14:57:25","date_gmt":"2020-07-02T14:57:25","guid":{"rendered":"https:\/\/todotrial.com\/tienda\/product\/world-trials-87-belgium\/"},"modified":"2025-02-20T17:35:08","modified_gmt":"2025-02-20T16:35:08","slug":"world-trials-87-belgium","status":"publish","type":"product","link":"https:\/\/todotrial.com\/tienda\/world-trials-87-belgium\/","title":{"rendered":"Mundial Trials 1987-Belgium (Luis GALACCH)"},"content":{"rendered":"<p>World Trials 87-Belgium<\/p>\n<p>Despues del impacto de la victoria del espa\u00f1ol Lui Gallach en la ronda de apertura, el Campeonato se traslad\u00f3 a Belgica. El campe\u00f3n Thierry Michaud- Fantic, estaba decidido a no ser depuesto en esta ocasi\u00f3n, pero una vez mas seprodujo una feroz lucha en la cabeza.El h\u00e9roe local, Eddie Lejeune (Honda), Gallach Luis ,Gabino Renales (Gas-Gas), Jordi Tarr\u00e9s (Beta) y Andreu Codina (Gas-Gas) y Steve Saunders (Fantic) estaban ansiosos de ganar valiosos puntos. Maravilloso control del acelerador, con la tercera velocidad,en las paredes rocosas.Maravillate con el equilibrio de las maquinas monoshock al borde del precipicio.<\/p>\n<p>Idioma: Ingl\u00e9s ( Aunque lo verdaderamente importante son las im\u00e1genes y el ruido ambiente)<\/p>\n","protected":false},"excerpt":{"rendered":"<p>Mundial Trials 87-Belgium DVD-Luis Gallach-Gabino Renales-Andres Codina-Jordi Tarres<\/p>\n","protected":false},"featured_media":520,"comment_status":"open","ping_status":"closed","template":"","meta":[],"product_brand":[],"product_cat":[15],"product_tag":[],"class_list":{"0":"post-521","1":"product","2":"type-product","3":"status-publish","4":"has-post-thumbnail","6":"product_cat-uncategorized","8":"first","9":"instock","10":"taxable","11":"shipping-taxable","12":"purchasable","13":"product-type-simple"},"yoast_head":"<!-- This site is optimized with the Yoast SEO Premium plugin v21.2 (Yoast SEO v27.5) - https:\/\/yoast.com\/product\/yoast-seo-premium-wordpress\/ -->\n<title>Mundial Trials 1987-Belgium (Luis GALACCH) - Tienda de todotrial<\/title>\n<meta name=\"robots\" content=\"index, follow, max-snippet:-1, max-image-preview:large, max-video-preview:-1\" \/>\n<link rel=\"canonical\" href=\"https:\/\/todotrial.com\/tienda\/world-trials-87-belgium\/\" \/>\n<meta property=\"og:locale\" content=\"es_ES\" \/>\n<meta property=\"og:type\" content=\"article\" \/>\n<meta property=\"og:title\" content=\"Mundial Trials 1987-Belgium (Luis GALACCH)\" \/>\n<meta property=\"og:description\" content=\"Mundial Trials 87-Belgium DVD-Luis Gallach-Gabino Renales-Andres Codina-Jordi Tarres\" \/>\n<meta property=\"og:url\" content=\"https:\/\/todotrial.com\/tienda\/world-trials-87-belgium\/\" \/>\n<meta property=\"og:site_name\" content=\"Tienda de todotrial\" \/>\n<meta property=\"article:modified_time\" content=\"2025-02-20T16:35:08+00:00\" \/>\n<meta property=\"og:image\" content=\"https:\/\/todotrial.com\/tienda\/wp-content\/uploads\/2020\/07\/2258da.jpg\" \/>\n\t<meta property=\"og:image:width\" content=\"220\" \/>\n\t<meta property=\"og:image:height\" content=\"353\" \/>\n\t<meta property=\"og:image:type\" content=\"image\/jpeg\" \/>\n<meta name=\"twitter:card\" content=\"summary_large_image\" \/>\n<meta name=\"twitter:label1\" content=\"Tiempo de lectura\" \/>\n\t<meta name=\"twitter:data1\" content=\"1 minuto\" \/>\n<script type=\"application\/ld+json\" class=\"yoast-schema-graph\">{\"@context\":\"https:\\\/\\\/schema.org\",\"@graph\":[{\"@type\":\"WebPage\",\"@id\":\"https:\\\/\\\/todotrial.com\\\/tienda\\\/world-trials-87-belgium\\\/\",\"url\":\"https:\\\/\\\/todotrial.com\\\/tienda\\\/world-trials-87-belgium\\\/\",\"name\":\"Mundial Trials 1987-Belgium (Luis GALACCH) - Tienda de todotrial\",\"isPartOf\":{\"@id\":\"https:\\\/\\\/todotrial.com\\\/tienda\\\/#website\"},\"primaryImageOfPage\":{\"@id\":\"https:\\\/\\\/todotrial.com\\\/tienda\\\/world-trials-87-belgium\\\/#primaryimage\"},\"image\":{\"@id\":\"https:\\\/\\\/todotrial.com\\\/tienda\\\/world-trials-87-belgium\\\/#primaryimage\"},\"thumbnailUrl\":\"https:\\\/\\\/todotrial.com\\\/tienda\\\/wp-content\\\/uploads\\\/2020\\\/07\\\/2258da.jpg\",\"datePublished\":\"2020-07-02T14:57:25+00:00\",\"dateModified\":\"2025-02-20T16:35:08+00:00\",\"breadcrumb\":{\"@id\":\"https:\\\/\\\/todotrial.com\\\/tienda\\\/world-trials-87-belgium\\\/#breadcrumb\"},\"inLanguage\":\"es\",\"potentialAction\":[{\"@type\":\"ReadAction\",\"target\":[\"https:\\\/\\\/todotrial.com\\\/tienda\\\/world-trials-87-belgium\\\/\"]}]},{\"@type\":\"ImageObject\",\"inLanguage\":\"es\",\"@id\":\"https:\\\/\\\/todotrial.com\\\/tienda\\\/world-trials-87-belgium\\\/#primaryimage\",\"url\":\"https:\\\/\\\/todotrial.com\\\/tienda\\\/wp-content\\\/uploads\\\/2020\\\/07\\\/2258da.jpg\",\"contentUrl\":\"https:\\\/\\\/todotrial.com\\\/tienda\\\/wp-content\\\/uploads\\\/2020\\\/07\\\/2258da.jpg\",\"width\":220,\"height\":353},{\"@type\":\"BreadcrumbList\",\"@id\":\"https:\\\/\\\/todotrial.com\\\/tienda\\\/world-trials-87-belgium\\\/#breadcrumb\",\"itemListElement\":[{\"@type\":\"ListItem\",\"position\":1,\"name\":\"Portada\",\"item\":\"https:\\\/\\\/todotrial.com\\\/tienda\\\/\"},{\"@type\":\"ListItem\",\"position\":2,\"name\":\"Shop\",\"item\":\"https:\\\/\\\/todotrial.com\\\/tienda\\\/shop\\\/\"},{\"@type\":\"ListItem\",\"position\":3,\"name\":\"Mundial Trials 1987-Belgium (Luis GALACCH)\"}]},{\"@type\":\"WebSite\",\"@id\":\"https:\\\/\\\/todotrial.com\\\/tienda\\\/#website\",\"url\":\"https:\\\/\\\/todotrial.com\\\/tienda\\\/\",\"name\":\"Tienda de todotrial\",\"description\":\"\",\"potentialAction\":[{\"@type\":\"SearchAction\",\"target\":{\"@type\":\"EntryPoint\",\"urlTemplate\":\"https:\\\/\\\/todotrial.com\\\/tienda\\\/?s={search_term_string}\"},\"query-input\":{\"@type\":\"PropertyValueSpecification\",\"valueRequired\":true,\"valueName\":\"search_term_string\"}}],\"inLanguage\":\"es\"}]}<\/script>\n<!-- \/ Yoast SEO Premium plugin. -->","yoast_head_json":{"title":"Mundial Trials 1987-Belgium (Luis GALACCH) - Tienda de todotrial","robots":{"index":"index","follow":"follow","max-snippet":"max-snippet:-1","max-image-preview":"max-image-preview:large","max-video-preview":"max-video-preview:-1"},"canonical":"https:\/\/todotrial.com\/tienda\/world-trials-87-belgium\/","og_locale":"es_ES","og_type":"article","og_title":"Mundial Trials 1987-Belgium (Luis GALACCH)","og_description":"Mundial Trials 87-Belgium DVD-Luis Gallach-Gabino Renales-Andres Codina-Jordi Tarres","og_url":"https:\/\/todotrial.com\/tienda\/world-trials-87-belgium\/","og_site_name":"Tienda de todotrial","article_modified_time":"2025-02-20T16:35:08+00:00","og_image":[{"width":220,"height":353,"url":"https:\/\/todotrial.com\/tienda\/wp-content\/uploads\/2020\/07\/2258da.jpg","type":"image\/jpeg"}],"twitter_card":"summary_large_image","twitter_misc":{"Tiempo de lectura":"1 minuto"},"schema":{"@context":"https:\/\/schema.org","@graph":[{"@type":"WebPage","@id":"https:\/\/todotrial.com\/tienda\/world-trials-87-belgium\/","url":"https:\/\/todotrial.com\/tienda\/world-trials-87-belgium\/","name":"Mundial Trials 1987-Belgium (Luis GALACCH) - Tienda de todotrial","isPartOf":{"@id":"https:\/\/todotrial.com\/tienda\/#website"},"primaryImageOfPage":{"@id":"https:\/\/todotrial.com\/tienda\/world-trials-87-belgium\/#primaryimage"},"image":{"@id":"https:\/\/todotrial.com\/tienda\/world-trials-87-belgium\/#primaryimage"},"thumbnailUrl":"https:\/\/todotrial.com\/tienda\/wp-content\/uploads\/2020\/07\/2258da.jpg","datePublished":"2020-07-02T14:57:25+00:00","dateModified":"2025-02-20T16:35:08+00:00","breadcrumb":{"@id":"https:\/\/todotrial.com\/tienda\/world-trials-87-belgium\/#breadcrumb"},"inLanguage":"es","potentialAction":[{"@type":"ReadAction","target":["https:\/\/todotrial.com\/tienda\/world-trials-87-belgium\/"]}]},{"@type":"ImageObject","inLanguage":"es","@id":"https:\/\/todotrial.com\/tienda\/world-trials-87-belgium\/#primaryimage","url":"https:\/\/todotrial.com\/tienda\/wp-content\/uploads\/2020\/07\/2258da.jpg","contentUrl":"https:\/\/todotrial.com\/tienda\/wp-content\/uploads\/2020\/07\/2258da.jpg","width":220,"height":353},{"@type":"BreadcrumbList","@id":"https:\/\/todotrial.com\/tienda\/world-trials-87-belgium\/#breadcrumb","itemListElement":[{"@type":"ListItem","position":1,"name":"Portada","item":"https:\/\/todotrial.com\/tienda\/"},{"@type":"ListItem","position":2,"name":"Shop","item":"https:\/\/todotrial.com\/tienda\/shop\/"},{"@type":"ListItem","position":3,"name":"Mundial Trials 1987-Belgium (Luis GALACCH)"}]},{"@type":"WebSite","@id":"https:\/\/todotrial.com\/tienda\/#website","url":"https:\/\/todotrial.com\/tienda\/","name":"Tienda de todotrial","description":"","potentialAction":[{"@type":"SearchAction","target":{"@type":"EntryPoint","urlTemplate":"https:\/\/todotrial.com\/tienda\/?s={search_term_string}"},"query-input":{"@type":"PropertyValueSpecification","valueRequired":true,"valueName":"search_term_string"}}],"inLanguage":"es"}]}},"_links":{"self":[{"href":"https:\/\/todotrial.com\/tienda\/wp-json\/wp\/v2\/product\/521","targetHints":{"allow":["GET"]}}],"collection":[{"href":"https:\/\/todotrial.com\/tienda\/wp-json\/wp\/v2\/product"}],"about":[{"href":"https:\/\/todotrial.com\/tienda\/wp-json\/wp\/v2\/types\/product"}],"replies":[{"embeddable":true,"href":"https:\/\/todotrial.com\/tienda\/wp-json\/wp\/v2\/comments?post=521"}],"version-history":[{"count":0,"href":"https:\/\/todotrial.com\/tienda\/wp-json\/wp\/v2\/product\/521\/revisions"}],"wp:featuredmedia":[{"embeddable":true,"href":"https:\/\/todotrial.com\/tienda\/wp-json\/wp\/v2\/media\/520"}],"wp:attachment":[{"href":"https:\/\/todotrial.com\/tienda\/wp-json\/wp\/v2\/media?parent=521"}],"wp:term":[{"taxonomy":"product_brand","embeddable":true,"href":"https:\/\/todotrial.com\/tienda\/wp-json\/wp\/v2\/product_brand?post=521"},{"taxonomy":"product_cat","embeddable":true,"href":"https:\/\/todotrial.com\/tienda\/wp-json\/wp\/v2\/product_cat?post=521"},{"taxonomy":"product_tag","embeddable":true,"href":"https:\/\/todotrial.com\/tienda\/wp-json\/wp\/v2\/product_tag?post=521"}],"curies":[{"name":"wp","href":"https:\/\/api.w.org\/{rel}","templated":true}]}}