{"id":515,"date":"2020-07-02T14:57:02","date_gmt":"2020-07-02T14:57:02","guid":{"rendered":"https:\/\/todotrial.com\/tienda\/product\/trial-outdoor-2002\/"},"modified":"2025-02-20T17:35:10","modified_gmt":"2025-02-20T16:35:10","slug":"trial-outdoor-2002","status":"publish","type":"product","link":"https:\/\/todotrial.com\/tienda\/trial-outdoor-2002\/","title":{"rendered":"Mundial Outdoor  2002"},"content":{"rendered":"<p>World Outdoor Trials Review 2002 DVD<\/p>\n<p>No es velocidad, es una batalla entre el piloto y el terreno.<\/p>\n<p>Sucede lo imposible.<\/p>\n<p>Con una gama de cursos innovadores, y una gran cantidad de competidores up-and-coming, el Campeonato Mundial de Trial al aire libre se hace m\u00e1s fuerte cada a\u00f1o.<\/p>\n<p>El vigente campe\u00f3n del mundo Dougie Lampkin est\u00e1 siempre un paso por delante. El hombre de Yorkshire ha sin ayuda empujado los par\u00e1metros del trial en moto, en 2002, realmente dando ca\u00f1a ! Disparando por su sexto campeonato de trial outdoor.<\/p>\n<p>Lampkin fu\u00e9 una figura imponente en su Montesa.<\/p>\n<p>De pie en su camino habia un campo de competidores de primera clase incluyendo a Albert Cabestany, Takahisa Fujinami, Adam Raga y su compatriota brit\u00e1nico Steve Colley.<\/p>\n<p>Los procedimientos del campe\u00f3n dominado con un impresionante despliegue de poder y control, su reto m\u00e1s cercano viene de su compa\u00f1ero de equipo Honda Fujinami. En la ronda final de la temporada en Motegi, una animada multitud japonesa vio a Lampkin retener su corona mundial con estilo.<\/p>\n<p>No te pierdas el ritmo como a toda la historia de su hist\u00f3rica temporada es contada a trav\u00e9s de una gama de \u00e1ngulos de c\u00e1mara, comentarios informativos y entrevistas interesantes. Con la acci\u00f3n de alta calidad de todas las ronda, este fant\u00e1stico revision cuenta todas las emociones y sucesos de otro campeonato lleno de acontecimientos!<\/p>\n<p>Idioma: Ingl\u00e9s ( Aunque lo verdaderamente importante son las im\u00e1genes y el ruido ambiente)<\/p>\n","protected":false},"excerpt":{"rendered":"<p>World Outdoor Trials Review 2002 DVD-95 minutos<\/p>\n","protected":false},"featured_media":514,"comment_status":"open","ping_status":"closed","template":"","meta":[],"product_brand":[],"product_cat":[15],"product_tag":[],"class_list":{"0":"post-515","1":"product","2":"type-product","3":"status-publish","4":"has-post-thumbnail","6":"product_cat-uncategorized","8":"first","9":"instock","10":"taxable","11":"shipping-taxable","12":"purchasable","13":"product-type-simple"},"yoast_head":"<!-- This site is optimized with the Yoast SEO Premium plugin v21.2 (Yoast SEO v27.5) - https:\/\/yoast.com\/product\/yoast-seo-premium-wordpress\/ -->\n<title>Mundial Outdoor 2002 - Tienda de todotrial<\/title>\n<meta name=\"robots\" content=\"index, follow, max-snippet:-1, max-image-preview:large, max-video-preview:-1\" \/>\n<link rel=\"canonical\" href=\"https:\/\/todotrial.com\/tienda\/trial-outdoor-2002\/\" \/>\n<meta property=\"og:locale\" content=\"es_ES\" \/>\n<meta property=\"og:type\" content=\"article\" \/>\n<meta property=\"og:title\" content=\"Mundial Outdoor 2002\" \/>\n<meta property=\"og:description\" content=\"World Outdoor Trials Review 2002 DVD-95 minutos\" \/>\n<meta property=\"og:url\" content=\"https:\/\/todotrial.com\/tienda\/trial-outdoor-2002\/\" \/>\n<meta property=\"og:site_name\" content=\"Tienda de todotrial\" \/>\n<meta property=\"article:modified_time\" content=\"2025-02-20T16:35:10+00:00\" \/>\n<meta property=\"og:image\" content=\"https:\/\/todotrial.com\/tienda\/wp-content\/uploads\/2020\/07\/2114.jpg\" \/>\n\t<meta property=\"og:image:width\" content=\"149\" \/>\n\t<meta property=\"og:image:height\" content=\"208\" \/>\n\t<meta property=\"og:image:type\" content=\"image\/jpeg\" \/>\n<meta name=\"twitter:card\" content=\"summary_large_image\" \/>\n<meta name=\"twitter:label1\" content=\"Tiempo de lectura\" \/>\n\t<meta name=\"twitter:data1\" content=\"1 minuto\" \/>\n<script type=\"application\/ld+json\" class=\"yoast-schema-graph\">{\"@context\":\"https:\\\/\\\/schema.org\",\"@graph\":[{\"@type\":\"WebPage\",\"@id\":\"https:\\\/\\\/todotrial.com\\\/tienda\\\/trial-outdoor-2002\\\/\",\"url\":\"https:\\\/\\\/todotrial.com\\\/tienda\\\/trial-outdoor-2002\\\/\",\"name\":\"Mundial Outdoor 2002 - Tienda de todotrial\",\"isPartOf\":{\"@id\":\"https:\\\/\\\/todotrial.com\\\/tienda\\\/#website\"},\"primaryImageOfPage\":{\"@id\":\"https:\\\/\\\/todotrial.com\\\/tienda\\\/trial-outdoor-2002\\\/#primaryimage\"},\"image\":{\"@id\":\"https:\\\/\\\/todotrial.com\\\/tienda\\\/trial-outdoor-2002\\\/#primaryimage\"},\"thumbnailUrl\":\"https:\\\/\\\/todotrial.com\\\/tienda\\\/wp-content\\\/uploads\\\/2020\\\/07\\\/2114.jpg\",\"datePublished\":\"2020-07-02T14:57:02+00:00\",\"dateModified\":\"2025-02-20T16:35:10+00:00\",\"breadcrumb\":{\"@id\":\"https:\\\/\\\/todotrial.com\\\/tienda\\\/trial-outdoor-2002\\\/#breadcrumb\"},\"inLanguage\":\"es\",\"potentialAction\":[{\"@type\":\"ReadAction\",\"target\":[\"https:\\\/\\\/todotrial.com\\\/tienda\\\/trial-outdoor-2002\\\/\"]}]},{\"@type\":\"ImageObject\",\"inLanguage\":\"es\",\"@id\":\"https:\\\/\\\/todotrial.com\\\/tienda\\\/trial-outdoor-2002\\\/#primaryimage\",\"url\":\"https:\\\/\\\/todotrial.com\\\/tienda\\\/wp-content\\\/uploads\\\/2020\\\/07\\\/2114.jpg\",\"contentUrl\":\"https:\\\/\\\/todotrial.com\\\/tienda\\\/wp-content\\\/uploads\\\/2020\\\/07\\\/2114.jpg\",\"width\":149,\"height\":208},{\"@type\":\"BreadcrumbList\",\"@id\":\"https:\\\/\\\/todotrial.com\\\/tienda\\\/trial-outdoor-2002\\\/#breadcrumb\",\"itemListElement\":[{\"@type\":\"ListItem\",\"position\":1,\"name\":\"Portada\",\"item\":\"https:\\\/\\\/todotrial.com\\\/tienda\\\/\"},{\"@type\":\"ListItem\",\"position\":2,\"name\":\"Shop\",\"item\":\"https:\\\/\\\/todotrial.com\\\/tienda\\\/shop\\\/\"},{\"@type\":\"ListItem\",\"position\":3,\"name\":\"Mundial Outdoor 2002\"}]},{\"@type\":\"WebSite\",\"@id\":\"https:\\\/\\\/todotrial.com\\\/tienda\\\/#website\",\"url\":\"https:\\\/\\\/todotrial.com\\\/tienda\\\/\",\"name\":\"Tienda de todotrial\",\"description\":\"\",\"potentialAction\":[{\"@type\":\"SearchAction\",\"target\":{\"@type\":\"EntryPoint\",\"urlTemplate\":\"https:\\\/\\\/todotrial.com\\\/tienda\\\/?s={search_term_string}\"},\"query-input\":{\"@type\":\"PropertyValueSpecification\",\"valueRequired\":true,\"valueName\":\"search_term_string\"}}],\"inLanguage\":\"es\"}]}<\/script>\n<!-- \/ Yoast SEO Premium plugin. -->","yoast_head_json":{"title":"Mundial Outdoor 2002 - Tienda de todotrial","robots":{"index":"index","follow":"follow","max-snippet":"max-snippet:-1","max-image-preview":"max-image-preview:large","max-video-preview":"max-video-preview:-1"},"canonical":"https:\/\/todotrial.com\/tienda\/trial-outdoor-2002\/","og_locale":"es_ES","og_type":"article","og_title":"Mundial Outdoor 2002","og_description":"World Outdoor Trials Review 2002 DVD-95 minutos","og_url":"https:\/\/todotrial.com\/tienda\/trial-outdoor-2002\/","og_site_name":"Tienda de todotrial","article_modified_time":"2025-02-20T16:35:10+00:00","og_image":[{"width":149,"height":208,"url":"https:\/\/todotrial.com\/tienda\/wp-content\/uploads\/2020\/07\/2114.jpg","type":"image\/jpeg"}],"twitter_card":"summary_large_image","twitter_misc":{"Tiempo de lectura":"1 minuto"},"schema":{"@context":"https:\/\/schema.org","@graph":[{"@type":"WebPage","@id":"https:\/\/todotrial.com\/tienda\/trial-outdoor-2002\/","url":"https:\/\/todotrial.com\/tienda\/trial-outdoor-2002\/","name":"Mundial Outdoor 2002 - Tienda de todotrial","isPartOf":{"@id":"https:\/\/todotrial.com\/tienda\/#website"},"primaryImageOfPage":{"@id":"https:\/\/todotrial.com\/tienda\/trial-outdoor-2002\/#primaryimage"},"image":{"@id":"https:\/\/todotrial.com\/tienda\/trial-outdoor-2002\/#primaryimage"},"thumbnailUrl":"https:\/\/todotrial.com\/tienda\/wp-content\/uploads\/2020\/07\/2114.jpg","datePublished":"2020-07-02T14:57:02+00:00","dateModified":"2025-02-20T16:35:10+00:00","breadcrumb":{"@id":"https:\/\/todotrial.com\/tienda\/trial-outdoor-2002\/#breadcrumb"},"inLanguage":"es","potentialAction":[{"@type":"ReadAction","target":["https:\/\/todotrial.com\/tienda\/trial-outdoor-2002\/"]}]},{"@type":"ImageObject","inLanguage":"es","@id":"https:\/\/todotrial.com\/tienda\/trial-outdoor-2002\/#primaryimage","url":"https:\/\/todotrial.com\/tienda\/wp-content\/uploads\/2020\/07\/2114.jpg","contentUrl":"https:\/\/todotrial.com\/tienda\/wp-content\/uploads\/2020\/07\/2114.jpg","width":149,"height":208},{"@type":"BreadcrumbList","@id":"https:\/\/todotrial.com\/tienda\/trial-outdoor-2002\/#breadcrumb","itemListElement":[{"@type":"ListItem","position":1,"name":"Portada","item":"https:\/\/todotrial.com\/tienda\/"},{"@type":"ListItem","position":2,"name":"Shop","item":"https:\/\/todotrial.com\/tienda\/shop\/"},{"@type":"ListItem","position":3,"name":"Mundial Outdoor 2002"}]},{"@type":"WebSite","@id":"https:\/\/todotrial.com\/tienda\/#website","url":"https:\/\/todotrial.com\/tienda\/","name":"Tienda de todotrial","description":"","potentialAction":[{"@type":"SearchAction","target":{"@type":"EntryPoint","urlTemplate":"https:\/\/todotrial.com\/tienda\/?s={search_term_string}"},"query-input":{"@type":"PropertyValueSpecification","valueRequired":true,"valueName":"search_term_string"}}],"inLanguage":"es"}]}},"_links":{"self":[{"href":"https:\/\/todotrial.com\/tienda\/wp-json\/wp\/v2\/product\/515","targetHints":{"allow":["GET"]}}],"collection":[{"href":"https:\/\/todotrial.com\/tienda\/wp-json\/wp\/v2\/product"}],"about":[{"href":"https:\/\/todotrial.com\/tienda\/wp-json\/wp\/v2\/types\/product"}],"replies":[{"embeddable":true,"href":"https:\/\/todotrial.com\/tienda\/wp-json\/wp\/v2\/comments?post=515"}],"version-history":[{"count":0,"href":"https:\/\/todotrial.com\/tienda\/wp-json\/wp\/v2\/product\/515\/revisions"}],"wp:featuredmedia":[{"embeddable":true,"href":"https:\/\/todotrial.com\/tienda\/wp-json\/wp\/v2\/media\/514"}],"wp:attachment":[{"href":"https:\/\/todotrial.com\/tienda\/wp-json\/wp\/v2\/media?parent=515"}],"wp:term":[{"taxonomy":"product_brand","embeddable":true,"href":"https:\/\/todotrial.com\/tienda\/wp-json\/wp\/v2\/product_brand?post=515"},{"taxonomy":"product_cat","embeddable":true,"href":"https:\/\/todotrial.com\/tienda\/wp-json\/wp\/v2\/product_cat?post=515"},{"taxonomy":"product_tag","embeddable":true,"href":"https:\/\/todotrial.com\/tienda\/wp-json\/wp\/v2\/product_tag?post=515"}],"curies":[{"name":"wp","href":"https:\/\/api.w.org\/{rel}","templated":true}]}}