{"id":511,"date":"2020-07-02T14:56:45","date_gmt":"2020-07-02T14:56:45","guid":{"rendered":"https:\/\/todotrial.com\/tienda\/product\/indoor-sheffield-2009\/"},"modified":"2025-02-20T17:35:12","modified_gmt":"2025-02-20T16:35:12","slug":"indoor-sheffield-2009","status":"publish","type":"product","link":"https:\/\/todotrial.com\/tienda\/indoor-sheffield-2009\/","title":{"rendered":"Indoor de Sheffield 2009"},"content":{"rendered":"<p><span color=\"#000000\" face=\"Arial, Helvetica, sans-serif\" size=\"2\">DVD Trial Indoor de Sheffield 2009<\/span><\/p>\n<p align=\"left\"><span color=\"#000000\" face=\"Arial, Helvetica, sans-serif\" size=\"2\">Tras varios a\u00f1os fuera, el mejor trial indoor celebrado en el Reino Unido, el de Sheffield, ha vuelto a formar parte del Campeonato del Mundo de Trial Indoor.<\/span><\/p>\n<p align=\"left\"><span color=\"#000000\" face=\"Arial, Helvetica, sans-serif\" size=\"2\">Este es el resumen de la primera prueba puntuable para el Mundial Indoor 2009, Sheffield es siempre uno de los indoor mejores y m\u00e1svistosos, por la espectacularidad de sus zonas, sus originales ideas o porque siempre el Arena de Sheffield se llena hasta arriba para presenciar el espect\u00e1culo y por supuesto animar al \u00eddolo local Dougie Lampkin, que en esta ocasi\u00f3n tuvo una gran actuaci\u00f3n en la que pudo ser su \u00faltima participaci\u00f3n.<\/span><\/p>\n<p align=\"left\"><span color=\"#000000\" face=\"Arial, Helvetica, sans-serif\" size=\"2\">En esta edici\u00f3n Toni Bou comenzaba venciendo el certamen, que a la postre le llevar\u00eda a obtener su tercer t\u00edtulo de Campe\u00f3n del Mundo de Trial Indoor. 100 minutos de accion de primera clase con la participacion de los mejores del mundo, Toni Bou, Adam Raga, Albert cabestany, Takahisa Fujinami, Jeroni Fajardo, Dougie Lampkin y Michael Brown.<\/span><\/p>\n<p align=\"left\">&nbsp;Idioma: Ingl\u00e9s ( Aunque lo verdaderamente importante son las im\u00e1genes y el ruido ambiente)<\/p>\n","protected":false},"excerpt":{"rendered":"<p>DVD Trial Indoor de Sheffield 2009<\/p>\n","protected":false},"featured_media":510,"comment_status":"open","ping_status":"closed","template":"","meta":[],"product_brand":[],"product_cat":[15],"product_tag":[],"class_list":{"0":"post-511","1":"product","2":"type-product","3":"status-publish","4":"has-post-thumbnail","6":"product_cat-uncategorized","8":"first","9":"instock","10":"taxable","11":"shipping-taxable","12":"purchasable","13":"product-type-simple"},"yoast_head":"<!-- This site is optimized with the Yoast SEO Premium plugin v21.2 (Yoast SEO v27.5) - https:\/\/yoast.com\/product\/yoast-seo-premium-wordpress\/ -->\n<title>Indoor de Sheffield 2009 - Tienda de todotrial<\/title>\n<meta name=\"robots\" content=\"index, follow, max-snippet:-1, max-image-preview:large, max-video-preview:-1\" \/>\n<link rel=\"canonical\" href=\"https:\/\/todotrial.com\/tienda\/indoor-sheffield-2009\/\" \/>\n<meta property=\"og:locale\" content=\"es_ES\" \/>\n<meta property=\"og:type\" content=\"article\" \/>\n<meta property=\"og:title\" content=\"Indoor de Sheffield 2009\" \/>\n<meta property=\"og:description\" content=\"DVD Trial Indoor de Sheffield 2009\" \/>\n<meta property=\"og:url\" content=\"https:\/\/todotrial.com\/tienda\/indoor-sheffield-2009\/\" \/>\n<meta property=\"og:site_name\" content=\"Tienda de todotrial\" \/>\n<meta property=\"article:modified_time\" content=\"2025-02-20T16:35:12+00:00\" \/>\n<meta property=\"og:image\" content=\"https:\/\/todotrial.com\/tienda\/wp-content\/uploads\/2020\/07\/dvd-indoor-sheffield-2009.jpg\" \/>\n\t<meta property=\"og:image:width\" content=\"200\" \/>\n\t<meta property=\"og:image:height\" content=\"302\" \/>\n\t<meta property=\"og:image:type\" content=\"image\/jpeg\" \/>\n<meta name=\"twitter:card\" content=\"summary_large_image\" \/>\n<meta name=\"twitter:label1\" content=\"Tiempo de lectura\" \/>\n\t<meta name=\"twitter:data1\" content=\"1 minuto\" \/>\n<script type=\"application\/ld+json\" class=\"yoast-schema-graph\">{\"@context\":\"https:\\\/\\\/schema.org\",\"@graph\":[{\"@type\":\"WebPage\",\"@id\":\"https:\\\/\\\/todotrial.com\\\/tienda\\\/indoor-sheffield-2009\\\/\",\"url\":\"https:\\\/\\\/todotrial.com\\\/tienda\\\/indoor-sheffield-2009\\\/\",\"name\":\"Indoor de Sheffield 2009 - Tienda de todotrial\",\"isPartOf\":{\"@id\":\"https:\\\/\\\/todotrial.com\\\/tienda\\\/#website\"},\"primaryImageOfPage\":{\"@id\":\"https:\\\/\\\/todotrial.com\\\/tienda\\\/indoor-sheffield-2009\\\/#primaryimage\"},\"image\":{\"@id\":\"https:\\\/\\\/todotrial.com\\\/tienda\\\/indoor-sheffield-2009\\\/#primaryimage\"},\"thumbnailUrl\":\"https:\\\/\\\/todotrial.com\\\/tienda\\\/wp-content\\\/uploads\\\/2020\\\/07\\\/dvd-indoor-sheffield-2009.jpg\",\"datePublished\":\"2020-07-02T14:56:45+00:00\",\"dateModified\":\"2025-02-20T16:35:12+00:00\",\"breadcrumb\":{\"@id\":\"https:\\\/\\\/todotrial.com\\\/tienda\\\/indoor-sheffield-2009\\\/#breadcrumb\"},\"inLanguage\":\"es\",\"potentialAction\":[{\"@type\":\"ReadAction\",\"target\":[\"https:\\\/\\\/todotrial.com\\\/tienda\\\/indoor-sheffield-2009\\\/\"]}]},{\"@type\":\"ImageObject\",\"inLanguage\":\"es\",\"@id\":\"https:\\\/\\\/todotrial.com\\\/tienda\\\/indoor-sheffield-2009\\\/#primaryimage\",\"url\":\"https:\\\/\\\/todotrial.com\\\/tienda\\\/wp-content\\\/uploads\\\/2020\\\/07\\\/dvd-indoor-sheffield-2009.jpg\",\"contentUrl\":\"https:\\\/\\\/todotrial.com\\\/tienda\\\/wp-content\\\/uploads\\\/2020\\\/07\\\/dvd-indoor-sheffield-2009.jpg\",\"width\":200,\"height\":302},{\"@type\":\"BreadcrumbList\",\"@id\":\"https:\\\/\\\/todotrial.com\\\/tienda\\\/indoor-sheffield-2009\\\/#breadcrumb\",\"itemListElement\":[{\"@type\":\"ListItem\",\"position\":1,\"name\":\"Portada\",\"item\":\"https:\\\/\\\/todotrial.com\\\/tienda\\\/\"},{\"@type\":\"ListItem\",\"position\":2,\"name\":\"Shop\",\"item\":\"https:\\\/\\\/todotrial.com\\\/tienda\\\/shop\\\/\"},{\"@type\":\"ListItem\",\"position\":3,\"name\":\"Indoor de Sheffield 2009\"}]},{\"@type\":\"WebSite\",\"@id\":\"https:\\\/\\\/todotrial.com\\\/tienda\\\/#website\",\"url\":\"https:\\\/\\\/todotrial.com\\\/tienda\\\/\",\"name\":\"Tienda de todotrial\",\"description\":\"\",\"potentialAction\":[{\"@type\":\"SearchAction\",\"target\":{\"@type\":\"EntryPoint\",\"urlTemplate\":\"https:\\\/\\\/todotrial.com\\\/tienda\\\/?s={search_term_string}\"},\"query-input\":{\"@type\":\"PropertyValueSpecification\",\"valueRequired\":true,\"valueName\":\"search_term_string\"}}],\"inLanguage\":\"es\"}]}<\/script>\n<!-- \/ Yoast SEO Premium plugin. -->","yoast_head_json":{"title":"Indoor de Sheffield 2009 - Tienda de todotrial","robots":{"index":"index","follow":"follow","max-snippet":"max-snippet:-1","max-image-preview":"max-image-preview:large","max-video-preview":"max-video-preview:-1"},"canonical":"https:\/\/todotrial.com\/tienda\/indoor-sheffield-2009\/","og_locale":"es_ES","og_type":"article","og_title":"Indoor de Sheffield 2009","og_description":"DVD Trial Indoor de Sheffield 2009","og_url":"https:\/\/todotrial.com\/tienda\/indoor-sheffield-2009\/","og_site_name":"Tienda de todotrial","article_modified_time":"2025-02-20T16:35:12+00:00","og_image":[{"width":200,"height":302,"url":"https:\/\/todotrial.com\/tienda\/wp-content\/uploads\/2020\/07\/dvd-indoor-sheffield-2009.jpg","type":"image\/jpeg"}],"twitter_card":"summary_large_image","twitter_misc":{"Tiempo de lectura":"1 minuto"},"schema":{"@context":"https:\/\/schema.org","@graph":[{"@type":"WebPage","@id":"https:\/\/todotrial.com\/tienda\/indoor-sheffield-2009\/","url":"https:\/\/todotrial.com\/tienda\/indoor-sheffield-2009\/","name":"Indoor de Sheffield 2009 - Tienda de todotrial","isPartOf":{"@id":"https:\/\/todotrial.com\/tienda\/#website"},"primaryImageOfPage":{"@id":"https:\/\/todotrial.com\/tienda\/indoor-sheffield-2009\/#primaryimage"},"image":{"@id":"https:\/\/todotrial.com\/tienda\/indoor-sheffield-2009\/#primaryimage"},"thumbnailUrl":"https:\/\/todotrial.com\/tienda\/wp-content\/uploads\/2020\/07\/dvd-indoor-sheffield-2009.jpg","datePublished":"2020-07-02T14:56:45+00:00","dateModified":"2025-02-20T16:35:12+00:00","breadcrumb":{"@id":"https:\/\/todotrial.com\/tienda\/indoor-sheffield-2009\/#breadcrumb"},"inLanguage":"es","potentialAction":[{"@type":"ReadAction","target":["https:\/\/todotrial.com\/tienda\/indoor-sheffield-2009\/"]}]},{"@type":"ImageObject","inLanguage":"es","@id":"https:\/\/todotrial.com\/tienda\/indoor-sheffield-2009\/#primaryimage","url":"https:\/\/todotrial.com\/tienda\/wp-content\/uploads\/2020\/07\/dvd-indoor-sheffield-2009.jpg","contentUrl":"https:\/\/todotrial.com\/tienda\/wp-content\/uploads\/2020\/07\/dvd-indoor-sheffield-2009.jpg","width":200,"height":302},{"@type":"BreadcrumbList","@id":"https:\/\/todotrial.com\/tienda\/indoor-sheffield-2009\/#breadcrumb","itemListElement":[{"@type":"ListItem","position":1,"name":"Portada","item":"https:\/\/todotrial.com\/tienda\/"},{"@type":"ListItem","position":2,"name":"Shop","item":"https:\/\/todotrial.com\/tienda\/shop\/"},{"@type":"ListItem","position":3,"name":"Indoor de Sheffield 2009"}]},{"@type":"WebSite","@id":"https:\/\/todotrial.com\/tienda\/#website","url":"https:\/\/todotrial.com\/tienda\/","name":"Tienda de todotrial","description":"","potentialAction":[{"@type":"SearchAction","target":{"@type":"EntryPoint","urlTemplate":"https:\/\/todotrial.com\/tienda\/?s={search_term_string}"},"query-input":{"@type":"PropertyValueSpecification","valueRequired":true,"valueName":"search_term_string"}}],"inLanguage":"es"}]}},"_links":{"self":[{"href":"https:\/\/todotrial.com\/tienda\/wp-json\/wp\/v2\/product\/511","targetHints":{"allow":["GET"]}}],"collection":[{"href":"https:\/\/todotrial.com\/tienda\/wp-json\/wp\/v2\/product"}],"about":[{"href":"https:\/\/todotrial.com\/tienda\/wp-json\/wp\/v2\/types\/product"}],"replies":[{"embeddable":true,"href":"https:\/\/todotrial.com\/tienda\/wp-json\/wp\/v2\/comments?post=511"}],"version-history":[{"count":0,"href":"https:\/\/todotrial.com\/tienda\/wp-json\/wp\/v2\/product\/511\/revisions"}],"wp:featuredmedia":[{"embeddable":true,"href":"https:\/\/todotrial.com\/tienda\/wp-json\/wp\/v2\/media\/510"}],"wp:attachment":[{"href":"https:\/\/todotrial.com\/tienda\/wp-json\/wp\/v2\/media?parent=511"}],"wp:term":[{"taxonomy":"product_brand","embeddable":true,"href":"https:\/\/todotrial.com\/tienda\/wp-json\/wp\/v2\/product_brand?post=511"},{"taxonomy":"product_cat","embeddable":true,"href":"https:\/\/todotrial.com\/tienda\/wp-json\/wp\/v2\/product_cat?post=511"},{"taxonomy":"product_tag","embeddable":true,"href":"https:\/\/todotrial.com\/tienda\/wp-json\/wp\/v2\/product_tag?post=511"}],"curies":[{"name":"wp","href":"https:\/\/api.w.org\/{rel}","templated":true}]}}