{"id":509,"date":"2020-07-02T14:56:39","date_gmt":"2020-07-02T14:56:39","guid":{"rendered":"https:\/\/todotrial.com\/tienda\/product\/scottish-pre-65-2009\/"},"modified":"2025-02-20T17:35:13","modified_gmt":"2025-02-20T16:35:13","slug":"scottish-pre-65-2009","status":"publish","type":"product","link":"https:\/\/todotrial.com\/tienda\/scottish-pre-65-2009\/","title":{"rendered":"Scottish Trial  Pre 65 2009"},"content":{"rendered":"<p><span color=\"#000000\" face=\"Arial, Helvetica, sans-serif\" size=\"2\">DVD The Scottish Pre 65 2009<\/span><\/p>\n<p>Ya nos hemos acostumbrado a que los Scottish Pre &#8217;65 se disputen con buen tiempo, pero este no fue el caso de la edici\u00f3n 2009, y el viernes fue un d\u00eda lluvioso y con blackwaters con agua en los moors. Tambi\u00e9n<\/p>\n<p>en esta edici\u00f3n fueron diferentes los nombres de los pilotos que coparon el podio.<\/p>\n<p>Este resumen en video de los Scottish Pre &#8217;65 2009 contiene 2 horas de las mejores im\u00e1genes tomadas por CJB, que en esta ocasi\u00f3n dispuso nada menos que de tres c\u00e1maras en las dos jornadas de competici\u00f3n, para acercaros todo sobre los Scottish Pre 65. El DVD est\u00e1 comentado en ingl\u00e9s e incluye todos los resultados.<\/p>\n<p>De nuevo causar\u00e1n impresi\u00f3n las im\u00e1genes de estas motos cl\u00e1sicas anteriores a 1965 realizando las zonas m\u00e1s m\u00edticas de la historia del trial en unos paisajes incre\u00edbles. No os lo pod\u00e9is perder.<\/p>\n<p>Idioma: Ingl\u00e9s ( Aunque lo verdaderamente importante son las im\u00e1genes y el ruido ambiente)<\/p>\n<p><span color=\"#000000\" face=\"Arial, Helvetica, sans-serif\" size=\"2\"><\/span><span color=\"#000000\" face=\"Arial, Helvetica, sans-serif\" size=\"2\"><br color=\"#000000\" face=\"Arial, Helvetica, sans-serif\" size=\"2\" \/><\/span><\/p>\n","protected":false},"excerpt":{"rendered":"<p>DVD The Scottish Pre 65 2009<\/p>\n","protected":false},"featured_media":508,"comment_status":"open","ping_status":"closed","template":"","meta":[],"product_brand":[],"product_cat":[15],"product_tag":[],"class_list":{"0":"post-509","1":"product","2":"type-product","3":"status-publish","4":"has-post-thumbnail","6":"product_cat-uncategorized","8":"first","9":"outofstock","10":"taxable","11":"shipping-taxable","12":"purchasable","13":"product-type-simple"},"yoast_head":"<!-- This site is optimized with the Yoast SEO Premium plugin v21.2 (Yoast SEO v27.3) - https:\/\/yoast.com\/product\/yoast-seo-premium-wordpress\/ -->\n<title>Scottish Trial Pre 65 2009 - Tienda de todotrial<\/title>\n<meta name=\"robots\" content=\"index, follow, max-snippet:-1, max-image-preview:large, max-video-preview:-1\" \/>\n<link rel=\"canonical\" href=\"https:\/\/todotrial.com\/tienda\/scottish-pre-65-2009\/\" \/>\n<meta property=\"og:locale\" content=\"es_ES\" \/>\n<meta property=\"og:type\" content=\"article\" \/>\n<meta property=\"og:title\" content=\"Scottish Trial Pre 65 2009\" \/>\n<meta property=\"og:description\" content=\"DVD The Scottish Pre 65 2009\" \/>\n<meta property=\"og:url\" content=\"https:\/\/todotrial.com\/tienda\/scottish-pre-65-2009\/\" \/>\n<meta property=\"og:site_name\" content=\"Tienda de todotrial\" \/>\n<meta property=\"article:modified_time\" content=\"2025-02-20T16:35:13+00:00\" \/>\n<meta property=\"og:image\" content=\"https:\/\/todotrial.com\/tienda\/wp-content\/uploads\/2020\/07\/dvdscottishpre65-2009p.jpg\" \/>\n\t<meta property=\"og:image:width\" content=\"168\" \/>\n\t<meta property=\"og:image:height\" content=\"228\" \/>\n\t<meta property=\"og:image:type\" content=\"image\/jpeg\" \/>\n<meta name=\"twitter:card\" content=\"summary_large_image\" \/>\n<meta name=\"twitter:label1\" content=\"Tiempo de lectura\" \/>\n\t<meta name=\"twitter:data1\" content=\"1 minuto\" \/>\n<script type=\"application\/ld+json\" class=\"yoast-schema-graph\">{\"@context\":\"https:\\\/\\\/schema.org\",\"@graph\":[{\"@type\":\"WebPage\",\"@id\":\"https:\\\/\\\/todotrial.com\\\/tienda\\\/scottish-pre-65-2009\\\/\",\"url\":\"https:\\\/\\\/todotrial.com\\\/tienda\\\/scottish-pre-65-2009\\\/\",\"name\":\"Scottish Trial Pre 65 2009 - Tienda de todotrial\",\"isPartOf\":{\"@id\":\"https:\\\/\\\/todotrial.com\\\/tienda\\\/#website\"},\"primaryImageOfPage\":{\"@id\":\"https:\\\/\\\/todotrial.com\\\/tienda\\\/scottish-pre-65-2009\\\/#primaryimage\"},\"image\":{\"@id\":\"https:\\\/\\\/todotrial.com\\\/tienda\\\/scottish-pre-65-2009\\\/#primaryimage\"},\"thumbnailUrl\":\"https:\\\/\\\/todotrial.com\\\/tienda\\\/wp-content\\\/uploads\\\/2020\\\/07\\\/dvdscottishpre65-2009p.jpg\",\"datePublished\":\"2020-07-02T14:56:39+00:00\",\"dateModified\":\"2025-02-20T16:35:13+00:00\",\"breadcrumb\":{\"@id\":\"https:\\\/\\\/todotrial.com\\\/tienda\\\/scottish-pre-65-2009\\\/#breadcrumb\"},\"inLanguage\":\"es\",\"potentialAction\":[{\"@type\":\"ReadAction\",\"target\":[\"https:\\\/\\\/todotrial.com\\\/tienda\\\/scottish-pre-65-2009\\\/\"]}]},{\"@type\":\"ImageObject\",\"inLanguage\":\"es\",\"@id\":\"https:\\\/\\\/todotrial.com\\\/tienda\\\/scottish-pre-65-2009\\\/#primaryimage\",\"url\":\"https:\\\/\\\/todotrial.com\\\/tienda\\\/wp-content\\\/uploads\\\/2020\\\/07\\\/dvdscottishpre65-2009p.jpg\",\"contentUrl\":\"https:\\\/\\\/todotrial.com\\\/tienda\\\/wp-content\\\/uploads\\\/2020\\\/07\\\/dvdscottishpre65-2009p.jpg\",\"width\":168,\"height\":228},{\"@type\":\"BreadcrumbList\",\"@id\":\"https:\\\/\\\/todotrial.com\\\/tienda\\\/scottish-pre-65-2009\\\/#breadcrumb\",\"itemListElement\":[{\"@type\":\"ListItem\",\"position\":1,\"name\":\"Portada\",\"item\":\"https:\\\/\\\/todotrial.com\\\/tienda\\\/\"},{\"@type\":\"ListItem\",\"position\":2,\"name\":\"Shop\",\"item\":\"https:\\\/\\\/todotrial.com\\\/tienda\\\/shop\\\/\"},{\"@type\":\"ListItem\",\"position\":3,\"name\":\"Scottish Trial Pre 65 2009\"}]},{\"@type\":\"WebSite\",\"@id\":\"https:\\\/\\\/todotrial.com\\\/tienda\\\/#website\",\"url\":\"https:\\\/\\\/todotrial.com\\\/tienda\\\/\",\"name\":\"Tienda de todotrial\",\"description\":\"\",\"potentialAction\":[{\"@type\":\"SearchAction\",\"target\":{\"@type\":\"EntryPoint\",\"urlTemplate\":\"https:\\\/\\\/todotrial.com\\\/tienda\\\/?s={search_term_string}\"},\"query-input\":{\"@type\":\"PropertyValueSpecification\",\"valueRequired\":true,\"valueName\":\"search_term_string\"}}],\"inLanguage\":\"es\"}]}<\/script>\n<!-- \/ Yoast SEO Premium plugin. -->","yoast_head_json":{"title":"Scottish Trial Pre 65 2009 - Tienda de todotrial","robots":{"index":"index","follow":"follow","max-snippet":"max-snippet:-1","max-image-preview":"max-image-preview:large","max-video-preview":"max-video-preview:-1"},"canonical":"https:\/\/todotrial.com\/tienda\/scottish-pre-65-2009\/","og_locale":"es_ES","og_type":"article","og_title":"Scottish Trial Pre 65 2009","og_description":"DVD The Scottish Pre 65 2009","og_url":"https:\/\/todotrial.com\/tienda\/scottish-pre-65-2009\/","og_site_name":"Tienda de todotrial","article_modified_time":"2025-02-20T16:35:13+00:00","og_image":[{"width":168,"height":228,"url":"https:\/\/todotrial.com\/tienda\/wp-content\/uploads\/2020\/07\/dvdscottishpre65-2009p.jpg","type":"image\/jpeg"}],"twitter_card":"summary_large_image","twitter_misc":{"Tiempo de lectura":"1 minuto"},"schema":{"@context":"https:\/\/schema.org","@graph":[{"@type":"WebPage","@id":"https:\/\/todotrial.com\/tienda\/scottish-pre-65-2009\/","url":"https:\/\/todotrial.com\/tienda\/scottish-pre-65-2009\/","name":"Scottish Trial Pre 65 2009 - Tienda de todotrial","isPartOf":{"@id":"https:\/\/todotrial.com\/tienda\/#website"},"primaryImageOfPage":{"@id":"https:\/\/todotrial.com\/tienda\/scottish-pre-65-2009\/#primaryimage"},"image":{"@id":"https:\/\/todotrial.com\/tienda\/scottish-pre-65-2009\/#primaryimage"},"thumbnailUrl":"https:\/\/todotrial.com\/tienda\/wp-content\/uploads\/2020\/07\/dvdscottishpre65-2009p.jpg","datePublished":"2020-07-02T14:56:39+00:00","dateModified":"2025-02-20T16:35:13+00:00","breadcrumb":{"@id":"https:\/\/todotrial.com\/tienda\/scottish-pre-65-2009\/#breadcrumb"},"inLanguage":"es","potentialAction":[{"@type":"ReadAction","target":["https:\/\/todotrial.com\/tienda\/scottish-pre-65-2009\/"]}]},{"@type":"ImageObject","inLanguage":"es","@id":"https:\/\/todotrial.com\/tienda\/scottish-pre-65-2009\/#primaryimage","url":"https:\/\/todotrial.com\/tienda\/wp-content\/uploads\/2020\/07\/dvdscottishpre65-2009p.jpg","contentUrl":"https:\/\/todotrial.com\/tienda\/wp-content\/uploads\/2020\/07\/dvdscottishpre65-2009p.jpg","width":168,"height":228},{"@type":"BreadcrumbList","@id":"https:\/\/todotrial.com\/tienda\/scottish-pre-65-2009\/#breadcrumb","itemListElement":[{"@type":"ListItem","position":1,"name":"Portada","item":"https:\/\/todotrial.com\/tienda\/"},{"@type":"ListItem","position":2,"name":"Shop","item":"https:\/\/todotrial.com\/tienda\/shop\/"},{"@type":"ListItem","position":3,"name":"Scottish Trial Pre 65 2009"}]},{"@type":"WebSite","@id":"https:\/\/todotrial.com\/tienda\/#website","url":"https:\/\/todotrial.com\/tienda\/","name":"Tienda de todotrial","description":"","potentialAction":[{"@type":"SearchAction","target":{"@type":"EntryPoint","urlTemplate":"https:\/\/todotrial.com\/tienda\/?s={search_term_string}"},"query-input":{"@type":"PropertyValueSpecification","valueRequired":true,"valueName":"search_term_string"}}],"inLanguage":"es"}]}},"_links":{"self":[{"href":"https:\/\/todotrial.com\/tienda\/wp-json\/wp\/v2\/product\/509","targetHints":{"allow":["GET"]}}],"collection":[{"href":"https:\/\/todotrial.com\/tienda\/wp-json\/wp\/v2\/product"}],"about":[{"href":"https:\/\/todotrial.com\/tienda\/wp-json\/wp\/v2\/types\/product"}],"replies":[{"embeddable":true,"href":"https:\/\/todotrial.com\/tienda\/wp-json\/wp\/v2\/comments?post=509"}],"version-history":[{"count":0,"href":"https:\/\/todotrial.com\/tienda\/wp-json\/wp\/v2\/product\/509\/revisions"}],"wp:featuredmedia":[{"embeddable":true,"href":"https:\/\/todotrial.com\/tienda\/wp-json\/wp\/v2\/media\/508"}],"wp:attachment":[{"href":"https:\/\/todotrial.com\/tienda\/wp-json\/wp\/v2\/media?parent=509"}],"wp:term":[{"taxonomy":"product_brand","embeddable":true,"href":"https:\/\/todotrial.com\/tienda\/wp-json\/wp\/v2\/product_brand?post=509"},{"taxonomy":"product_cat","embeddable":true,"href":"https:\/\/todotrial.com\/tienda\/wp-json\/wp\/v2\/product_cat?post=509"},{"taxonomy":"product_tag","embeddable":true,"href":"https:\/\/todotrial.com\/tienda\/wp-json\/wp\/v2\/product_tag?post=509"}],"curies":[{"name":"wp","href":"https:\/\/api.w.org\/{rel}","templated":true}]}}