{"id":45713,"date":"2025-02-20T10:45:16","date_gmt":"2025-02-20T09:45:16","guid":{"rendered":"https:\/\/todotrial.com\/tienda\/sin%20categor\u00eda\/agarre-cubierta-tras-18-19-215-225\/"},"modified":"2025-02-20T17:10:00","modified_gmt":"2025-02-20T16:10:00","slug":"agarre-cubierta-tras-18-19-215-225","status":"publish","type":"product","link":"https:\/\/todotrial.com\/tienda\/agarre-cubierta-tras-18-19-215-225\/","title":{"rendered":"AGARRE CUBIERTA TRAS 18&#8243; 19&#8243; 215-225"},"content":{"rendered":"<p>Los agarres de cubierta trasera 18&quot; y 19&quot; con medidas 215-225 son componentes que se encuentran en la parte trasera de la moto, y son utilizados para proporcionar una mayor comodidad y control al conductor. Estos agarres est\u00e1n dise\u00f1ados para las ruedas traseras de di\u00e1metro 18&quot; y 19&quot;, y para neum\u00e1ticos con medidas 215-225mm. Est\u00e1n fabricados con materiales resistentes y duraderos como la goma, para proporcionar un agarre seguro y c\u00f3modo en todo momento.<\/p>\n","protected":false},"excerpt":{"rendered":"<p>Agarre para la rueda trasera tipo 18&quot; 19&quot; 215-225.<\/p>\n","protected":false},"featured_media":45714,"comment_status":"open","ping_status":"closed","template":"","meta":[],"product_brand":[],"product_cat":[11691],"product_tag":[],"class_list":{"0":"post-45713","1":"product","2":"type-product","3":"status-publish","4":"has-post-thumbnail","6":"product_cat-general","8":"first","9":"instock","10":"taxable","11":"shipping-taxable","12":"purchasable","13":"product-type-simple"},"yoast_head":"<!-- This site is optimized with the Yoast SEO Premium plugin v21.2 (Yoast SEO v27.3) - https:\/\/yoast.com\/product\/yoast-seo-premium-wordpress\/ -->\n<title>AGARRE CUBIERTA TRAS 18&quot; 19&quot; 215-225 - Tienda de todotrial<\/title>\n<meta name=\"robots\" content=\"index, follow, max-snippet:-1, max-image-preview:large, max-video-preview:-1\" \/>\n<link rel=\"canonical\" href=\"https:\/\/todotrial.com\/tienda\/agarre-cubierta-tras-18-19-215-225\/\" \/>\n<meta property=\"og:locale\" content=\"es_ES\" \/>\n<meta property=\"og:type\" content=\"article\" \/>\n<meta property=\"og:title\" content=\"AGARRE CUBIERTA TRAS 18&quot; 19&quot; 215-225\" \/>\n<meta property=\"og:description\" content=\"Agarre para la rueda trasera tipo 18&quot; 19&quot; 215-225.\" \/>\n<meta property=\"og:url\" content=\"https:\/\/todotrial.com\/tienda\/agarre-cubierta-tras-18-19-215-225\/\" \/>\n<meta property=\"og:site_name\" content=\"Tienda de todotrial\" \/>\n<meta property=\"article:modified_time\" content=\"2025-02-20T16:10:00+00:00\" \/>\n<meta property=\"og:image\" content=\"https:\/\/todotrial.com\/tienda\/wp-content\/uploads\/2025\/02\/HR9001-1_HEBO_Agarre.jpg\" \/>\n\t<meta property=\"og:image:width\" content=\"1\" \/>\n\t<meta property=\"og:image:height\" content=\"1\" \/>\n\t<meta property=\"og:image:type\" content=\"image\/jpeg\" \/>\n<meta name=\"twitter:card\" content=\"summary_large_image\" \/>\n<script type=\"application\/ld+json\" class=\"yoast-schema-graph\">{\"@context\":\"https:\\\/\\\/schema.org\",\"@graph\":[{\"@type\":\"WebPage\",\"@id\":\"https:\\\/\\\/todotrial.com\\\/tienda\\\/agarre-cubierta-tras-18-19-215-225\\\/\",\"url\":\"https:\\\/\\\/todotrial.com\\\/tienda\\\/agarre-cubierta-tras-18-19-215-225\\\/\",\"name\":\"AGARRE CUBIERTA TRAS 18\\\" 19\\\" 215-225 - Tienda de todotrial\",\"isPartOf\":{\"@id\":\"https:\\\/\\\/todotrial.com\\\/tienda\\\/#website\"},\"primaryImageOfPage\":{\"@id\":\"https:\\\/\\\/todotrial.com\\\/tienda\\\/agarre-cubierta-tras-18-19-215-225\\\/#primaryimage\"},\"image\":{\"@id\":\"https:\\\/\\\/todotrial.com\\\/tienda\\\/agarre-cubierta-tras-18-19-215-225\\\/#primaryimage\"},\"thumbnailUrl\":\"https:\\\/\\\/todotrial.com\\\/tienda\\\/wp-content\\\/uploads\\\/2025\\\/02\\\/HR9001-1_HEBO_Agarre.jpg\",\"datePublished\":\"2025-02-20T09:45:16+00:00\",\"dateModified\":\"2025-02-20T16:10:00+00:00\",\"breadcrumb\":{\"@id\":\"https:\\\/\\\/todotrial.com\\\/tienda\\\/agarre-cubierta-tras-18-19-215-225\\\/#breadcrumb\"},\"inLanguage\":\"es\",\"potentialAction\":[{\"@type\":\"ReadAction\",\"target\":[\"https:\\\/\\\/todotrial.com\\\/tienda\\\/agarre-cubierta-tras-18-19-215-225\\\/\"]}]},{\"@type\":\"ImageObject\",\"inLanguage\":\"es\",\"@id\":\"https:\\\/\\\/todotrial.com\\\/tienda\\\/agarre-cubierta-tras-18-19-215-225\\\/#primaryimage\",\"url\":\"https:\\\/\\\/todotrial.com\\\/tienda\\\/wp-content\\\/uploads\\\/2025\\\/02\\\/HR9001-1_HEBO_Agarre.jpg\",\"contentUrl\":\"https:\\\/\\\/todotrial.com\\\/tienda\\\/wp-content\\\/uploads\\\/2025\\\/02\\\/HR9001-1_HEBO_Agarre.jpg\",\"caption\":\"AGARRE CUBIERTA TRAS 18\\\" 19\\\" 215-225\"},{\"@type\":\"BreadcrumbList\",\"@id\":\"https:\\\/\\\/todotrial.com\\\/tienda\\\/agarre-cubierta-tras-18-19-215-225\\\/#breadcrumb\",\"itemListElement\":[{\"@type\":\"ListItem\",\"position\":1,\"name\":\"Portada\",\"item\":\"https:\\\/\\\/todotrial.com\\\/tienda\\\/\"},{\"@type\":\"ListItem\",\"position\":2,\"name\":\"Shop\",\"item\":\"https:\\\/\\\/todotrial.com\\\/tienda\\\/shop\\\/\"},{\"@type\":\"ListItem\",\"position\":3,\"name\":\"AGARRE CUBIERTA TRAS 18&#8243; 19&#8243; 215-225\"}]},{\"@type\":\"WebSite\",\"@id\":\"https:\\\/\\\/todotrial.com\\\/tienda\\\/#website\",\"url\":\"https:\\\/\\\/todotrial.com\\\/tienda\\\/\",\"name\":\"Tienda de todotrial\",\"description\":\"\",\"potentialAction\":[{\"@type\":\"SearchAction\",\"target\":{\"@type\":\"EntryPoint\",\"urlTemplate\":\"https:\\\/\\\/todotrial.com\\\/tienda\\\/?s={search_term_string}\"},\"query-input\":{\"@type\":\"PropertyValueSpecification\",\"valueRequired\":true,\"valueName\":\"search_term_string\"}}],\"inLanguage\":\"es\"}]}<\/script>\n<!-- \/ Yoast SEO Premium plugin. -->","yoast_head_json":{"title":"AGARRE CUBIERTA TRAS 18\" 19\" 215-225 - Tienda de todotrial","robots":{"index":"index","follow":"follow","max-snippet":"max-snippet:-1","max-image-preview":"max-image-preview:large","max-video-preview":"max-video-preview:-1"},"canonical":"https:\/\/todotrial.com\/tienda\/agarre-cubierta-tras-18-19-215-225\/","og_locale":"es_ES","og_type":"article","og_title":"AGARRE CUBIERTA TRAS 18\" 19\" 215-225","og_description":"Agarre para la rueda trasera tipo 18&quot; 19&quot; 215-225.","og_url":"https:\/\/todotrial.com\/tienda\/agarre-cubierta-tras-18-19-215-225\/","og_site_name":"Tienda de todotrial","article_modified_time":"2025-02-20T16:10:00+00:00","og_image":[{"url":"https:\/\/todotrial.com\/tienda\/wp-content\/uploads\/2025\/02\/HR9001-1_HEBO_Agarre.jpg","width":1,"height":1,"type":"image\/jpeg"}],"twitter_card":"summary_large_image","schema":{"@context":"https:\/\/schema.org","@graph":[{"@type":"WebPage","@id":"https:\/\/todotrial.com\/tienda\/agarre-cubierta-tras-18-19-215-225\/","url":"https:\/\/todotrial.com\/tienda\/agarre-cubierta-tras-18-19-215-225\/","name":"AGARRE CUBIERTA TRAS 18\" 19\" 215-225 - Tienda de todotrial","isPartOf":{"@id":"https:\/\/todotrial.com\/tienda\/#website"},"primaryImageOfPage":{"@id":"https:\/\/todotrial.com\/tienda\/agarre-cubierta-tras-18-19-215-225\/#primaryimage"},"image":{"@id":"https:\/\/todotrial.com\/tienda\/agarre-cubierta-tras-18-19-215-225\/#primaryimage"},"thumbnailUrl":"https:\/\/todotrial.com\/tienda\/wp-content\/uploads\/2025\/02\/HR9001-1_HEBO_Agarre.jpg","datePublished":"2025-02-20T09:45:16+00:00","dateModified":"2025-02-20T16:10:00+00:00","breadcrumb":{"@id":"https:\/\/todotrial.com\/tienda\/agarre-cubierta-tras-18-19-215-225\/#breadcrumb"},"inLanguage":"es","potentialAction":[{"@type":"ReadAction","target":["https:\/\/todotrial.com\/tienda\/agarre-cubierta-tras-18-19-215-225\/"]}]},{"@type":"ImageObject","inLanguage":"es","@id":"https:\/\/todotrial.com\/tienda\/agarre-cubierta-tras-18-19-215-225\/#primaryimage","url":"https:\/\/todotrial.com\/tienda\/wp-content\/uploads\/2025\/02\/HR9001-1_HEBO_Agarre.jpg","contentUrl":"https:\/\/todotrial.com\/tienda\/wp-content\/uploads\/2025\/02\/HR9001-1_HEBO_Agarre.jpg","caption":"AGARRE CUBIERTA TRAS 18\" 19\" 215-225"},{"@type":"BreadcrumbList","@id":"https:\/\/todotrial.com\/tienda\/agarre-cubierta-tras-18-19-215-225\/#breadcrumb","itemListElement":[{"@type":"ListItem","position":1,"name":"Portada","item":"https:\/\/todotrial.com\/tienda\/"},{"@type":"ListItem","position":2,"name":"Shop","item":"https:\/\/todotrial.com\/tienda\/shop\/"},{"@type":"ListItem","position":3,"name":"AGARRE CUBIERTA TRAS 18&#8243; 19&#8243; 215-225"}]},{"@type":"WebSite","@id":"https:\/\/todotrial.com\/tienda\/#website","url":"https:\/\/todotrial.com\/tienda\/","name":"Tienda de todotrial","description":"","potentialAction":[{"@type":"SearchAction","target":{"@type":"EntryPoint","urlTemplate":"https:\/\/todotrial.com\/tienda\/?s={search_term_string}"},"query-input":{"@type":"PropertyValueSpecification","valueRequired":true,"valueName":"search_term_string"}}],"inLanguage":"es"}]}},"_links":{"self":[{"href":"https:\/\/todotrial.com\/tienda\/wp-json\/wp\/v2\/product\/45713","targetHints":{"allow":["GET"]}}],"collection":[{"href":"https:\/\/todotrial.com\/tienda\/wp-json\/wp\/v2\/product"}],"about":[{"href":"https:\/\/todotrial.com\/tienda\/wp-json\/wp\/v2\/types\/product"}],"replies":[{"embeddable":true,"href":"https:\/\/todotrial.com\/tienda\/wp-json\/wp\/v2\/comments?post=45713"}],"version-history":[{"count":0,"href":"https:\/\/todotrial.com\/tienda\/wp-json\/wp\/v2\/product\/45713\/revisions"}],"wp:featuredmedia":[{"embeddable":true,"href":"https:\/\/todotrial.com\/tienda\/wp-json\/wp\/v2\/media\/45714"}],"wp:attachment":[{"href":"https:\/\/todotrial.com\/tienda\/wp-json\/wp\/v2\/media?parent=45713"}],"wp:term":[{"taxonomy":"product_brand","embeddable":true,"href":"https:\/\/todotrial.com\/tienda\/wp-json\/wp\/v2\/product_brand?post=45713"},{"taxonomy":"product_cat","embeddable":true,"href":"https:\/\/todotrial.com\/tienda\/wp-json\/wp\/v2\/product_cat?post=45713"},{"taxonomy":"product_tag","embeddable":true,"href":"https:\/\/todotrial.com\/tienda\/wp-json\/wp\/v2\/product_tag?post=45713"}],"curies":[{"name":"wp","href":"https:\/\/api.w.org\/{rel}","templated":true}]}}