{"id":45617,"date":"2025-02-20T10:36:29","date_gmt":"2025-02-20T09:36:29","guid":{"rendered":"https:\/\/todotrial.com\/tienda\/sin%20categor\u00eda\/recambio-tiras-spare-strips\/"},"modified":"2025-04-14T15:18:39","modified_gmt":"2025-04-14T14:18:39","slug":"recambio-tiras-spare-strips","status":"publish","type":"product","link":"https:\/\/todotrial.com\/tienda\/recambio-tiras-spare-strips\/","title":{"rendered":"RECAMBIO TIRAS\/SPARE STRIPS"},"content":{"rendered":"<p>Las tiras de reparaci\u00f3n son un componente com\u00fan de los kits de reparaci\u00f3n tubeless y tube-type. Estas tiras son generalmente adhesivas y se utilizan para cubrir y sellar las \u00e1reas da\u00f1adas en el neum\u00e1tico. Las tiras de reparaci\u00f3n vienen en un paquete con varias tiras. Es importante asegurarse de comprar tiras de reparaci\u00f3n adecuadas para el tipo de neum\u00e1tico que se est\u00e1 reparando, ya que algunas tiras solo son compatibles con neum\u00e1ticos tubeless o tube-type.<\/p>\n","protected":false},"excerpt":{"rendered":"<p>Recambio de tiras para reparaci\u00f3n.<\/p>\n","protected":false},"featured_media":45618,"comment_status":"open","ping_status":"closed","template":"","meta":[],"product_brand":[],"product_cat":[11691],"product_tag":[],"class_list":{"0":"post-45617","1":"product","2":"type-product","3":"status-publish","4":"has-post-thumbnail","6":"product_cat-general","8":"first","9":"instock","10":"taxable","11":"shipping-taxable","12":"purchasable","13":"product-type-simple"},"yoast_head":"<!-- This site is optimized with the Yoast SEO Premium plugin v21.2 (Yoast SEO v27.3) - https:\/\/yoast.com\/product\/yoast-seo-premium-wordpress\/ -->\n<title>RECAMBIO TIRAS\/SPARE STRIPS - Tienda de todotrial<\/title>\n<meta name=\"robots\" content=\"index, follow, max-snippet:-1, max-image-preview:large, max-video-preview:-1\" \/>\n<link rel=\"canonical\" href=\"https:\/\/todotrial.com\/tienda\/recambio-tiras-spare-strips\/\" \/>\n<meta property=\"og:locale\" content=\"es_ES\" \/>\n<meta property=\"og:type\" content=\"article\" \/>\n<meta property=\"og:title\" content=\"RECAMBIO TIRAS\/SPARE STRIPS\" \/>\n<meta property=\"og:description\" content=\"Recambio de tiras para reparaci\u00f3n.\" \/>\n<meta property=\"og:url\" content=\"https:\/\/todotrial.com\/tienda\/recambio-tiras-spare-strips\/\" \/>\n<meta property=\"og:site_name\" content=\"Tienda de todotrial\" \/>\n<meta property=\"article:modified_time\" content=\"2025-04-14T14:18:39+00:00\" \/>\n<meta property=\"og:image\" content=\"https:\/\/todotrial.com\/tienda\/wp-content\/uploads\/2025\/02\/HH8230-1_HEBO_Tiras.jpg\" \/>\n\t<meta property=\"og:image:width\" content=\"1\" \/>\n\t<meta property=\"og:image:height\" content=\"1\" \/>\n\t<meta property=\"og:image:type\" content=\"image\/jpeg\" \/>\n<meta name=\"twitter:card\" content=\"summary_large_image\" \/>\n<script type=\"application\/ld+json\" class=\"yoast-schema-graph\">{\"@context\":\"https:\\\/\\\/schema.org\",\"@graph\":[{\"@type\":\"WebPage\",\"@id\":\"https:\\\/\\\/todotrial.com\\\/tienda\\\/recambio-tiras-spare-strips\\\/\",\"url\":\"https:\\\/\\\/todotrial.com\\\/tienda\\\/recambio-tiras-spare-strips\\\/\",\"name\":\"RECAMBIO TIRAS\\\/SPARE STRIPS - Tienda de todotrial\",\"isPartOf\":{\"@id\":\"https:\\\/\\\/todotrial.com\\\/tienda\\\/#website\"},\"primaryImageOfPage\":{\"@id\":\"https:\\\/\\\/todotrial.com\\\/tienda\\\/recambio-tiras-spare-strips\\\/#primaryimage\"},\"image\":{\"@id\":\"https:\\\/\\\/todotrial.com\\\/tienda\\\/recambio-tiras-spare-strips\\\/#primaryimage\"},\"thumbnailUrl\":\"https:\\\/\\\/todotrial.com\\\/tienda\\\/wp-content\\\/uploads\\\/2025\\\/02\\\/HH8230-1_HEBO_Tiras.jpg\",\"datePublished\":\"2025-02-20T09:36:29+00:00\",\"dateModified\":\"2025-04-14T14:18:39+00:00\",\"breadcrumb\":{\"@id\":\"https:\\\/\\\/todotrial.com\\\/tienda\\\/recambio-tiras-spare-strips\\\/#breadcrumb\"},\"inLanguage\":\"es\",\"potentialAction\":[{\"@type\":\"ReadAction\",\"target\":[\"https:\\\/\\\/todotrial.com\\\/tienda\\\/recambio-tiras-spare-strips\\\/\"]}]},{\"@type\":\"ImageObject\",\"inLanguage\":\"es\",\"@id\":\"https:\\\/\\\/todotrial.com\\\/tienda\\\/recambio-tiras-spare-strips\\\/#primaryimage\",\"url\":\"https:\\\/\\\/todotrial.com\\\/tienda\\\/wp-content\\\/uploads\\\/2025\\\/02\\\/HH8230-1_HEBO_Tiras.jpg\",\"contentUrl\":\"https:\\\/\\\/todotrial.com\\\/tienda\\\/wp-content\\\/uploads\\\/2025\\\/02\\\/HH8230-1_HEBO_Tiras.jpg\",\"caption\":\"RECAMBIO TIRAS\\\/SPARE STRIPS\"},{\"@type\":\"BreadcrumbList\",\"@id\":\"https:\\\/\\\/todotrial.com\\\/tienda\\\/recambio-tiras-spare-strips\\\/#breadcrumb\",\"itemListElement\":[{\"@type\":\"ListItem\",\"position\":1,\"name\":\"Portada\",\"item\":\"https:\\\/\\\/todotrial.com\\\/tienda\\\/\"},{\"@type\":\"ListItem\",\"position\":2,\"name\":\"Shop\",\"item\":\"https:\\\/\\\/todotrial.com\\\/tienda\\\/shop\\\/\"},{\"@type\":\"ListItem\",\"position\":3,\"name\":\"RECAMBIO TIRAS\\\/SPARE STRIPS\"}]},{\"@type\":\"WebSite\",\"@id\":\"https:\\\/\\\/todotrial.com\\\/tienda\\\/#website\",\"url\":\"https:\\\/\\\/todotrial.com\\\/tienda\\\/\",\"name\":\"Tienda de todotrial\",\"description\":\"\",\"potentialAction\":[{\"@type\":\"SearchAction\",\"target\":{\"@type\":\"EntryPoint\",\"urlTemplate\":\"https:\\\/\\\/todotrial.com\\\/tienda\\\/?s={search_term_string}\"},\"query-input\":{\"@type\":\"PropertyValueSpecification\",\"valueRequired\":true,\"valueName\":\"search_term_string\"}}],\"inLanguage\":\"es\"}]}<\/script>\n<!-- \/ Yoast SEO Premium plugin. -->","yoast_head_json":{"title":"RECAMBIO TIRAS\/SPARE STRIPS - Tienda de todotrial","robots":{"index":"index","follow":"follow","max-snippet":"max-snippet:-1","max-image-preview":"max-image-preview:large","max-video-preview":"max-video-preview:-1"},"canonical":"https:\/\/todotrial.com\/tienda\/recambio-tiras-spare-strips\/","og_locale":"es_ES","og_type":"article","og_title":"RECAMBIO TIRAS\/SPARE STRIPS","og_description":"Recambio de tiras para reparaci\u00f3n.","og_url":"https:\/\/todotrial.com\/tienda\/recambio-tiras-spare-strips\/","og_site_name":"Tienda de todotrial","article_modified_time":"2025-04-14T14:18:39+00:00","og_image":[{"url":"https:\/\/todotrial.com\/tienda\/wp-content\/uploads\/2025\/02\/HH8230-1_HEBO_Tiras.jpg","width":1,"height":1,"type":"image\/jpeg"}],"twitter_card":"summary_large_image","schema":{"@context":"https:\/\/schema.org","@graph":[{"@type":"WebPage","@id":"https:\/\/todotrial.com\/tienda\/recambio-tiras-spare-strips\/","url":"https:\/\/todotrial.com\/tienda\/recambio-tiras-spare-strips\/","name":"RECAMBIO TIRAS\/SPARE STRIPS - Tienda de todotrial","isPartOf":{"@id":"https:\/\/todotrial.com\/tienda\/#website"},"primaryImageOfPage":{"@id":"https:\/\/todotrial.com\/tienda\/recambio-tiras-spare-strips\/#primaryimage"},"image":{"@id":"https:\/\/todotrial.com\/tienda\/recambio-tiras-spare-strips\/#primaryimage"},"thumbnailUrl":"https:\/\/todotrial.com\/tienda\/wp-content\/uploads\/2025\/02\/HH8230-1_HEBO_Tiras.jpg","datePublished":"2025-02-20T09:36:29+00:00","dateModified":"2025-04-14T14:18:39+00:00","breadcrumb":{"@id":"https:\/\/todotrial.com\/tienda\/recambio-tiras-spare-strips\/#breadcrumb"},"inLanguage":"es","potentialAction":[{"@type":"ReadAction","target":["https:\/\/todotrial.com\/tienda\/recambio-tiras-spare-strips\/"]}]},{"@type":"ImageObject","inLanguage":"es","@id":"https:\/\/todotrial.com\/tienda\/recambio-tiras-spare-strips\/#primaryimage","url":"https:\/\/todotrial.com\/tienda\/wp-content\/uploads\/2025\/02\/HH8230-1_HEBO_Tiras.jpg","contentUrl":"https:\/\/todotrial.com\/tienda\/wp-content\/uploads\/2025\/02\/HH8230-1_HEBO_Tiras.jpg","caption":"RECAMBIO TIRAS\/SPARE STRIPS"},{"@type":"BreadcrumbList","@id":"https:\/\/todotrial.com\/tienda\/recambio-tiras-spare-strips\/#breadcrumb","itemListElement":[{"@type":"ListItem","position":1,"name":"Portada","item":"https:\/\/todotrial.com\/tienda\/"},{"@type":"ListItem","position":2,"name":"Shop","item":"https:\/\/todotrial.com\/tienda\/shop\/"},{"@type":"ListItem","position":3,"name":"RECAMBIO TIRAS\/SPARE STRIPS"}]},{"@type":"WebSite","@id":"https:\/\/todotrial.com\/tienda\/#website","url":"https:\/\/todotrial.com\/tienda\/","name":"Tienda de todotrial","description":"","potentialAction":[{"@type":"SearchAction","target":{"@type":"EntryPoint","urlTemplate":"https:\/\/todotrial.com\/tienda\/?s={search_term_string}"},"query-input":{"@type":"PropertyValueSpecification","valueRequired":true,"valueName":"search_term_string"}}],"inLanguage":"es"}]}},"_links":{"self":[{"href":"https:\/\/todotrial.com\/tienda\/wp-json\/wp\/v2\/product\/45617","targetHints":{"allow":["GET"]}}],"collection":[{"href":"https:\/\/todotrial.com\/tienda\/wp-json\/wp\/v2\/product"}],"about":[{"href":"https:\/\/todotrial.com\/tienda\/wp-json\/wp\/v2\/types\/product"}],"replies":[{"embeddable":true,"href":"https:\/\/todotrial.com\/tienda\/wp-json\/wp\/v2\/comments?post=45617"}],"version-history":[{"count":1,"href":"https:\/\/todotrial.com\/tienda\/wp-json\/wp\/v2\/product\/45617\/revisions"}],"predecessor-version":[{"id":55589,"href":"https:\/\/todotrial.com\/tienda\/wp-json\/wp\/v2\/product\/45617\/revisions\/55589"}],"wp:featuredmedia":[{"embeddable":true,"href":"https:\/\/todotrial.com\/tienda\/wp-json\/wp\/v2\/media\/45618"}],"wp:attachment":[{"href":"https:\/\/todotrial.com\/tienda\/wp-json\/wp\/v2\/media?parent=45617"}],"wp:term":[{"taxonomy":"product_brand","embeddable":true,"href":"https:\/\/todotrial.com\/tienda\/wp-json\/wp\/v2\/product_brand?post=45617"},{"taxonomy":"product_cat","embeddable":true,"href":"https:\/\/todotrial.com\/tienda\/wp-json\/wp\/v2\/product_cat?post=45617"},{"taxonomy":"product_tag","embeddable":true,"href":"https:\/\/todotrial.com\/tienda\/wp-json\/wp\/v2\/product_tag?post=45617"}],"curies":[{"name":"wp","href":"https:\/\/api.w.org\/{rel}","templated":true}]}}