{"id":45473,"date":"2025-02-20T09:55:34","date_gmt":"2025-02-20T08:55:34","guid":{"rendered":"https:\/\/todotrial.com\/tienda\/sin%20categor\u00eda\/guantes-phenix-junior\/"},"modified":"2025-04-14T15:09:57","modified_gmt":"2025-04-14T14:09:57","slug":"guantes-phenix-junior","status":"publish","type":"product","link":"https:\/\/todotrial.com\/tienda\/guantes-phenix-junior\/","title":{"rendered":"GUANTES PHENIX JUNIOR"},"content":{"rendered":"<p>Guantes muy ligeros, con un peso de tan solo 115 gramos<br \/>\nTejido el\u00e1stico en 4 direcciones para proporcionar m\u00e1xima libertad de movimientos.<br \/>\nPalma confeccionada en microfibra para conseguir la adherencia \u00f3ptima.<br \/>\nRefuerzos de neopreno en los nudillos.<br \/>\nCierre de velcro en la mu\u00f1eca.<\/p>\n","protected":false},"excerpt":{"rendered":"<p>M\u00e1s robusto y ligero. Fabricado con un tejido transpirable y c\u00f3modo. Siempre suave y flexible incluso a baja temperatura, con gran resistencia a la tensi\u00f3n y al desgarro.<\/p>\n","protected":false},"featured_media":0,"comment_status":"open","ping_status":"closed","template":"","meta":[],"product_brand":[],"product_cat":[11734],"product_tag":[],"class_list":{"0":"post-45473","1":"product","2":"type-product","3":"status-publish","5":"product_cat-enduro","7":"first","8":"instock","9":"taxable","10":"shipping-taxable","11":"purchasable","12":"product-type-simple"},"yoast_head":"<!-- This site is optimized with the Yoast SEO Premium plugin v21.2 (Yoast SEO v27.4) - https:\/\/yoast.com\/product\/yoast-seo-premium-wordpress\/ -->\n<title>GUANTES PHENIX JUNIOR - Tienda de todotrial<\/title>\n<meta name=\"robots\" content=\"index, follow, max-snippet:-1, max-image-preview:large, max-video-preview:-1\" \/>\n<link rel=\"canonical\" href=\"https:\/\/todotrial.com\/tienda\/guantes-phenix-junior\/\" \/>\n<meta property=\"og:locale\" content=\"es_ES\" \/>\n<meta property=\"og:type\" content=\"article\" \/>\n<meta property=\"og:title\" content=\"GUANTES PHENIX JUNIOR\" \/>\n<meta property=\"og:description\" content=\"M\u00e1s robusto y ligero. Fabricado con un tejido transpirable y c\u00f3modo. Siempre suave y flexible incluso a baja temperatura, con gran resistencia a la tensi\u00f3n y al desgarro.\" \/>\n<meta property=\"og:url\" content=\"https:\/\/todotrial.com\/tienda\/guantes-phenix-junior\/\" \/>\n<meta property=\"og:site_name\" content=\"Tienda de todotrial\" \/>\n<meta property=\"article:modified_time\" content=\"2025-04-14T14:09:57+00:00\" \/>\n<meta name=\"twitter:card\" content=\"summary_large_image\" \/>\n<script type=\"application\/ld+json\" class=\"yoast-schema-graph\">{\"@context\":\"https:\\\/\\\/schema.org\",\"@graph\":[{\"@type\":\"WebPage\",\"@id\":\"https:\\\/\\\/todotrial.com\\\/tienda\\\/guantes-phenix-junior\\\/\",\"url\":\"https:\\\/\\\/todotrial.com\\\/tienda\\\/guantes-phenix-junior\\\/\",\"name\":\"GUANTES PHENIX JUNIOR - Tienda de todotrial\",\"isPartOf\":{\"@id\":\"https:\\\/\\\/todotrial.com\\\/tienda\\\/#website\"},\"datePublished\":\"2025-02-20T08:55:34+00:00\",\"dateModified\":\"2025-04-14T14:09:57+00:00\",\"breadcrumb\":{\"@id\":\"https:\\\/\\\/todotrial.com\\\/tienda\\\/guantes-phenix-junior\\\/#breadcrumb\"},\"inLanguage\":\"es\",\"potentialAction\":[{\"@type\":\"ReadAction\",\"target\":[\"https:\\\/\\\/todotrial.com\\\/tienda\\\/guantes-phenix-junior\\\/\"]}]},{\"@type\":\"BreadcrumbList\",\"@id\":\"https:\\\/\\\/todotrial.com\\\/tienda\\\/guantes-phenix-junior\\\/#breadcrumb\",\"itemListElement\":[{\"@type\":\"ListItem\",\"position\":1,\"name\":\"Portada\",\"item\":\"https:\\\/\\\/todotrial.com\\\/tienda\\\/\"},{\"@type\":\"ListItem\",\"position\":2,\"name\":\"Shop\",\"item\":\"https:\\\/\\\/todotrial.com\\\/tienda\\\/shop\\\/\"},{\"@type\":\"ListItem\",\"position\":3,\"name\":\"GUANTES PHENIX JUNIOR\"}]},{\"@type\":\"WebSite\",\"@id\":\"https:\\\/\\\/todotrial.com\\\/tienda\\\/#website\",\"url\":\"https:\\\/\\\/todotrial.com\\\/tienda\\\/\",\"name\":\"Tienda de todotrial\",\"description\":\"\",\"potentialAction\":[{\"@type\":\"SearchAction\",\"target\":{\"@type\":\"EntryPoint\",\"urlTemplate\":\"https:\\\/\\\/todotrial.com\\\/tienda\\\/?s={search_term_string}\"},\"query-input\":{\"@type\":\"PropertyValueSpecification\",\"valueRequired\":true,\"valueName\":\"search_term_string\"}}],\"inLanguage\":\"es\"}]}<\/script>\n<!-- \/ Yoast SEO Premium plugin. -->","yoast_head_json":{"title":"GUANTES PHENIX JUNIOR - Tienda de todotrial","robots":{"index":"index","follow":"follow","max-snippet":"max-snippet:-1","max-image-preview":"max-image-preview:large","max-video-preview":"max-video-preview:-1"},"canonical":"https:\/\/todotrial.com\/tienda\/guantes-phenix-junior\/","og_locale":"es_ES","og_type":"article","og_title":"GUANTES PHENIX JUNIOR","og_description":"M\u00e1s robusto y ligero. Fabricado con un tejido transpirable y c\u00f3modo. Siempre suave y flexible incluso a baja temperatura, con gran resistencia a la tensi\u00f3n y al desgarro.","og_url":"https:\/\/todotrial.com\/tienda\/guantes-phenix-junior\/","og_site_name":"Tienda de todotrial","article_modified_time":"2025-04-14T14:09:57+00:00","twitter_card":"summary_large_image","schema":{"@context":"https:\/\/schema.org","@graph":[{"@type":"WebPage","@id":"https:\/\/todotrial.com\/tienda\/guantes-phenix-junior\/","url":"https:\/\/todotrial.com\/tienda\/guantes-phenix-junior\/","name":"GUANTES PHENIX JUNIOR - Tienda de todotrial","isPartOf":{"@id":"https:\/\/todotrial.com\/tienda\/#website"},"datePublished":"2025-02-20T08:55:34+00:00","dateModified":"2025-04-14T14:09:57+00:00","breadcrumb":{"@id":"https:\/\/todotrial.com\/tienda\/guantes-phenix-junior\/#breadcrumb"},"inLanguage":"es","potentialAction":[{"@type":"ReadAction","target":["https:\/\/todotrial.com\/tienda\/guantes-phenix-junior\/"]}]},{"@type":"BreadcrumbList","@id":"https:\/\/todotrial.com\/tienda\/guantes-phenix-junior\/#breadcrumb","itemListElement":[{"@type":"ListItem","position":1,"name":"Portada","item":"https:\/\/todotrial.com\/tienda\/"},{"@type":"ListItem","position":2,"name":"Shop","item":"https:\/\/todotrial.com\/tienda\/shop\/"},{"@type":"ListItem","position":3,"name":"GUANTES PHENIX JUNIOR"}]},{"@type":"WebSite","@id":"https:\/\/todotrial.com\/tienda\/#website","url":"https:\/\/todotrial.com\/tienda\/","name":"Tienda de todotrial","description":"","potentialAction":[{"@type":"SearchAction","target":{"@type":"EntryPoint","urlTemplate":"https:\/\/todotrial.com\/tienda\/?s={search_term_string}"},"query-input":{"@type":"PropertyValueSpecification","valueRequired":true,"valueName":"search_term_string"}}],"inLanguage":"es"}]}},"_links":{"self":[{"href":"https:\/\/todotrial.com\/tienda\/wp-json\/wp\/v2\/product\/45473","targetHints":{"allow":["GET"]}}],"collection":[{"href":"https:\/\/todotrial.com\/tienda\/wp-json\/wp\/v2\/product"}],"about":[{"href":"https:\/\/todotrial.com\/tienda\/wp-json\/wp\/v2\/types\/product"}],"replies":[{"embeddable":true,"href":"https:\/\/todotrial.com\/tienda\/wp-json\/wp\/v2\/comments?post=45473"}],"version-history":[{"count":1,"href":"https:\/\/todotrial.com\/tienda\/wp-json\/wp\/v2\/product\/45473\/revisions"}],"predecessor-version":[{"id":55468,"href":"https:\/\/todotrial.com\/tienda\/wp-json\/wp\/v2\/product\/45473\/revisions\/55468"}],"wp:attachment":[{"href":"https:\/\/todotrial.com\/tienda\/wp-json\/wp\/v2\/media?parent=45473"}],"wp:term":[{"taxonomy":"product_brand","embeddable":true,"href":"https:\/\/todotrial.com\/tienda\/wp-json\/wp\/v2\/product_brand?post=45473"},{"taxonomy":"product_cat","embeddable":true,"href":"https:\/\/todotrial.com\/tienda\/wp-json\/wp\/v2\/product_cat?post=45473"},{"taxonomy":"product_tag","embeddable":true,"href":"https:\/\/todotrial.com\/tienda\/wp-json\/wp\/v2\/product_tag?post=45473"}],"curies":[{"name":"wp","href":"https:\/\/api.w.org\/{rel}","templated":true}]}}