{"id":433,"date":"2013-04-11T16:22:00","date_gmt":"2013-04-11T16:22:00","guid":{"rendered":"https:\/\/todotrial.com\/tienda\/product\/guardabarros2015-11-12-21-39-36\/"},"modified":"2025-04-01T22:07:21","modified_gmt":"2025-04-01T21:07:21","slug":"guardabarros2015-11-12-21-39-36","status":"publish","type":"product","link":"https:\/\/todotrial.com\/tienda\/guardabarros2015-11-12-21-39-36\/","title":{"rendered":"Guardabarros delantero o  trasero gris metalizado"},"content":{"rendered":"<p>&nbsp;Guardabarros original Bultaco Sherpa, Ossa, Italjet, Merlin en pl\u00e1stico tintado en color gris metalizado, efecto plateado. No se desconcha ya que no va pintado si no que el color est\u00e1 tintado en el propio pl\u00e1stico. Son los guardabarros utilizados originalmente en numerosas motos de trial durante los a\u00f1os 70 y 80. Adaptable a cualquier moto de trial cl\u00e1sica.<\/p>\n<p>El precio es por cada uno de los guardabarros delantero o trasero<\/p>\n","protected":false},"excerpt":{"rendered":"<p>Guardabarros delantero o  trasero gris metalizado en plastico<\/p>\n","protected":false},"featured_media":431,"comment_status":"open","ping_status":"closed","template":"","meta":[],"product_brand":[],"product_cat":[15],"product_tag":[],"class_list":{"0":"post-433","1":"product","2":"type-product","3":"status-publish","4":"has-post-thumbnail","6":"product_cat-uncategorized","8":"first","9":"instock","10":"taxable","11":"shipping-taxable","12":"purchasable","13":"product-type-simple"},"yoast_head":"<!-- This site is optimized with the Yoast SEO Premium plugin v21.2 (Yoast SEO v27.5) - https:\/\/yoast.com\/product\/yoast-seo-premium-wordpress\/ -->\n<title>Guardabarros delantero o trasero gris metalizado - Tienda de todotrial<\/title>\n<meta name=\"robots\" content=\"index, follow, max-snippet:-1, max-image-preview:large, max-video-preview:-1\" \/>\n<link rel=\"canonical\" href=\"https:\/\/todotrial.com\/tienda\/guardabarros2015-11-12-21-39-36\/\" \/>\n<meta property=\"og:locale\" content=\"es_ES\" \/>\n<meta property=\"og:type\" content=\"article\" \/>\n<meta property=\"og:title\" content=\"Guardabarros delantero o trasero gris metalizado\" \/>\n<meta property=\"og:description\" content=\"Guardabarros delantero o trasero gris metalizado en plastico\" \/>\n<meta property=\"og:url\" content=\"https:\/\/todotrial.com\/tienda\/guardabarros2015-11-12-21-39-36\/\" \/>\n<meta property=\"og:site_name\" content=\"Tienda de todotrial\" \/>\n<meta property=\"article:modified_time\" content=\"2025-04-01T21:07:21+00:00\" \/>\n<meta property=\"og:image\" content=\"https:\/\/todotrial.com\/tienda\/wp-content\/uploads\/2013\/04\/guardabarros-efecto-metalic.jpg\" \/>\n\t<meta property=\"og:image:width\" content=\"200\" \/>\n\t<meta property=\"og:image:height\" content=\"131\" \/>\n\t<meta property=\"og:image:type\" content=\"image\/jpeg\" \/>\n<meta name=\"twitter:card\" content=\"summary_large_image\" \/>\n<script type=\"application\/ld+json\" class=\"yoast-schema-graph\">{\"@context\":\"https:\\\/\\\/schema.org\",\"@graph\":[{\"@type\":\"WebPage\",\"@id\":\"https:\\\/\\\/todotrial.com\\\/tienda\\\/guardabarros2015-11-12-21-39-36\\\/\",\"url\":\"https:\\\/\\\/todotrial.com\\\/tienda\\\/guardabarros2015-11-12-21-39-36\\\/\",\"name\":\"Guardabarros delantero o trasero gris metalizado - Tienda de todotrial\",\"isPartOf\":{\"@id\":\"https:\\\/\\\/todotrial.com\\\/tienda\\\/#website\"},\"primaryImageOfPage\":{\"@id\":\"https:\\\/\\\/todotrial.com\\\/tienda\\\/guardabarros2015-11-12-21-39-36\\\/#primaryimage\"},\"image\":{\"@id\":\"https:\\\/\\\/todotrial.com\\\/tienda\\\/guardabarros2015-11-12-21-39-36\\\/#primaryimage\"},\"thumbnailUrl\":\"https:\\\/\\\/todotrial.com\\\/tienda\\\/wp-content\\\/uploads\\\/2013\\\/04\\\/guardabarros-efecto-metalic.jpg\",\"datePublished\":\"2013-04-11T16:22:00+00:00\",\"dateModified\":\"2025-04-01T21:07:21+00:00\",\"breadcrumb\":{\"@id\":\"https:\\\/\\\/todotrial.com\\\/tienda\\\/guardabarros2015-11-12-21-39-36\\\/#breadcrumb\"},\"inLanguage\":\"es\",\"potentialAction\":[{\"@type\":\"ReadAction\",\"target\":[\"https:\\\/\\\/todotrial.com\\\/tienda\\\/guardabarros2015-11-12-21-39-36\\\/\"]}]},{\"@type\":\"ImageObject\",\"inLanguage\":\"es\",\"@id\":\"https:\\\/\\\/todotrial.com\\\/tienda\\\/guardabarros2015-11-12-21-39-36\\\/#primaryimage\",\"url\":\"https:\\\/\\\/todotrial.com\\\/tienda\\\/wp-content\\\/uploads\\\/2013\\\/04\\\/guardabarros-efecto-metalic.jpg\",\"contentUrl\":\"https:\\\/\\\/todotrial.com\\\/tienda\\\/wp-content\\\/uploads\\\/2013\\\/04\\\/guardabarros-efecto-metalic.jpg\",\"width\":200,\"height\":131},{\"@type\":\"BreadcrumbList\",\"@id\":\"https:\\\/\\\/todotrial.com\\\/tienda\\\/guardabarros2015-11-12-21-39-36\\\/#breadcrumb\",\"itemListElement\":[{\"@type\":\"ListItem\",\"position\":1,\"name\":\"Portada\",\"item\":\"https:\\\/\\\/todotrial.com\\\/tienda\\\/\"},{\"@type\":\"ListItem\",\"position\":2,\"name\":\"Shop\",\"item\":\"https:\\\/\\\/todotrial.com\\\/tienda\\\/shop\\\/\"},{\"@type\":\"ListItem\",\"position\":3,\"name\":\"Guardabarros delantero o trasero gris metalizado\"}]},{\"@type\":\"WebSite\",\"@id\":\"https:\\\/\\\/todotrial.com\\\/tienda\\\/#website\",\"url\":\"https:\\\/\\\/todotrial.com\\\/tienda\\\/\",\"name\":\"Tienda de todotrial\",\"description\":\"\",\"potentialAction\":[{\"@type\":\"SearchAction\",\"target\":{\"@type\":\"EntryPoint\",\"urlTemplate\":\"https:\\\/\\\/todotrial.com\\\/tienda\\\/?s={search_term_string}\"},\"query-input\":{\"@type\":\"PropertyValueSpecification\",\"valueRequired\":true,\"valueName\":\"search_term_string\"}}],\"inLanguage\":\"es\"}]}<\/script>\n<!-- \/ Yoast SEO Premium plugin. -->","yoast_head_json":{"title":"Guardabarros delantero o trasero gris metalizado - Tienda de todotrial","robots":{"index":"index","follow":"follow","max-snippet":"max-snippet:-1","max-image-preview":"max-image-preview:large","max-video-preview":"max-video-preview:-1"},"canonical":"https:\/\/todotrial.com\/tienda\/guardabarros2015-11-12-21-39-36\/","og_locale":"es_ES","og_type":"article","og_title":"Guardabarros delantero o trasero gris metalizado","og_description":"Guardabarros delantero o trasero gris metalizado en plastico","og_url":"https:\/\/todotrial.com\/tienda\/guardabarros2015-11-12-21-39-36\/","og_site_name":"Tienda de todotrial","article_modified_time":"2025-04-01T21:07:21+00:00","og_image":[{"width":200,"height":131,"url":"https:\/\/todotrial.com\/tienda\/wp-content\/uploads\/2013\/04\/guardabarros-efecto-metalic.jpg","type":"image\/jpeg"}],"twitter_card":"summary_large_image","schema":{"@context":"https:\/\/schema.org","@graph":[{"@type":"WebPage","@id":"https:\/\/todotrial.com\/tienda\/guardabarros2015-11-12-21-39-36\/","url":"https:\/\/todotrial.com\/tienda\/guardabarros2015-11-12-21-39-36\/","name":"Guardabarros delantero o trasero gris metalizado - Tienda de todotrial","isPartOf":{"@id":"https:\/\/todotrial.com\/tienda\/#website"},"primaryImageOfPage":{"@id":"https:\/\/todotrial.com\/tienda\/guardabarros2015-11-12-21-39-36\/#primaryimage"},"image":{"@id":"https:\/\/todotrial.com\/tienda\/guardabarros2015-11-12-21-39-36\/#primaryimage"},"thumbnailUrl":"https:\/\/todotrial.com\/tienda\/wp-content\/uploads\/2013\/04\/guardabarros-efecto-metalic.jpg","datePublished":"2013-04-11T16:22:00+00:00","dateModified":"2025-04-01T21:07:21+00:00","breadcrumb":{"@id":"https:\/\/todotrial.com\/tienda\/guardabarros2015-11-12-21-39-36\/#breadcrumb"},"inLanguage":"es","potentialAction":[{"@type":"ReadAction","target":["https:\/\/todotrial.com\/tienda\/guardabarros2015-11-12-21-39-36\/"]}]},{"@type":"ImageObject","inLanguage":"es","@id":"https:\/\/todotrial.com\/tienda\/guardabarros2015-11-12-21-39-36\/#primaryimage","url":"https:\/\/todotrial.com\/tienda\/wp-content\/uploads\/2013\/04\/guardabarros-efecto-metalic.jpg","contentUrl":"https:\/\/todotrial.com\/tienda\/wp-content\/uploads\/2013\/04\/guardabarros-efecto-metalic.jpg","width":200,"height":131},{"@type":"BreadcrumbList","@id":"https:\/\/todotrial.com\/tienda\/guardabarros2015-11-12-21-39-36\/#breadcrumb","itemListElement":[{"@type":"ListItem","position":1,"name":"Portada","item":"https:\/\/todotrial.com\/tienda\/"},{"@type":"ListItem","position":2,"name":"Shop","item":"https:\/\/todotrial.com\/tienda\/shop\/"},{"@type":"ListItem","position":3,"name":"Guardabarros delantero o trasero gris metalizado"}]},{"@type":"WebSite","@id":"https:\/\/todotrial.com\/tienda\/#website","url":"https:\/\/todotrial.com\/tienda\/","name":"Tienda de todotrial","description":"","potentialAction":[{"@type":"SearchAction","target":{"@type":"EntryPoint","urlTemplate":"https:\/\/todotrial.com\/tienda\/?s={search_term_string}"},"query-input":{"@type":"PropertyValueSpecification","valueRequired":true,"valueName":"search_term_string"}}],"inLanguage":"es"}]}},"_links":{"self":[{"href":"https:\/\/todotrial.com\/tienda\/wp-json\/wp\/v2\/product\/433","targetHints":{"allow":["GET"]}}],"collection":[{"href":"https:\/\/todotrial.com\/tienda\/wp-json\/wp\/v2\/product"}],"about":[{"href":"https:\/\/todotrial.com\/tienda\/wp-json\/wp\/v2\/types\/product"}],"replies":[{"embeddable":true,"href":"https:\/\/todotrial.com\/tienda\/wp-json\/wp\/v2\/comments?post=433"}],"version-history":[{"count":1,"href":"https:\/\/todotrial.com\/tienda\/wp-json\/wp\/v2\/product\/433\/revisions"}],"predecessor-version":[{"id":54899,"href":"https:\/\/todotrial.com\/tienda\/wp-json\/wp\/v2\/product\/433\/revisions\/54899"}],"wp:featuredmedia":[{"embeddable":true,"href":"https:\/\/todotrial.com\/tienda\/wp-json\/wp\/v2\/media\/431"}],"wp:attachment":[{"href":"https:\/\/todotrial.com\/tienda\/wp-json\/wp\/v2\/media?parent=433"}],"wp:term":[{"taxonomy":"product_brand","embeddable":true,"href":"https:\/\/todotrial.com\/tienda\/wp-json\/wp\/v2\/product_brand?post=433"},{"taxonomy":"product_cat","embeddable":true,"href":"https:\/\/todotrial.com\/tienda\/wp-json\/wp\/v2\/product_cat?post=433"},{"taxonomy":"product_tag","embeddable":true,"href":"https:\/\/todotrial.com\/tienda\/wp-json\/wp\/v2\/product_tag?post=433"}],"curies":[{"name":"wp","href":"https:\/\/api.w.org\/{rel}","templated":true}]}}