{"id":43032,"date":"2025-02-19T13:02:00","date_gmt":"2025-02-19T12:02:00","guid":{"rendered":"https:\/\/todotrial.com\/tienda\/sin%20categor\u00eda\/botas-trial-gaerne-balance-xtr-blanco\/"},"modified":"2025-05-13T20:49:16","modified_gmt":"2025-05-13T19:49:16","slug":"botas-trial-gaerne-balance-xtr-blanco","status":"publish","type":"product","link":"https:\/\/todotrial.com\/tienda\/botas-trial-gaerne-balance-xtr-blanco\/","title":{"rendered":"BOTAS TRIAL GAERNE BALANCE XTR (BLANCO)"},"content":{"rendered":"<p class=\"p1\" style=\"margin:0px;line-height:normal;font-family:Helvetica;background-color:#ffffff;\">Las Balance XTR son botas de trial ligeras, dise\u00f1adas espec\u00edficamente para pilotos que buscan el m\u00e1ximo rendimiento. Estas botas ofrecen una versatilidad que va mas all\u00e1 del trial, lo que las hace adecuadas tambi\u00e9n para veh\u00edculos Dual Sport y ATV.<\/p>\n<p>Con la parte superior confeccionada con microfibra, las Balance XTR cuentan con una placa de espinilla de PU, con forma anat\u00f3mica, que proporciona un soporte robusto. Ajustable en tres posiciones, la espinillera garantiza un ajuste personalizado. Otras mejoras incluyen un \u00e1rea reforzada para los dedos, soporte para mal\u00e9olos e inserciones de microfibra estrat\u00e9gicamente ubicadas que optimizan la flexibilidad y la comodidad general durante el uso.<\/p>\n<p>El sistema de cierre cuenta con tres hebillas de aluminio superligeras, ajustables y con un acabado pintado, lo que facilita un cierre sin esfuerzo, r\u00e1pido y preciso. Adem\u00e1s, la correa de velcro superior permite un ajuste de cierre personalizado para adaptarse a las preferencias individuales.<\/p>\n<p>Internamente, las botas est\u00e1n equipadas con una membrana Drytech impermeable, lo que garantiza la idoneidad para montar en todas las condiciones clim\u00e1ticas. Esta caracter\u00edstica brinda a los pilotos confianza y comodidad, independientemente de las condiciones ambientales que puedan encontrar.<\/p>\n<p>La construcci\u00f3n artesanal t\u00edpica de la marca, con una t\u00e9cnica perfeccionada desde 1962, garantiza la creaci\u00f3n de estructuras de suela resistentes y duraderas para las botas Gaerne. Este compromiso inquebrantable con la calidad artesanal y la durabilidad se ha convertido en un sello distintivo del calzado Gaerne. Adem\u00e1s, este m\u00e9todo de construcci\u00f3n permite una f\u00e1cil resoluci\u00f3n, lo que proporciona una v\u00eda para revitalizar las botas y prolongar su vida \u00fatil.<\/p>\n<p>La suela de trial, de goma, dise\u00f1ada con un compuesto espec\u00edfico, asegura un agarre antideslizante, garantizando una sensaci\u00f3n y un control de la bicicleta excepcionales. Esta suela eleva la tracci\u00f3n y la estabilidad, lo que permite a los pilotos mantener el control y la confianza en diversas condiciones de conducci\u00f3n. Con certificaci\u00f3n CE seg\u00fan EN 13634:2017 y el Reglamento UE 2016\/425, las botas Gaerne Balance XTR est\u00e1n orgullosamente fabricadas en Italia.<\/p>\n<p><b>Caracter\u00edsticas clave<\/b>:<br \/>&#8211; Parte superior confeccionada con microfibra y placa de espinilla de PU con forma anat\u00f3mica para un soporte robusto.<br \/>&#8211; Espinillera ajustable en tres posiciones para un ajuste personalizado.<br \/>&#8211; Zona de los dedos reforzada, soporte para los mal\u00e9olos e inserciones de microfibra estrat\u00e9gicamente ubicadas para mayor flexibilidad y comodidad.<br \/>&#8211; El sistema de cierre cuenta con tres hebillas ajustables de aluminio superligeras y una correa de velcro superior.<br \/>&#8211; Membrana Drytech impermeable para montar en todo tipo de clima.<br \/>&#8211; La construcci\u00f3n artesanal de Gaerne garantiza durabilidad y f\u00e1cil resoluci\u00f3n.<br \/>&#8211; Suela de de trial, de goma, para un agarre y control antideslizantes.<br \/>&#8211; Fabricadas en Italia.<\/p>\n<p class=\"p2\" style=\"margin:0px;line-height:normal;font-family:Helvetica;background-color:#ffffff;min-height:13px;\">\n<p class=\"p2\" style=\"margin:0px;line-height:normal;font-family:Helvetica;background-color:#ffffff;min-height:13px;\">\n<p class=\"p2\" style=\"margin:0px;line-height:normal;font-family:Helvetica;background-color:#ffffff;min-height:13px;\">\n<p class=\"p1\" style=\"margin:0px;line-height:normal;font-family:Helvetica;background-color:#ffffff;\"><b>Sobre Gaerne<\/b><\/p>\n<p class=\"p1\" style=\"margin:0px;line-height:normal;font-family:Helvetica;background-color:#ffffff;\">1962. Del peque\u00f1o taller al mundo. Seis d\u00e9cadas de actividad repletas de \u00e9xitos en el mundo de las dos ruedas a motor y pedal. Son estos dos elementos los que caracterizan el logotipo dedicado a este aniversario especial.<\/p>\n<p class=\"p1\" style=\"margin:0px;line-height:normal;font-family:Helvetica;background-color:#ffffff;\">Ernesto ten\u00eda 30 a\u00f1os en octubre de 1962 cuando decidi\u00f3 emprender su propio negocio. Detr\u00e1s de \u00e9l, a pesar de su corta edad, una experiencia de m\u00e1s de 15 a\u00f1os en el campo del calzado laboral y de monta\u00f1a.<\/p>\n<p class=\"p2\" style=\"margin:0px;line-height:normal;font-family:Helvetica;background-color:#ffffff;min-height:13px;\">\n<p class=\"p1\" style=\"margin:0px;line-height:normal;font-family:Helvetica;background-color:#ffffff;\">Hay dos motivos circulares caracterizados por una intersecci\u00f3n: una referencia al mundo de las dos ruedas a pedal y motor. Las primeras producciones de Gaerne se refer\u00edan, de hecho, a las botas de moto, luego, a principios de los a\u00f1os 80, se introdujeron las zapatillas de ciclismo de carretera y de monta\u00f1a.<\/p>\n<p class=\"p2\" style=\"margin:0px;line-height:normal;font-family:Helvetica;background-color:#ffffff;min-height:13px;\">\n<p class=\"p1\" style=\"margin:0px;line-height:normal;font-family:Helvetica;background-color:#ffffff;\">En ese punto de encuentro entre las dos ruedas reside el alma de la empresa y la pasi\u00f3n que a lo largo de los a\u00f1os Cavalier Ernesto ha transmitido a sus colaboradores y socios internacionales.<\/p>\n","protected":false},"excerpt":{"rendered":"<p class=\"p1\" style=\"margin:0px;line-height:normal;font-family:Arial;\"><span class=\"s1\">&#8211; BOTAS GAERNE DE TRIAL<br \/>&#8211; BOTAS GAERNE DE OFF ROAD<br \/>&#8211; BOTAS GAERNE BALANCE XTR<br \/>&#8211; BOTAS GAERNE TRIAL BLANCAS<\/span><\/p>\n","protected":false},"featured_media":44356,"comment_status":"open","ping_status":"closed","template":"","meta":[],"product_brand":[],"product_cat":[11446],"product_tag":[],"class_list":{"0":"post-43032","1":"product","2":"type-product","3":"status-publish","4":"has-post-thumbnail","6":"product_cat-botas-equipacion","8":"first","9":"instock","10":"sale","11":"taxable","12":"shipping-taxable","13":"purchasable","14":"product-type-simple"},"yoast_head":"<!-- This site is optimized with the Yoast SEO Premium plugin v21.2 (Yoast SEO v27.4) - https:\/\/yoast.com\/product\/yoast-seo-premium-wordpress\/ -->\n<title>BOTAS TRIAL GAERNE BALANCE XTR (BLANCO) - Tienda de todotrial<\/title>\n<meta name=\"robots\" content=\"index, follow, max-snippet:-1, max-image-preview:large, max-video-preview:-1\" \/>\n<link rel=\"canonical\" href=\"https:\/\/todotrial.com\/tienda\/botas-trial-gaerne-balance-xtr-blanco\/\" \/>\n<meta property=\"og:locale\" content=\"es_ES\" \/>\n<meta property=\"og:type\" content=\"article\" \/>\n<meta property=\"og:title\" content=\"BOTAS TRIAL GAERNE BALANCE XTR (BLANCO)\" \/>\n<meta property=\"og:description\" content=\"- BOTAS GAERNE DE TRIAL- BOTAS GAERNE DE OFF ROAD- BOTAS GAERNE BALANCE XTR- BOTAS GAERNE TRIAL BLANCAS\" \/>\n<meta property=\"og:url\" content=\"https:\/\/todotrial.com\/tienda\/botas-trial-gaerne-balance-xtr-blanco\/\" \/>\n<meta property=\"og:site_name\" content=\"Tienda de todotrial\" \/>\n<meta property=\"article:modified_time\" content=\"2025-05-13T19:49:16+00:00\" \/>\n<meta property=\"og:image\" content=\"https:\/\/todotrial.com\/tienda\/wp-content\/uploads\/2025\/02\/botas-trial-gaerne-balance-xtr-blanco.jpg\" \/>\n\t<meta property=\"og:image:width\" content=\"1000\" \/>\n\t<meta property=\"og:image:height\" content=\"1000\" \/>\n\t<meta property=\"og:image:type\" content=\"image\/jpeg\" \/>\n<meta name=\"twitter:card\" content=\"summary_large_image\" \/>\n<meta name=\"twitter:label1\" content=\"Tiempo de lectura\" \/>\n\t<meta name=\"twitter:data1\" content=\"3 minutos\" \/>\n<script type=\"application\/ld+json\" class=\"yoast-schema-graph\">{\"@context\":\"https:\\\/\\\/schema.org\",\"@graph\":[{\"@type\":\"WebPage\",\"@id\":\"https:\\\/\\\/todotrial.com\\\/tienda\\\/botas-trial-gaerne-balance-xtr-blanco\\\/\",\"url\":\"https:\\\/\\\/todotrial.com\\\/tienda\\\/botas-trial-gaerne-balance-xtr-blanco\\\/\",\"name\":\"BOTAS TRIAL GAERNE BALANCE XTR (BLANCO) - Tienda de todotrial\",\"isPartOf\":{\"@id\":\"https:\\\/\\\/todotrial.com\\\/tienda\\\/#website\"},\"primaryImageOfPage\":{\"@id\":\"https:\\\/\\\/todotrial.com\\\/tienda\\\/botas-trial-gaerne-balance-xtr-blanco\\\/#primaryimage\"},\"image\":{\"@id\":\"https:\\\/\\\/todotrial.com\\\/tienda\\\/botas-trial-gaerne-balance-xtr-blanco\\\/#primaryimage\"},\"thumbnailUrl\":\"https:\\\/\\\/todotrial.com\\\/tienda\\\/wp-content\\\/uploads\\\/2025\\\/02\\\/botas-trial-gaerne-balance-xtr-blanco.jpg\",\"datePublished\":\"2025-02-19T12:02:00+00:00\",\"dateModified\":\"2025-05-13T19:49:16+00:00\",\"breadcrumb\":{\"@id\":\"https:\\\/\\\/todotrial.com\\\/tienda\\\/botas-trial-gaerne-balance-xtr-blanco\\\/#breadcrumb\"},\"inLanguage\":\"es\",\"potentialAction\":[{\"@type\":\"ReadAction\",\"target\":[\"https:\\\/\\\/todotrial.com\\\/tienda\\\/botas-trial-gaerne-balance-xtr-blanco\\\/\"]}]},{\"@type\":\"ImageObject\",\"inLanguage\":\"es\",\"@id\":\"https:\\\/\\\/todotrial.com\\\/tienda\\\/botas-trial-gaerne-balance-xtr-blanco\\\/#primaryimage\",\"url\":\"https:\\\/\\\/todotrial.com\\\/tienda\\\/wp-content\\\/uploads\\\/2025\\\/02\\\/botas-trial-gaerne-balance-xtr-blanco.jpg\",\"contentUrl\":\"https:\\\/\\\/todotrial.com\\\/tienda\\\/wp-content\\\/uploads\\\/2025\\\/02\\\/botas-trial-gaerne-balance-xtr-blanco.jpg\",\"width\":1000,\"height\":1000,\"caption\":\"BOTAS TRIAL GAERNE BALANCE XTR (BLANCO)\"},{\"@type\":\"BreadcrumbList\",\"@id\":\"https:\\\/\\\/todotrial.com\\\/tienda\\\/botas-trial-gaerne-balance-xtr-blanco\\\/#breadcrumb\",\"itemListElement\":[{\"@type\":\"ListItem\",\"position\":1,\"name\":\"Portada\",\"item\":\"https:\\\/\\\/todotrial.com\\\/tienda\\\/\"},{\"@type\":\"ListItem\",\"position\":2,\"name\":\"Shop\",\"item\":\"https:\\\/\\\/todotrial.com\\\/tienda\\\/shop\\\/\"},{\"@type\":\"ListItem\",\"position\":3,\"name\":\"BOTAS TRIAL GAERNE BALANCE XTR (BLANCO)\"}]},{\"@type\":\"WebSite\",\"@id\":\"https:\\\/\\\/todotrial.com\\\/tienda\\\/#website\",\"url\":\"https:\\\/\\\/todotrial.com\\\/tienda\\\/\",\"name\":\"Tienda de todotrial\",\"description\":\"\",\"potentialAction\":[{\"@type\":\"SearchAction\",\"target\":{\"@type\":\"EntryPoint\",\"urlTemplate\":\"https:\\\/\\\/todotrial.com\\\/tienda\\\/?s={search_term_string}\"},\"query-input\":{\"@type\":\"PropertyValueSpecification\",\"valueRequired\":true,\"valueName\":\"search_term_string\"}}],\"inLanguage\":\"es\"}]}<\/script>\n<!-- \/ Yoast SEO Premium plugin. -->","yoast_head_json":{"title":"BOTAS TRIAL GAERNE BALANCE XTR (BLANCO) - Tienda de todotrial","robots":{"index":"index","follow":"follow","max-snippet":"max-snippet:-1","max-image-preview":"max-image-preview:large","max-video-preview":"max-video-preview:-1"},"canonical":"https:\/\/todotrial.com\/tienda\/botas-trial-gaerne-balance-xtr-blanco\/","og_locale":"es_ES","og_type":"article","og_title":"BOTAS TRIAL GAERNE BALANCE XTR (BLANCO)","og_description":"- BOTAS GAERNE DE TRIAL- BOTAS GAERNE DE OFF ROAD- BOTAS GAERNE BALANCE XTR- BOTAS GAERNE TRIAL BLANCAS","og_url":"https:\/\/todotrial.com\/tienda\/botas-trial-gaerne-balance-xtr-blanco\/","og_site_name":"Tienda de todotrial","article_modified_time":"2025-05-13T19:49:16+00:00","og_image":[{"width":1000,"height":1000,"url":"https:\/\/todotrial.com\/tienda\/wp-content\/uploads\/2025\/02\/botas-trial-gaerne-balance-xtr-blanco.jpg","type":"image\/jpeg"}],"twitter_card":"summary_large_image","twitter_misc":{"Tiempo de lectura":"3 minutos"},"schema":{"@context":"https:\/\/schema.org","@graph":[{"@type":"WebPage","@id":"https:\/\/todotrial.com\/tienda\/botas-trial-gaerne-balance-xtr-blanco\/","url":"https:\/\/todotrial.com\/tienda\/botas-trial-gaerne-balance-xtr-blanco\/","name":"BOTAS TRIAL GAERNE BALANCE XTR (BLANCO) - Tienda de todotrial","isPartOf":{"@id":"https:\/\/todotrial.com\/tienda\/#website"},"primaryImageOfPage":{"@id":"https:\/\/todotrial.com\/tienda\/botas-trial-gaerne-balance-xtr-blanco\/#primaryimage"},"image":{"@id":"https:\/\/todotrial.com\/tienda\/botas-trial-gaerne-balance-xtr-blanco\/#primaryimage"},"thumbnailUrl":"https:\/\/todotrial.com\/tienda\/wp-content\/uploads\/2025\/02\/botas-trial-gaerne-balance-xtr-blanco.jpg","datePublished":"2025-02-19T12:02:00+00:00","dateModified":"2025-05-13T19:49:16+00:00","breadcrumb":{"@id":"https:\/\/todotrial.com\/tienda\/botas-trial-gaerne-balance-xtr-blanco\/#breadcrumb"},"inLanguage":"es","potentialAction":[{"@type":"ReadAction","target":["https:\/\/todotrial.com\/tienda\/botas-trial-gaerne-balance-xtr-blanco\/"]}]},{"@type":"ImageObject","inLanguage":"es","@id":"https:\/\/todotrial.com\/tienda\/botas-trial-gaerne-balance-xtr-blanco\/#primaryimage","url":"https:\/\/todotrial.com\/tienda\/wp-content\/uploads\/2025\/02\/botas-trial-gaerne-balance-xtr-blanco.jpg","contentUrl":"https:\/\/todotrial.com\/tienda\/wp-content\/uploads\/2025\/02\/botas-trial-gaerne-balance-xtr-blanco.jpg","width":1000,"height":1000,"caption":"BOTAS TRIAL GAERNE BALANCE XTR (BLANCO)"},{"@type":"BreadcrumbList","@id":"https:\/\/todotrial.com\/tienda\/botas-trial-gaerne-balance-xtr-blanco\/#breadcrumb","itemListElement":[{"@type":"ListItem","position":1,"name":"Portada","item":"https:\/\/todotrial.com\/tienda\/"},{"@type":"ListItem","position":2,"name":"Shop","item":"https:\/\/todotrial.com\/tienda\/shop\/"},{"@type":"ListItem","position":3,"name":"BOTAS TRIAL GAERNE BALANCE XTR (BLANCO)"}]},{"@type":"WebSite","@id":"https:\/\/todotrial.com\/tienda\/#website","url":"https:\/\/todotrial.com\/tienda\/","name":"Tienda de todotrial","description":"","potentialAction":[{"@type":"SearchAction","target":{"@type":"EntryPoint","urlTemplate":"https:\/\/todotrial.com\/tienda\/?s={search_term_string}"},"query-input":{"@type":"PropertyValueSpecification","valueRequired":true,"valueName":"search_term_string"}}],"inLanguage":"es"}]}},"_links":{"self":[{"href":"https:\/\/todotrial.com\/tienda\/wp-json\/wp\/v2\/product\/43032","targetHints":{"allow":["GET"]}}],"collection":[{"href":"https:\/\/todotrial.com\/tienda\/wp-json\/wp\/v2\/product"}],"about":[{"href":"https:\/\/todotrial.com\/tienda\/wp-json\/wp\/v2\/types\/product"}],"replies":[{"embeddable":true,"href":"https:\/\/todotrial.com\/tienda\/wp-json\/wp\/v2\/comments?post=43032"}],"version-history":[{"count":1,"href":"https:\/\/todotrial.com\/tienda\/wp-json\/wp\/v2\/product\/43032\/revisions"}],"predecessor-version":[{"id":54201,"href":"https:\/\/todotrial.com\/tienda\/wp-json\/wp\/v2\/product\/43032\/revisions\/54201"}],"wp:featuredmedia":[{"embeddable":true,"href":"https:\/\/todotrial.com\/tienda\/wp-json\/wp\/v2\/media\/44356"}],"wp:attachment":[{"href":"https:\/\/todotrial.com\/tienda\/wp-json\/wp\/v2\/media?parent=43032"}],"wp:term":[{"taxonomy":"product_brand","embeddable":true,"href":"https:\/\/todotrial.com\/tienda\/wp-json\/wp\/v2\/product_brand?post=43032"},{"taxonomy":"product_cat","embeddable":true,"href":"https:\/\/todotrial.com\/tienda\/wp-json\/wp\/v2\/product_cat?post=43032"},{"taxonomy":"product_tag","embeddable":true,"href":"https:\/\/todotrial.com\/tienda\/wp-json\/wp\/v2\/product_tag?post=43032"}],"curies":[{"name":"wp","href":"https:\/\/api.w.org\/{rel}","templated":true}]}}