{"id":38835,"date":"2023-03-15T20:53:29","date_gmt":"2023-03-15T19:53:29","guid":{"rendered":"https:\/\/todotrial.com\/tienda\/?post_type=product&#038;p=38835"},"modified":"2025-05-14T09:33:58","modified_gmt":"2025-05-14T08:33:58","slug":"guantes-trial-hebo-classic-montesa","status":"publish","type":"product","link":"https:\/\/todotrial.com\/tienda\/guantes-trial-hebo-classic-montesa\/","title":{"rendered":"Guantes Trial HEBO Montesa Classic"},"content":{"rendered":"<p>Guantes Trial Montesa Classic, fabricados en tejido el\u00e1stico de nylon de alta resistencia en su dorso, logotipo caracter\u00edstico HEBO en los dedos \u00edndice.<\/p>\n<p>Los Guantes Hebo Montesa Classic est\u00e1n fabricados en nailon (63 %), poli\u00e9ster (30 %) y poliuretano (7 %). El tejido del dorso es el\u00e1stico de 4 direcciones, lo que garantiza tanto su adaptabilidad como la libertad de movimientos de la mano de quien conduzca. La palma de microfibra facilita el agarre al pu\u00f1o de la motocicleta aumentando la precisi\u00f3n de cada movimiento. El cierre de velcro de la mu\u00f1eca permite ajustar los guantes correctamente evitando desplazamientos involuntarios. El discreto logotipo de la marca aparece en uno de los dedos y en la zona de la mu\u00f1eca, aportando una pincelada de elegancia.<\/p>\n","protected":false},"excerpt":{"rendered":"<p>Guantes Trial Montesa Classic, fabricados en tejido el\u00e1stico de nylon de alta resistencia en su dorso, logotipo caracter\u00edstico HEBO en los dedos \u00edndice. Los Guantes Hebo Montesa Classic est\u00e1n fabricados en nailon (63 %), poli\u00e9ster (30 %) y poliuretano (7 %). El tejido del dorso es el\u00e1stico de 4 direcciones, lo que garantiza tanto su [&hellip;]<\/p>\n","protected":false},"featured_media":38836,"comment_status":"open","ping_status":"closed","template":"","meta":[],"product_brand":[],"product_cat":[11449,11738],"product_tag":[],"class_list":{"0":"post-38835","1":"product","2":"type-product","3":"status-publish","4":"has-post-thumbnail","6":"product_cat-guantes-equipacion","7":"product_cat-trial","8":"pa_color-azul","9":"pa_color-negro","10":"pa_color-rojo","12":"first","13":"instock","14":"taxable","15":"shipping-taxable","16":"purchasable","17":"product-type-simple"},"yoast_head":"<!-- This site is optimized with the Yoast SEO Premium plugin v21.2 (Yoast SEO v27.3) - https:\/\/yoast.com\/product\/yoast-seo-premium-wordpress\/ -->\n<title>Guantes Trial Hebo Montesa Classic<\/title>\n<meta name=\"description\" content=\"Guantes de Trial Montesa Classic, fabricado en tejido el\u00e1stico de nylon de alta resistencia en el dorso. Gran adaptabilidad y comodidad.\" \/>\n<meta name=\"robots\" content=\"index, follow, max-snippet:-1, max-image-preview:large, max-video-preview:-1\" \/>\n<link rel=\"canonical\" href=\"https:\/\/todotrial.com\/tienda\/guantes-trial-hebo-classic-montesa\/\" \/>\n<meta property=\"og:locale\" content=\"es_ES\" \/>\n<meta property=\"og:type\" content=\"article\" \/>\n<meta property=\"og:title\" content=\"Guantes Trial HEBO Montesa Classic\" \/>\n<meta property=\"og:description\" content=\"Guantes de Trial Montesa Classic, fabricado en tejido el\u00e1stico de nylon de alta resistencia en el dorso. Gran adaptabilidad y comodidad.\" \/>\n<meta property=\"og:url\" content=\"https:\/\/todotrial.com\/tienda\/guantes-trial-hebo-classic-montesa\/\" \/>\n<meta property=\"og:site_name\" content=\"Tienda de todotrial\" \/>\n<meta property=\"article:modified_time\" content=\"2025-05-14T08:33:58+00:00\" \/>\n<meta property=\"og:image\" content=\"https:\/\/todotrial.com\/tienda\/wp-content\/uploads\/2023\/03\/HE1161-R-1_HEBO_Guante_trial_montesa_rojo.jpg\" \/>\n\t<meta property=\"og:image:width\" content=\"1000\" \/>\n\t<meta property=\"og:image:height\" content=\"1000\" \/>\n\t<meta property=\"og:image:type\" content=\"image\/jpeg\" \/>\n<meta name=\"twitter:card\" content=\"summary_large_image\" \/>\n<meta name=\"twitter:label1\" content=\"Tiempo de lectura\" \/>\n\t<meta name=\"twitter:data1\" content=\"1 minuto\" \/>\n<script type=\"application\/ld+json\" class=\"yoast-schema-graph\">{\"@context\":\"https:\\\/\\\/schema.org\",\"@graph\":[{\"@type\":\"WebPage\",\"@id\":\"https:\\\/\\\/todotrial.com\\\/tienda\\\/guantes-trial-hebo-classic-montesa\\\/\",\"url\":\"https:\\\/\\\/todotrial.com\\\/tienda\\\/guantes-trial-hebo-classic-montesa\\\/\",\"name\":\"Guantes Trial Hebo Montesa Classic\",\"isPartOf\":{\"@id\":\"https:\\\/\\\/todotrial.com\\\/tienda\\\/#website\"},\"primaryImageOfPage\":{\"@id\":\"https:\\\/\\\/todotrial.com\\\/tienda\\\/guantes-trial-hebo-classic-montesa\\\/#primaryimage\"},\"image\":{\"@id\":\"https:\\\/\\\/todotrial.com\\\/tienda\\\/guantes-trial-hebo-classic-montesa\\\/#primaryimage\"},\"thumbnailUrl\":\"https:\\\/\\\/todotrial.com\\\/tienda\\\/wp-content\\\/uploads\\\/2023\\\/03\\\/HE1161-R-1_HEBO_Guante_trial_montesa_rojo.jpg\",\"datePublished\":\"2023-03-15T19:53:29+00:00\",\"dateModified\":\"2025-05-14T08:33:58+00:00\",\"description\":\"Guantes de Trial Montesa Classic, fabricado en tejido el\u00e1stico de nylon de alta resistencia en el dorso. Gran adaptabilidad y comodidad.\",\"breadcrumb\":{\"@id\":\"https:\\\/\\\/todotrial.com\\\/tienda\\\/guantes-trial-hebo-classic-montesa\\\/#breadcrumb\"},\"inLanguage\":\"es\",\"potentialAction\":[{\"@type\":\"ReadAction\",\"target\":[\"https:\\\/\\\/todotrial.com\\\/tienda\\\/guantes-trial-hebo-classic-montesa\\\/\"]}]},{\"@type\":\"ImageObject\",\"inLanguage\":\"es\",\"@id\":\"https:\\\/\\\/todotrial.com\\\/tienda\\\/guantes-trial-hebo-classic-montesa\\\/#primaryimage\",\"url\":\"https:\\\/\\\/todotrial.com\\\/tienda\\\/wp-content\\\/uploads\\\/2023\\\/03\\\/HE1161-R-1_HEBO_Guante_trial_montesa_rojo.jpg\",\"contentUrl\":\"https:\\\/\\\/todotrial.com\\\/tienda\\\/wp-content\\\/uploads\\\/2023\\\/03\\\/HE1161-R-1_HEBO_Guante_trial_montesa_rojo.jpg\",\"width\":1000,\"height\":1000},{\"@type\":\"BreadcrumbList\",\"@id\":\"https:\\\/\\\/todotrial.com\\\/tienda\\\/guantes-trial-hebo-classic-montesa\\\/#breadcrumb\",\"itemListElement\":[{\"@type\":\"ListItem\",\"position\":1,\"name\":\"Portada\",\"item\":\"https:\\\/\\\/todotrial.com\\\/tienda\\\/\"},{\"@type\":\"ListItem\",\"position\":2,\"name\":\"Shop\",\"item\":\"https:\\\/\\\/todotrial.com\\\/tienda\\\/shop\\\/\"},{\"@type\":\"ListItem\",\"position\":3,\"name\":\"Guantes Trial HEBO Montesa Classic\"}]},{\"@type\":\"WebSite\",\"@id\":\"https:\\\/\\\/todotrial.com\\\/tienda\\\/#website\",\"url\":\"https:\\\/\\\/todotrial.com\\\/tienda\\\/\",\"name\":\"Tienda de todotrial\",\"description\":\"\",\"potentialAction\":[{\"@type\":\"SearchAction\",\"target\":{\"@type\":\"EntryPoint\",\"urlTemplate\":\"https:\\\/\\\/todotrial.com\\\/tienda\\\/?s={search_term_string}\"},\"query-input\":{\"@type\":\"PropertyValueSpecification\",\"valueRequired\":true,\"valueName\":\"search_term_string\"}}],\"inLanguage\":\"es\"}]}<\/script>\n<!-- \/ Yoast SEO Premium plugin. -->","yoast_head_json":{"title":"Guantes Trial Hebo Montesa Classic","description":"Guantes de Trial Montesa Classic, fabricado en tejido el\u00e1stico de nylon de alta resistencia en el dorso. Gran adaptabilidad y comodidad.","robots":{"index":"index","follow":"follow","max-snippet":"max-snippet:-1","max-image-preview":"max-image-preview:large","max-video-preview":"max-video-preview:-1"},"canonical":"https:\/\/todotrial.com\/tienda\/guantes-trial-hebo-classic-montesa\/","og_locale":"es_ES","og_type":"article","og_title":"Guantes Trial HEBO Montesa Classic","og_description":"Guantes de Trial Montesa Classic, fabricado en tejido el\u00e1stico de nylon de alta resistencia en el dorso. Gran adaptabilidad y comodidad.","og_url":"https:\/\/todotrial.com\/tienda\/guantes-trial-hebo-classic-montesa\/","og_site_name":"Tienda de todotrial","article_modified_time":"2025-05-14T08:33:58+00:00","og_image":[{"width":1000,"height":1000,"url":"https:\/\/todotrial.com\/tienda\/wp-content\/uploads\/2023\/03\/HE1161-R-1_HEBO_Guante_trial_montesa_rojo.jpg","type":"image\/jpeg"}],"twitter_card":"summary_large_image","twitter_misc":{"Tiempo de lectura":"1 minuto"},"schema":{"@context":"https:\/\/schema.org","@graph":[{"@type":"WebPage","@id":"https:\/\/todotrial.com\/tienda\/guantes-trial-hebo-classic-montesa\/","url":"https:\/\/todotrial.com\/tienda\/guantes-trial-hebo-classic-montesa\/","name":"Guantes Trial Hebo Montesa Classic","isPartOf":{"@id":"https:\/\/todotrial.com\/tienda\/#website"},"primaryImageOfPage":{"@id":"https:\/\/todotrial.com\/tienda\/guantes-trial-hebo-classic-montesa\/#primaryimage"},"image":{"@id":"https:\/\/todotrial.com\/tienda\/guantes-trial-hebo-classic-montesa\/#primaryimage"},"thumbnailUrl":"https:\/\/todotrial.com\/tienda\/wp-content\/uploads\/2023\/03\/HE1161-R-1_HEBO_Guante_trial_montesa_rojo.jpg","datePublished":"2023-03-15T19:53:29+00:00","dateModified":"2025-05-14T08:33:58+00:00","description":"Guantes de Trial Montesa Classic, fabricado en tejido el\u00e1stico de nylon de alta resistencia en el dorso. Gran adaptabilidad y comodidad.","breadcrumb":{"@id":"https:\/\/todotrial.com\/tienda\/guantes-trial-hebo-classic-montesa\/#breadcrumb"},"inLanguage":"es","potentialAction":[{"@type":"ReadAction","target":["https:\/\/todotrial.com\/tienda\/guantes-trial-hebo-classic-montesa\/"]}]},{"@type":"ImageObject","inLanguage":"es","@id":"https:\/\/todotrial.com\/tienda\/guantes-trial-hebo-classic-montesa\/#primaryimage","url":"https:\/\/todotrial.com\/tienda\/wp-content\/uploads\/2023\/03\/HE1161-R-1_HEBO_Guante_trial_montesa_rojo.jpg","contentUrl":"https:\/\/todotrial.com\/tienda\/wp-content\/uploads\/2023\/03\/HE1161-R-1_HEBO_Guante_trial_montesa_rojo.jpg","width":1000,"height":1000},{"@type":"BreadcrumbList","@id":"https:\/\/todotrial.com\/tienda\/guantes-trial-hebo-classic-montesa\/#breadcrumb","itemListElement":[{"@type":"ListItem","position":1,"name":"Portada","item":"https:\/\/todotrial.com\/tienda\/"},{"@type":"ListItem","position":2,"name":"Shop","item":"https:\/\/todotrial.com\/tienda\/shop\/"},{"@type":"ListItem","position":3,"name":"Guantes Trial HEBO Montesa Classic"}]},{"@type":"WebSite","@id":"https:\/\/todotrial.com\/tienda\/#website","url":"https:\/\/todotrial.com\/tienda\/","name":"Tienda de todotrial","description":"","potentialAction":[{"@type":"SearchAction","target":{"@type":"EntryPoint","urlTemplate":"https:\/\/todotrial.com\/tienda\/?s={search_term_string}"},"query-input":{"@type":"PropertyValueSpecification","valueRequired":true,"valueName":"search_term_string"}}],"inLanguage":"es"}]}},"_links":{"self":[{"href":"https:\/\/todotrial.com\/tienda\/wp-json\/wp\/v2\/product\/38835","targetHints":{"allow":["GET"]}}],"collection":[{"href":"https:\/\/todotrial.com\/tienda\/wp-json\/wp\/v2\/product"}],"about":[{"href":"https:\/\/todotrial.com\/tienda\/wp-json\/wp\/v2\/types\/product"}],"replies":[{"embeddable":true,"href":"https:\/\/todotrial.com\/tienda\/wp-json\/wp\/v2\/comments?post=38835"}],"version-history":[{"count":1,"href":"https:\/\/todotrial.com\/tienda\/wp-json\/wp\/v2\/product\/38835\/revisions"}],"predecessor-version":[{"id":55849,"href":"https:\/\/todotrial.com\/tienda\/wp-json\/wp\/v2\/product\/38835\/revisions\/55849"}],"wp:featuredmedia":[{"embeddable":true,"href":"https:\/\/todotrial.com\/tienda\/wp-json\/wp\/v2\/media\/38836"}],"wp:attachment":[{"href":"https:\/\/todotrial.com\/tienda\/wp-json\/wp\/v2\/media?parent=38835"}],"wp:term":[{"taxonomy":"product_brand","embeddable":true,"href":"https:\/\/todotrial.com\/tienda\/wp-json\/wp\/v2\/product_brand?post=38835"},{"taxonomy":"product_cat","embeddable":true,"href":"https:\/\/todotrial.com\/tienda\/wp-json\/wp\/v2\/product_cat?post=38835"},{"taxonomy":"product_tag","embeddable":true,"href":"https:\/\/todotrial.com\/tienda\/wp-json\/wp\/v2\/product_tag?post=38835"}],"curies":[{"name":"wp","href":"https:\/\/api.w.org\/{rel}","templated":true}]}}