{"id":38710,"date":"2023-01-27T16:51:53","date_gmt":"2023-01-27T15:51:53","guid":{"rendered":"https:\/\/todotrial.com\/tienda\/?post_type=product&#038;p=38710"},"modified":"2025-02-20T17:18:47","modified_gmt":"2025-02-20T16:18:47","slug":"protector-tapa-de-encendido-trrs-en-fibra-de-carbono-cierre-completo","status":"publish","type":"product","link":"https:\/\/todotrial.com\/tienda\/protector-tapa-de-encendido-trrs-en-fibra-de-carbono-cierre-completo\/","title":{"rendered":"Protector tapa de encendido TRRS en fibra de carbono, cierre completo"},"content":{"rendered":"<div dir=\"auto\">Nuevo protector de tapa de encendido para todos los modelos de TRRS<\/div>\n<div dir=\"auto\">Est\u00e1 fabricado 100% en fibra de carbono, realizado a mano.<\/div>\n<div dir=\"auto\">Este modelo es completamente cerrado, tambi\u00e9n hay otro modelo parcialmente cerrado.<\/div>\n<div dir=\"auto\">Magn\u00edfico acabado y m\u00e1xima protecci\u00f3n ante golpes evitando los anti-est\u00e9ticos roces de la bota al cambiar de marcha.<\/div>\n<div dir=\"auto\">Precio 59 \u20ac portes incluidos.<\/div>\n","protected":false},"excerpt":{"rendered":"<p>Nuevo protector de tapa de encendido para todos los modelos de TRRS Est\u00e1 fabricado 100% en fibra de carbono, realizado a mano. Este modelo es completamente cerrado, tambi\u00e9n hay otro modelo parcialmente cerrado. Magn\u00edfico acabado y m\u00e1xima protecci\u00f3n ante golpes evitando los anti-est\u00e9ticos roces de la bota al cambiar de marcha. Precio 59 \u20ac portes [&hellip;]<\/p>\n","protected":false},"featured_media":38715,"comment_status":"open","ping_status":"closed","template":"","meta":[],"product_brand":[],"product_cat":[11610],"product_tag":[],"class_list":{"0":"post-38710","1":"product","2":"type-product","3":"status-publish","4":"has-post-thumbnail","6":"product_cat-protectores-motor","8":"first","9":"instock","10":"sale","11":"taxable","12":"shipping-taxable","13":"purchasable","14":"product-type-simple"},"yoast_head":"<!-- This site is optimized with the Yoast SEO Premium plugin v21.2 (Yoast SEO v27.3) - https:\/\/yoast.com\/product\/yoast-seo-premium-wordpress\/ -->\n<title>Protector tapa encendido TRRS fibra de carbono<\/title>\n<meta name=\"description\" content=\"Nuevo protector de tapa de encendido para todos los modelos de TRRS. Est\u00e1 fabricado 100% en fibra de carbono, Magn\u00edfico acabado y m\u00e1xima protecci\u00f3n.\" \/>\n<meta name=\"robots\" content=\"index, follow, max-snippet:-1, max-image-preview:large, max-video-preview:-1\" \/>\n<link rel=\"canonical\" href=\"https:\/\/todotrial.com\/tienda\/protector-tapa-de-encendido-trrs-en-fibra-de-carbono-cierre-completo\/\" \/>\n<meta property=\"og:locale\" content=\"es_ES\" \/>\n<meta property=\"og:type\" content=\"article\" \/>\n<meta property=\"og:title\" content=\"Protector tapa de encendido TRRS en fibra de carbono, cierre completo\" \/>\n<meta property=\"og:description\" content=\"Nuevo protector de tapa de encendido para todos los modelos de TRRS. Est\u00e1 fabricado 100% en fibra de carbono, Magn\u00edfico acabado y m\u00e1xima protecci\u00f3n.\" \/>\n<meta property=\"og:url\" content=\"https:\/\/todotrial.com\/tienda\/protector-tapa-de-encendido-trrs-en-fibra-de-carbono-cierre-completo\/\" \/>\n<meta property=\"og:site_name\" content=\"Tienda de todotrial\" \/>\n<meta property=\"article:modified_time\" content=\"2025-02-20T16:18:47+00:00\" \/>\n<meta property=\"og:image\" content=\"https:\/\/todotrial.com\/tienda\/wp-content\/uploads\/2023\/01\/protector-tapa-encendido-TRRS-carbon-fiber-4.jpg\" \/>\n\t<meta property=\"og:image:width\" content=\"1200\" \/>\n\t<meta property=\"og:image:height\" content=\"800\" \/>\n\t<meta property=\"og:image:type\" content=\"image\/jpeg\" \/>\n<meta name=\"twitter:card\" content=\"summary_large_image\" \/>\n<meta name=\"twitter:label1\" content=\"Tiempo de lectura\" \/>\n\t<meta name=\"twitter:data1\" content=\"1 minuto\" \/>\n<script type=\"application\/ld+json\" class=\"yoast-schema-graph\">{\"@context\":\"https:\\\/\\\/schema.org\",\"@graph\":[{\"@type\":\"WebPage\",\"@id\":\"https:\\\/\\\/todotrial.com\\\/tienda\\\/protector-tapa-de-encendido-trrs-en-fibra-de-carbono-cierre-completo\\\/\",\"url\":\"https:\\\/\\\/todotrial.com\\\/tienda\\\/protector-tapa-de-encendido-trrs-en-fibra-de-carbono-cierre-completo\\\/\",\"name\":\"Protector tapa encendido TRRS fibra de carbono\",\"isPartOf\":{\"@id\":\"https:\\\/\\\/todotrial.com\\\/tienda\\\/#website\"},\"primaryImageOfPage\":{\"@id\":\"https:\\\/\\\/todotrial.com\\\/tienda\\\/protector-tapa-de-encendido-trrs-en-fibra-de-carbono-cierre-completo\\\/#primaryimage\"},\"image\":{\"@id\":\"https:\\\/\\\/todotrial.com\\\/tienda\\\/protector-tapa-de-encendido-trrs-en-fibra-de-carbono-cierre-completo\\\/#primaryimage\"},\"thumbnailUrl\":\"https:\\\/\\\/todotrial.com\\\/tienda\\\/wp-content\\\/uploads\\\/2023\\\/01\\\/protector-tapa-encendido-TRRS-carbon-fiber-4.jpg\",\"datePublished\":\"2023-01-27T15:51:53+00:00\",\"dateModified\":\"2025-02-20T16:18:47+00:00\",\"description\":\"Nuevo protector de tapa de encendido para todos los modelos de TRRS. Est\u00e1 fabricado 100% en fibra de carbono, Magn\u00edfico acabado y m\u00e1xima protecci\u00f3n.\",\"breadcrumb\":{\"@id\":\"https:\\\/\\\/todotrial.com\\\/tienda\\\/protector-tapa-de-encendido-trrs-en-fibra-de-carbono-cierre-completo\\\/#breadcrumb\"},\"inLanguage\":\"es\",\"potentialAction\":[{\"@type\":\"ReadAction\",\"target\":[\"https:\\\/\\\/todotrial.com\\\/tienda\\\/protector-tapa-de-encendido-trrs-en-fibra-de-carbono-cierre-completo\\\/\"]}]},{\"@type\":\"ImageObject\",\"inLanguage\":\"es\",\"@id\":\"https:\\\/\\\/todotrial.com\\\/tienda\\\/protector-tapa-de-encendido-trrs-en-fibra-de-carbono-cierre-completo\\\/#primaryimage\",\"url\":\"https:\\\/\\\/todotrial.com\\\/tienda\\\/wp-content\\\/uploads\\\/2023\\\/01\\\/protector-tapa-encendido-TRRS-carbon-fiber-4.jpg\",\"contentUrl\":\"https:\\\/\\\/todotrial.com\\\/tienda\\\/wp-content\\\/uploads\\\/2023\\\/01\\\/protector-tapa-encendido-TRRS-carbon-fiber-4.jpg\",\"width\":1200,\"height\":800},{\"@type\":\"BreadcrumbList\",\"@id\":\"https:\\\/\\\/todotrial.com\\\/tienda\\\/protector-tapa-de-encendido-trrs-en-fibra-de-carbono-cierre-completo\\\/#breadcrumb\",\"itemListElement\":[{\"@type\":\"ListItem\",\"position\":1,\"name\":\"Portada\",\"item\":\"https:\\\/\\\/todotrial.com\\\/tienda\\\/\"},{\"@type\":\"ListItem\",\"position\":2,\"name\":\"Shop\",\"item\":\"https:\\\/\\\/todotrial.com\\\/tienda\\\/shop\\\/\"},{\"@type\":\"ListItem\",\"position\":3,\"name\":\"Protector tapa de encendido TRRS en fibra de carbono, cierre completo\"}]},{\"@type\":\"WebSite\",\"@id\":\"https:\\\/\\\/todotrial.com\\\/tienda\\\/#website\",\"url\":\"https:\\\/\\\/todotrial.com\\\/tienda\\\/\",\"name\":\"Tienda de todotrial\",\"description\":\"\",\"potentialAction\":[{\"@type\":\"SearchAction\",\"target\":{\"@type\":\"EntryPoint\",\"urlTemplate\":\"https:\\\/\\\/todotrial.com\\\/tienda\\\/?s={search_term_string}\"},\"query-input\":{\"@type\":\"PropertyValueSpecification\",\"valueRequired\":true,\"valueName\":\"search_term_string\"}}],\"inLanguage\":\"es\"}]}<\/script>\n<!-- \/ Yoast SEO Premium plugin. -->","yoast_head_json":{"title":"Protector tapa encendido TRRS fibra de carbono","description":"Nuevo protector de tapa de encendido para todos los modelos de TRRS. Est\u00e1 fabricado 100% en fibra de carbono, Magn\u00edfico acabado y m\u00e1xima protecci\u00f3n.","robots":{"index":"index","follow":"follow","max-snippet":"max-snippet:-1","max-image-preview":"max-image-preview:large","max-video-preview":"max-video-preview:-1"},"canonical":"https:\/\/todotrial.com\/tienda\/protector-tapa-de-encendido-trrs-en-fibra-de-carbono-cierre-completo\/","og_locale":"es_ES","og_type":"article","og_title":"Protector tapa de encendido TRRS en fibra de carbono, cierre completo","og_description":"Nuevo protector de tapa de encendido para todos los modelos de TRRS. Est\u00e1 fabricado 100% en fibra de carbono, Magn\u00edfico acabado y m\u00e1xima protecci\u00f3n.","og_url":"https:\/\/todotrial.com\/tienda\/protector-tapa-de-encendido-trrs-en-fibra-de-carbono-cierre-completo\/","og_site_name":"Tienda de todotrial","article_modified_time":"2025-02-20T16:18:47+00:00","og_image":[{"width":1200,"height":800,"url":"https:\/\/todotrial.com\/tienda\/wp-content\/uploads\/2023\/01\/protector-tapa-encendido-TRRS-carbon-fiber-4.jpg","type":"image\/jpeg"}],"twitter_card":"summary_large_image","twitter_misc":{"Tiempo de lectura":"1 minuto"},"schema":{"@context":"https:\/\/schema.org","@graph":[{"@type":"WebPage","@id":"https:\/\/todotrial.com\/tienda\/protector-tapa-de-encendido-trrs-en-fibra-de-carbono-cierre-completo\/","url":"https:\/\/todotrial.com\/tienda\/protector-tapa-de-encendido-trrs-en-fibra-de-carbono-cierre-completo\/","name":"Protector tapa encendido TRRS fibra de carbono","isPartOf":{"@id":"https:\/\/todotrial.com\/tienda\/#website"},"primaryImageOfPage":{"@id":"https:\/\/todotrial.com\/tienda\/protector-tapa-de-encendido-trrs-en-fibra-de-carbono-cierre-completo\/#primaryimage"},"image":{"@id":"https:\/\/todotrial.com\/tienda\/protector-tapa-de-encendido-trrs-en-fibra-de-carbono-cierre-completo\/#primaryimage"},"thumbnailUrl":"https:\/\/todotrial.com\/tienda\/wp-content\/uploads\/2023\/01\/protector-tapa-encendido-TRRS-carbon-fiber-4.jpg","datePublished":"2023-01-27T15:51:53+00:00","dateModified":"2025-02-20T16:18:47+00:00","description":"Nuevo protector de tapa de encendido para todos los modelos de TRRS. Est\u00e1 fabricado 100% en fibra de carbono, Magn\u00edfico acabado y m\u00e1xima protecci\u00f3n.","breadcrumb":{"@id":"https:\/\/todotrial.com\/tienda\/protector-tapa-de-encendido-trrs-en-fibra-de-carbono-cierre-completo\/#breadcrumb"},"inLanguage":"es","potentialAction":[{"@type":"ReadAction","target":["https:\/\/todotrial.com\/tienda\/protector-tapa-de-encendido-trrs-en-fibra-de-carbono-cierre-completo\/"]}]},{"@type":"ImageObject","inLanguage":"es","@id":"https:\/\/todotrial.com\/tienda\/protector-tapa-de-encendido-trrs-en-fibra-de-carbono-cierre-completo\/#primaryimage","url":"https:\/\/todotrial.com\/tienda\/wp-content\/uploads\/2023\/01\/protector-tapa-encendido-TRRS-carbon-fiber-4.jpg","contentUrl":"https:\/\/todotrial.com\/tienda\/wp-content\/uploads\/2023\/01\/protector-tapa-encendido-TRRS-carbon-fiber-4.jpg","width":1200,"height":800},{"@type":"BreadcrumbList","@id":"https:\/\/todotrial.com\/tienda\/protector-tapa-de-encendido-trrs-en-fibra-de-carbono-cierre-completo\/#breadcrumb","itemListElement":[{"@type":"ListItem","position":1,"name":"Portada","item":"https:\/\/todotrial.com\/tienda\/"},{"@type":"ListItem","position":2,"name":"Shop","item":"https:\/\/todotrial.com\/tienda\/shop\/"},{"@type":"ListItem","position":3,"name":"Protector tapa de encendido TRRS en fibra de carbono, cierre completo"}]},{"@type":"WebSite","@id":"https:\/\/todotrial.com\/tienda\/#website","url":"https:\/\/todotrial.com\/tienda\/","name":"Tienda de todotrial","description":"","potentialAction":[{"@type":"SearchAction","target":{"@type":"EntryPoint","urlTemplate":"https:\/\/todotrial.com\/tienda\/?s={search_term_string}"},"query-input":{"@type":"PropertyValueSpecification","valueRequired":true,"valueName":"search_term_string"}}],"inLanguage":"es"}]}},"_links":{"self":[{"href":"https:\/\/todotrial.com\/tienda\/wp-json\/wp\/v2\/product\/38710","targetHints":{"allow":["GET"]}}],"collection":[{"href":"https:\/\/todotrial.com\/tienda\/wp-json\/wp\/v2\/product"}],"about":[{"href":"https:\/\/todotrial.com\/tienda\/wp-json\/wp\/v2\/types\/product"}],"replies":[{"embeddable":true,"href":"https:\/\/todotrial.com\/tienda\/wp-json\/wp\/v2\/comments?post=38710"}],"version-history":[{"count":0,"href":"https:\/\/todotrial.com\/tienda\/wp-json\/wp\/v2\/product\/38710\/revisions"}],"wp:featuredmedia":[{"embeddable":true,"href":"https:\/\/todotrial.com\/tienda\/wp-json\/wp\/v2\/media\/38715"}],"wp:attachment":[{"href":"https:\/\/todotrial.com\/tienda\/wp-json\/wp\/v2\/media?parent=38710"}],"wp:term":[{"taxonomy":"product_brand","embeddable":true,"href":"https:\/\/todotrial.com\/tienda\/wp-json\/wp\/v2\/product_brand?post=38710"},{"taxonomy":"product_cat","embeddable":true,"href":"https:\/\/todotrial.com\/tienda\/wp-json\/wp\/v2\/product_cat?post=38710"},{"taxonomy":"product_tag","embeddable":true,"href":"https:\/\/todotrial.com\/tienda\/wp-json\/wp\/v2\/product_tag?post=38710"}],"curies":[{"name":"wp","href":"https:\/\/api.w.org\/{rel}","templated":true}]}}