{"id":38032,"date":"2021-12-30T13:00:24","date_gmt":"2021-12-30T12:00:24","guid":{"rendered":"https:\/\/todotrial.com\/tienda\/?post_type=product&#038;p=38032"},"modified":"2025-02-20T17:18:56","modified_gmt":"2025-02-20T16:18:56","slug":"libro-historia-de-la-sherpa-t-the-story","status":"publish","type":"product","link":"https:\/\/todotrial.com\/tienda\/libro-historia-de-la-sherpa-t-the-story\/","title":{"rendered":"Libro \u00abHistoria de la Sherpa T, the Story\u00bb"},"content":{"rendered":"<h4>El libro de referencia de la moto trialera de Bultaco \u00abHistoria de la Sherpa T, the Story\u00bb de Albert Boet y Fran\u00e7ois Stauffacher est\u00e1 de nuevo disponible en edici\u00f3n limitada.<\/h4>\n<hr \/>\n<p>Gran noticia para los aficionados a las motos cl\u00e1sicas de campo y en especial para los trialeros y los amantes de Bultaco, ya que <strong>\u00abHistoria de la Sherpa T\u00bb es el libro m\u00e1s completo que se ha publicado sobre la Sherpa<\/strong> y sus treinta modelos fabricados a lo largo de m\u00e1s de veinte a\u00f1os.<\/p>\n<p>Comenzando por el modelo 10, hasta llegar al 199B, <strong>cada modelo se describe en detalle con sus correspondientes fotograf\u00edas<\/strong> a color y B\/N y sus especificaciones t\u00e9cnicas y datos de producci\u00f3n.<\/p>\n<p>Tambi\u00e9n se incluyen la Chispa, la Tir\u00f3n y la Lobito\/Sherpa 125.<\/p>\n<p>El lector puede disfrutar de un resumen muy enriquecedor de lo que fue el origen y desarrollo de esta moto m\u00edtica, con aportaciones de sus pilotos m\u00e1s destacados. Empezando por <strong>Sammy Miller<\/strong>, el piloto y t\u00e9cnico de leyenda, que colabor\u00f3 de manera important\u00edsima en el desarrollo del primer modelo, en \u00abHistoria de la Sherpa T\u00bb participan <strong>Martin Lampkin<\/strong>, el primer Campe\u00f3n del Mundo de Trial, <strong>Yrjo Vesterinen, Bernie Schreiber, Manuel Soler \u201cel Monstruito\u201d, Ignacio Bult\u00f3, Charles Coutard, Malcolm Rathmell<\/strong>,\u2026<\/p>\n<p>Y tambi\u00e9n los directivos de Bultaco que hicieron posible el sue\u00f1o. <strong>Don Paco Bult\u00f3, Oriol Puig Bult\u00f3, Juan Soler Bult\u00f3<\/strong>&#8230;<\/p>\n<p>El libro est\u00e1 <strong>escrito en espa\u00f1ol y en ingl\u00e9s<\/strong>. Esta peque\u00f1a joya <strong>tiene 80 p\u00e1ginas y 65 fotograf\u00edas en blanco y negro y 20 en color<\/strong>.<\/p>\n<p>Sus autores son <strong>Albert Boet y Fran\u00e7ois Stauffacher<\/strong>, grand\u00edsimos profesionales y reconocidos \u201cbultaquistas\u201d.<\/p>\n<p>El libro Historia de la Sherpa T <a href=\"https:\/\/todotrial.com\/tienda\/\" target=\"_blank\" rel=\"noopener\">puede adquirirse ya <strong>en la Tienda online de Todotrial.com<\/strong><\/a> hasta agotar ejemplares.<\/p>\n","protected":false},"excerpt":{"rendered":"<p>El libro de referencia de la moto trialera de Bultaco \u00abHistoria de la Sherpa T, the Story\u00bb de nuevo disponible en edici\u00f3n limitada.<\/p>\n","protected":false},"featured_media":38034,"comment_status":"open","ping_status":"closed","template":"","meta":[],"product_brand":[],"product_cat":[15],"product_tag":[],"class_list":{"0":"post-38032","1":"product","2":"type-product","3":"status-publish","4":"has-post-thumbnail","6":"product_cat-uncategorized","8":"first","9":"instock","10":"taxable","11":"shipping-taxable","12":"purchasable","13":"product-type-simple"},"yoast_head":"<!-- This site is optimized with the Yoast SEO Premium plugin v21.2 (Yoast SEO v27.5) - https:\/\/yoast.com\/product\/yoast-seo-premium-wordpress\/ -->\n<title>Libro Historia de la Sherpa T<\/title>\n<meta name=\"description\" content=\"El libro de referencia de la moto trialera de Bultaco &quot;Historia de la Sherpa T, the Story&quot; de nuevo disponible en edici\u00f3n limitada.\" \/>\n<meta name=\"robots\" content=\"index, follow, max-snippet:-1, max-image-preview:large, max-video-preview:-1\" \/>\n<link rel=\"canonical\" href=\"https:\/\/todotrial.com\/tienda\/libro-historia-de-la-sherpa-t-the-story\/\" \/>\n<meta property=\"og:locale\" content=\"es_ES\" \/>\n<meta property=\"og:type\" content=\"article\" \/>\n<meta property=\"og:title\" content=\"Libro &quot;Historia de la Sherpa T, the Story&quot;\" \/>\n<meta property=\"og:description\" content=\"El libro de referencia de la moto trialera de Bultaco &quot;Historia de la Sherpa T, the Story&quot; de nuevo disponible en edici\u00f3n limitada.\" \/>\n<meta property=\"og:url\" content=\"https:\/\/todotrial.com\/tienda\/libro-historia-de-la-sherpa-t-the-story\/\" \/>\n<meta property=\"og:site_name\" content=\"Tienda de todotrial\" \/>\n<meta property=\"article:modified_time\" content=\"2025-02-20T16:18:56+00:00\" \/>\n<meta property=\"og:image\" content=\"https:\/\/todotrial.com\/tienda\/wp-content\/uploads\/2021\/12\/historia-bultaco-sherpa-t-the-story-libro-book-1.jpg\" \/>\n\t<meta property=\"og:image:width\" content=\"1200\" \/>\n\t<meta property=\"og:image:height\" content=\"826\" \/>\n\t<meta property=\"og:image:type\" content=\"image\/jpeg\" \/>\n<meta name=\"twitter:card\" content=\"summary_large_image\" \/>\n<meta name=\"twitter:label1\" content=\"Tiempo de lectura\" \/>\n\t<meta name=\"twitter:data1\" content=\"2 minutos\" \/>\n<script type=\"application\/ld+json\" class=\"yoast-schema-graph\">{\"@context\":\"https:\\\/\\\/schema.org\",\"@graph\":[{\"@type\":\"WebPage\",\"@id\":\"https:\\\/\\\/todotrial.com\\\/tienda\\\/libro-historia-de-la-sherpa-t-the-story\\\/\",\"url\":\"https:\\\/\\\/todotrial.com\\\/tienda\\\/libro-historia-de-la-sherpa-t-the-story\\\/\",\"name\":\"Libro Historia de la Sherpa T\",\"isPartOf\":{\"@id\":\"https:\\\/\\\/todotrial.com\\\/tienda\\\/#website\"},\"primaryImageOfPage\":{\"@id\":\"https:\\\/\\\/todotrial.com\\\/tienda\\\/libro-historia-de-la-sherpa-t-the-story\\\/#primaryimage\"},\"image\":{\"@id\":\"https:\\\/\\\/todotrial.com\\\/tienda\\\/libro-historia-de-la-sherpa-t-the-story\\\/#primaryimage\"},\"thumbnailUrl\":\"https:\\\/\\\/todotrial.com\\\/tienda\\\/wp-content\\\/uploads\\\/2021\\\/12\\\/historia-bultaco-sherpa-t-the-story-libro-book-1.jpg\",\"datePublished\":\"2021-12-30T12:00:24+00:00\",\"dateModified\":\"2025-02-20T16:18:56+00:00\",\"description\":\"El libro de referencia de la moto trialera de Bultaco \\\"Historia de la Sherpa T, the Story\\\" de nuevo disponible en edici\u00f3n limitada.\",\"breadcrumb\":{\"@id\":\"https:\\\/\\\/todotrial.com\\\/tienda\\\/libro-historia-de-la-sherpa-t-the-story\\\/#breadcrumb\"},\"inLanguage\":\"es\",\"potentialAction\":[{\"@type\":\"ReadAction\",\"target\":[\"https:\\\/\\\/todotrial.com\\\/tienda\\\/libro-historia-de-la-sherpa-t-the-story\\\/\"]}]},{\"@type\":\"ImageObject\",\"inLanguage\":\"es\",\"@id\":\"https:\\\/\\\/todotrial.com\\\/tienda\\\/libro-historia-de-la-sherpa-t-the-story\\\/#primaryimage\",\"url\":\"https:\\\/\\\/todotrial.com\\\/tienda\\\/wp-content\\\/uploads\\\/2021\\\/12\\\/historia-bultaco-sherpa-t-the-story-libro-book-1.jpg\",\"contentUrl\":\"https:\\\/\\\/todotrial.com\\\/tienda\\\/wp-content\\\/uploads\\\/2021\\\/12\\\/historia-bultaco-sherpa-t-the-story-libro-book-1.jpg\",\"width\":1200,\"height\":826},{\"@type\":\"BreadcrumbList\",\"@id\":\"https:\\\/\\\/todotrial.com\\\/tienda\\\/libro-historia-de-la-sherpa-t-the-story\\\/#breadcrumb\",\"itemListElement\":[{\"@type\":\"ListItem\",\"position\":1,\"name\":\"Portada\",\"item\":\"https:\\\/\\\/todotrial.com\\\/tienda\\\/\"},{\"@type\":\"ListItem\",\"position\":2,\"name\":\"Shop\",\"item\":\"https:\\\/\\\/todotrial.com\\\/tienda\\\/shop\\\/\"},{\"@type\":\"ListItem\",\"position\":3,\"name\":\"Libro \u00abHistoria de la Sherpa T, the Story\u00bb\"}]},{\"@type\":\"WebSite\",\"@id\":\"https:\\\/\\\/todotrial.com\\\/tienda\\\/#website\",\"url\":\"https:\\\/\\\/todotrial.com\\\/tienda\\\/\",\"name\":\"Tienda de todotrial\",\"description\":\"\",\"potentialAction\":[{\"@type\":\"SearchAction\",\"target\":{\"@type\":\"EntryPoint\",\"urlTemplate\":\"https:\\\/\\\/todotrial.com\\\/tienda\\\/?s={search_term_string}\"},\"query-input\":{\"@type\":\"PropertyValueSpecification\",\"valueRequired\":true,\"valueName\":\"search_term_string\"}}],\"inLanguage\":\"es\"}]}<\/script>\n<!-- \/ Yoast SEO Premium plugin. -->","yoast_head_json":{"title":"Libro Historia de la Sherpa T","description":"El libro de referencia de la moto trialera de Bultaco \"Historia de la Sherpa T, the Story\" de nuevo disponible en edici\u00f3n limitada.","robots":{"index":"index","follow":"follow","max-snippet":"max-snippet:-1","max-image-preview":"max-image-preview:large","max-video-preview":"max-video-preview:-1"},"canonical":"https:\/\/todotrial.com\/tienda\/libro-historia-de-la-sherpa-t-the-story\/","og_locale":"es_ES","og_type":"article","og_title":"Libro \"Historia de la Sherpa T, the Story\"","og_description":"El libro de referencia de la moto trialera de Bultaco \"Historia de la Sherpa T, the Story\" de nuevo disponible en edici\u00f3n limitada.","og_url":"https:\/\/todotrial.com\/tienda\/libro-historia-de-la-sherpa-t-the-story\/","og_site_name":"Tienda de todotrial","article_modified_time":"2025-02-20T16:18:56+00:00","og_image":[{"width":1200,"height":826,"url":"https:\/\/todotrial.com\/tienda\/wp-content\/uploads\/2021\/12\/historia-bultaco-sherpa-t-the-story-libro-book-1.jpg","type":"image\/jpeg"}],"twitter_card":"summary_large_image","twitter_misc":{"Tiempo de lectura":"2 minutos"},"schema":{"@context":"https:\/\/schema.org","@graph":[{"@type":"WebPage","@id":"https:\/\/todotrial.com\/tienda\/libro-historia-de-la-sherpa-t-the-story\/","url":"https:\/\/todotrial.com\/tienda\/libro-historia-de-la-sherpa-t-the-story\/","name":"Libro Historia de la Sherpa T","isPartOf":{"@id":"https:\/\/todotrial.com\/tienda\/#website"},"primaryImageOfPage":{"@id":"https:\/\/todotrial.com\/tienda\/libro-historia-de-la-sherpa-t-the-story\/#primaryimage"},"image":{"@id":"https:\/\/todotrial.com\/tienda\/libro-historia-de-la-sherpa-t-the-story\/#primaryimage"},"thumbnailUrl":"https:\/\/todotrial.com\/tienda\/wp-content\/uploads\/2021\/12\/historia-bultaco-sherpa-t-the-story-libro-book-1.jpg","datePublished":"2021-12-30T12:00:24+00:00","dateModified":"2025-02-20T16:18:56+00:00","description":"El libro de referencia de la moto trialera de Bultaco \"Historia de la Sherpa T, the Story\" de nuevo disponible en edici\u00f3n limitada.","breadcrumb":{"@id":"https:\/\/todotrial.com\/tienda\/libro-historia-de-la-sherpa-t-the-story\/#breadcrumb"},"inLanguage":"es","potentialAction":[{"@type":"ReadAction","target":["https:\/\/todotrial.com\/tienda\/libro-historia-de-la-sherpa-t-the-story\/"]}]},{"@type":"ImageObject","inLanguage":"es","@id":"https:\/\/todotrial.com\/tienda\/libro-historia-de-la-sherpa-t-the-story\/#primaryimage","url":"https:\/\/todotrial.com\/tienda\/wp-content\/uploads\/2021\/12\/historia-bultaco-sherpa-t-the-story-libro-book-1.jpg","contentUrl":"https:\/\/todotrial.com\/tienda\/wp-content\/uploads\/2021\/12\/historia-bultaco-sherpa-t-the-story-libro-book-1.jpg","width":1200,"height":826},{"@type":"BreadcrumbList","@id":"https:\/\/todotrial.com\/tienda\/libro-historia-de-la-sherpa-t-the-story\/#breadcrumb","itemListElement":[{"@type":"ListItem","position":1,"name":"Portada","item":"https:\/\/todotrial.com\/tienda\/"},{"@type":"ListItem","position":2,"name":"Shop","item":"https:\/\/todotrial.com\/tienda\/shop\/"},{"@type":"ListItem","position":3,"name":"Libro \u00abHistoria de la Sherpa T, the Story\u00bb"}]},{"@type":"WebSite","@id":"https:\/\/todotrial.com\/tienda\/#website","url":"https:\/\/todotrial.com\/tienda\/","name":"Tienda de todotrial","description":"","potentialAction":[{"@type":"SearchAction","target":{"@type":"EntryPoint","urlTemplate":"https:\/\/todotrial.com\/tienda\/?s={search_term_string}"},"query-input":{"@type":"PropertyValueSpecification","valueRequired":true,"valueName":"search_term_string"}}],"inLanguage":"es"}]}},"_links":{"self":[{"href":"https:\/\/todotrial.com\/tienda\/wp-json\/wp\/v2\/product\/38032","targetHints":{"allow":["GET"]}}],"collection":[{"href":"https:\/\/todotrial.com\/tienda\/wp-json\/wp\/v2\/product"}],"about":[{"href":"https:\/\/todotrial.com\/tienda\/wp-json\/wp\/v2\/types\/product"}],"replies":[{"embeddable":true,"href":"https:\/\/todotrial.com\/tienda\/wp-json\/wp\/v2\/comments?post=38032"}],"version-history":[{"count":0,"href":"https:\/\/todotrial.com\/tienda\/wp-json\/wp\/v2\/product\/38032\/revisions"}],"wp:featuredmedia":[{"embeddable":true,"href":"https:\/\/todotrial.com\/tienda\/wp-json\/wp\/v2\/media\/38034"}],"wp:attachment":[{"href":"https:\/\/todotrial.com\/tienda\/wp-json\/wp\/v2\/media?parent=38032"}],"wp:term":[{"taxonomy":"product_brand","embeddable":true,"href":"https:\/\/todotrial.com\/tienda\/wp-json\/wp\/v2\/product_brand?post=38032"},{"taxonomy":"product_cat","embeddable":true,"href":"https:\/\/todotrial.com\/tienda\/wp-json\/wp\/v2\/product_cat?post=38032"},{"taxonomy":"product_tag","embeddable":true,"href":"https:\/\/todotrial.com\/tienda\/wp-json\/wp\/v2\/product_tag?post=38032"}],"curies":[{"name":"wp","href":"https:\/\/api.w.org\/{rel}","templated":true}]}}