{"id":36232,"date":"2020-12-16T22:34:19","date_gmt":"2020-12-16T21:34:19","guid":{"rendered":"https:\/\/todotrial.com\/tienda\/product\/import-placeholder-for-7396\/"},"modified":"2020-12-16T22:35:37","modified_gmt":"2020-12-16T21:35:37","slug":"pinon-libre-135-9-18t-comas-2","status":"publish","type":"product","link":"https:\/\/todotrial.com\/tienda\/pinon-libre-135-9-18t-comas-2\/","title":{"rendered":"Pi\u00f1\u00f3n Libre 135.9 &#8211; 18T COMAS"},"content":{"rendered":"<p><strong>Descripci\u00f3n<\/strong><br \/>&#8211; 135 puntos de enganche y 9 gatillos fabricados en acero tratado de alta resistencia<br \/>&#8211; 3 grupos de 45 enganches cada uno obteniendo 135 puntos de enganche por revoluci\u00f3n.<br \/>&#8211; Extracci\u00f3n usando llave extractora de pedalier ISIS.<br \/>&#8211; Rosca est\u00e1ndar de 1,37\u00bb x 24T<br \/>&#8211; Nuevos muelles internos COMAS reforzados para aumentar la fiabilidad y precisi\u00f3n.<br \/>&#8211; Cojinetes sellados en ambos lados para evitar la entrada de polvo y suciedad al mecanismo.<br \/>&#8211; Compatible con cadenas 1\/8\u201d y 3\/32\u201d<br \/><strong>Material<\/strong><br \/>&#8211; Corona: Cr-Mo acero mecanizado<br \/>&#8211; Cuerpo: Cr-Mo acero mecanizado<br \/><strong>Compatibilidad<\/strong><br \/>&#8211; No compatible con bielas BB30<br \/>&#8211; No compatible con bielas tipo cassette<br \/><strong>Medida<\/strong><br \/>&#8211; 18 dientes<br \/>&#8211; 9 gatillos<br \/>&#8211; 135 puntos de enganche<br \/>&#8211; Ancho diente: 2.2mm<br \/>&#8211; Ancho total: 17mm<br \/><strong>Peso<\/strong><br \/>&#8211; 176g<br \/><strong>Acabado<\/strong><br \/>&#8211; Acabado en negro anodizado<\/p>\n<p><strong>Informaci\u00f3n adicional<\/strong><br \/>Es aconsejable hacer un rodaje previo del pi\u00f1\u00f3n para eliminar el exceso de grasa del mecanismo y asegurar el correcto asentamiento de los gatillos. Se puede acelerar este proceso introduciendo un poco de aceite en la ranura que hay entre el centro del pi\u00f1\u00f3n y los dientes.<br \/>Si se utiliza el pi\u00f1\u00f3n para hacer trial sin haber asentado antes los gatillos, no funcionar\u00e1 correctamente y har\u00e1 que salte, da\u00f1ando la ranura y el gatillo.<\/p>\n","protected":false},"excerpt":{"rendered":"<p><strong>Pi\u00f1on libre 135.9 &#8211; 18T<\/strong><\/p>\n","protected":false},"featured_media":36266,"comment_status":"open","ping_status":"closed","template":"","meta":[],"product_brand":[],"product_cat":[11375,11376,11379,11374,11377],"product_tag":[],"class_list":{"0":"post-36232","1":"product","2":"type-product","3":"status-publish","4":"has-post-thumbnail","6":"product_cat-bici-trial","7":"product_cat-piezas","8":"product_cat-pinones-libres","9":"product_cat-raiz","10":"product_cat-transmision","12":"first","13":"onbackorder","14":"taxable","15":"shipping-taxable","16":"purchasable","17":"product-type-simple"},"yoast_head":"<!-- This site is optimized with the Yoast SEO Premium plugin v21.2 (Yoast SEO v27.3) - https:\/\/yoast.com\/product\/yoast-seo-premium-wordpress\/ -->\n<title>Pi\u00f1\u00f3n Libre 135.9 - 18T COMAS - Tienda de todotrial<\/title>\n<meta name=\"robots\" content=\"index, follow, max-snippet:-1, max-image-preview:large, max-video-preview:-1\" \/>\n<link rel=\"canonical\" href=\"https:\/\/todotrial.com\/tienda\/pinon-libre-135-9-18t-comas-2\/\" \/>\n<meta property=\"og:locale\" content=\"es_ES\" \/>\n<meta property=\"og:type\" content=\"article\" \/>\n<meta property=\"og:title\" content=\"Pi\u00f1\u00f3n Libre 135.9 - 18T COMAS\" \/>\n<meta property=\"og:description\" content=\"Pi\u00f1on libre 135.9 - 18T\" \/>\n<meta property=\"og:url\" content=\"https:\/\/todotrial.com\/tienda\/pinon-libre-135-9-18t-comas-2\/\" \/>\n<meta property=\"og:site_name\" content=\"Tienda de todotrial\" \/>\n<meta property=\"article:modified_time\" content=\"2020-12-16T21:35:37+00:00\" \/>\n<meta property=\"og:image\" content=\"https:\/\/todotrial.com\/tienda\/wp-content\/uploads\/2020\/12\/4706-Pinon-Libre-135.9-18T-COMAS-2.png\" \/>\n\t<meta property=\"og:image:width\" content=\"800\" \/>\n\t<meta property=\"og:image:height\" content=\"800\" \/>\n\t<meta property=\"og:image:type\" content=\"image\/png\" \/>\n<meta name=\"twitter:card\" content=\"summary_large_image\" \/>\n<meta name=\"twitter:label1\" content=\"Tiempo de lectura\" \/>\n\t<meta name=\"twitter:data1\" content=\"1 minuto\" \/>\n<script type=\"application\/ld+json\" class=\"yoast-schema-graph\">{\"@context\":\"https:\\\/\\\/schema.org\",\"@graph\":[{\"@type\":\"WebPage\",\"@id\":\"https:\\\/\\\/todotrial.com\\\/tienda\\\/pinon-libre-135-9-18t-comas-2\\\/\",\"url\":\"https:\\\/\\\/todotrial.com\\\/tienda\\\/pinon-libre-135-9-18t-comas-2\\\/\",\"name\":\"Pi\u00f1\u00f3n Libre 135.9 - 18T COMAS - Tienda de todotrial\",\"isPartOf\":{\"@id\":\"https:\\\/\\\/todotrial.com\\\/tienda\\\/#website\"},\"primaryImageOfPage\":{\"@id\":\"https:\\\/\\\/todotrial.com\\\/tienda\\\/pinon-libre-135-9-18t-comas-2\\\/#primaryimage\"},\"image\":{\"@id\":\"https:\\\/\\\/todotrial.com\\\/tienda\\\/pinon-libre-135-9-18t-comas-2\\\/#primaryimage\"},\"thumbnailUrl\":\"https:\\\/\\\/todotrial.com\\\/tienda\\\/wp-content\\\/uploads\\\/2020\\\/12\\\/4706-Pinon-Libre-135.9-18T-COMAS-2.png\",\"datePublished\":\"2020-12-16T21:34:19+00:00\",\"dateModified\":\"2020-12-16T21:35:37+00:00\",\"breadcrumb\":{\"@id\":\"https:\\\/\\\/todotrial.com\\\/tienda\\\/pinon-libre-135-9-18t-comas-2\\\/#breadcrumb\"},\"inLanguage\":\"es\",\"potentialAction\":[{\"@type\":\"ReadAction\",\"target\":[\"https:\\\/\\\/todotrial.com\\\/tienda\\\/pinon-libre-135-9-18t-comas-2\\\/\"]}]},{\"@type\":\"ImageObject\",\"inLanguage\":\"es\",\"@id\":\"https:\\\/\\\/todotrial.com\\\/tienda\\\/pinon-libre-135-9-18t-comas-2\\\/#primaryimage\",\"url\":\"https:\\\/\\\/todotrial.com\\\/tienda\\\/wp-content\\\/uploads\\\/2020\\\/12\\\/4706-Pinon-Libre-135.9-18T-COMAS-2.png\",\"contentUrl\":\"https:\\\/\\\/todotrial.com\\\/tienda\\\/wp-content\\\/uploads\\\/2020\\\/12\\\/4706-Pinon-Libre-135.9-18T-COMAS-2.png\",\"width\":800,\"height\":800},{\"@type\":\"BreadcrumbList\",\"@id\":\"https:\\\/\\\/todotrial.com\\\/tienda\\\/pinon-libre-135-9-18t-comas-2\\\/#breadcrumb\",\"itemListElement\":[{\"@type\":\"ListItem\",\"position\":1,\"name\":\"Portada\",\"item\":\"https:\\\/\\\/todotrial.com\\\/tienda\\\/\"},{\"@type\":\"ListItem\",\"position\":2,\"name\":\"Shop\",\"item\":\"https:\\\/\\\/todotrial.com\\\/tienda\\\/shop\\\/\"},{\"@type\":\"ListItem\",\"position\":3,\"name\":\"Pi\u00f1\u00f3n Libre 135.9 &#8211; 18T COMAS\"}]},{\"@type\":\"WebSite\",\"@id\":\"https:\\\/\\\/todotrial.com\\\/tienda\\\/#website\",\"url\":\"https:\\\/\\\/todotrial.com\\\/tienda\\\/\",\"name\":\"Tienda de todotrial\",\"description\":\"\",\"potentialAction\":[{\"@type\":\"SearchAction\",\"target\":{\"@type\":\"EntryPoint\",\"urlTemplate\":\"https:\\\/\\\/todotrial.com\\\/tienda\\\/?s={search_term_string}\"},\"query-input\":{\"@type\":\"PropertyValueSpecification\",\"valueRequired\":true,\"valueName\":\"search_term_string\"}}],\"inLanguage\":\"es\"}]}<\/script>\n<!-- \/ Yoast SEO Premium plugin. -->","yoast_head_json":{"title":"Pi\u00f1\u00f3n Libre 135.9 - 18T COMAS - Tienda de todotrial","robots":{"index":"index","follow":"follow","max-snippet":"max-snippet:-1","max-image-preview":"max-image-preview:large","max-video-preview":"max-video-preview:-1"},"canonical":"https:\/\/todotrial.com\/tienda\/pinon-libre-135-9-18t-comas-2\/","og_locale":"es_ES","og_type":"article","og_title":"Pi\u00f1\u00f3n Libre 135.9 - 18T COMAS","og_description":"Pi\u00f1on libre 135.9 - 18T","og_url":"https:\/\/todotrial.com\/tienda\/pinon-libre-135-9-18t-comas-2\/","og_site_name":"Tienda de todotrial","article_modified_time":"2020-12-16T21:35:37+00:00","og_image":[{"width":800,"height":800,"url":"https:\/\/todotrial.com\/tienda\/wp-content\/uploads\/2020\/12\/4706-Pinon-Libre-135.9-18T-COMAS-2.png","type":"image\/png"}],"twitter_card":"summary_large_image","twitter_misc":{"Tiempo de lectura":"1 minuto"},"schema":{"@context":"https:\/\/schema.org","@graph":[{"@type":"WebPage","@id":"https:\/\/todotrial.com\/tienda\/pinon-libre-135-9-18t-comas-2\/","url":"https:\/\/todotrial.com\/tienda\/pinon-libre-135-9-18t-comas-2\/","name":"Pi\u00f1\u00f3n Libre 135.9 - 18T COMAS - Tienda de todotrial","isPartOf":{"@id":"https:\/\/todotrial.com\/tienda\/#website"},"primaryImageOfPage":{"@id":"https:\/\/todotrial.com\/tienda\/pinon-libre-135-9-18t-comas-2\/#primaryimage"},"image":{"@id":"https:\/\/todotrial.com\/tienda\/pinon-libre-135-9-18t-comas-2\/#primaryimage"},"thumbnailUrl":"https:\/\/todotrial.com\/tienda\/wp-content\/uploads\/2020\/12\/4706-Pinon-Libre-135.9-18T-COMAS-2.png","datePublished":"2020-12-16T21:34:19+00:00","dateModified":"2020-12-16T21:35:37+00:00","breadcrumb":{"@id":"https:\/\/todotrial.com\/tienda\/pinon-libre-135-9-18t-comas-2\/#breadcrumb"},"inLanguage":"es","potentialAction":[{"@type":"ReadAction","target":["https:\/\/todotrial.com\/tienda\/pinon-libre-135-9-18t-comas-2\/"]}]},{"@type":"ImageObject","inLanguage":"es","@id":"https:\/\/todotrial.com\/tienda\/pinon-libre-135-9-18t-comas-2\/#primaryimage","url":"https:\/\/todotrial.com\/tienda\/wp-content\/uploads\/2020\/12\/4706-Pinon-Libre-135.9-18T-COMAS-2.png","contentUrl":"https:\/\/todotrial.com\/tienda\/wp-content\/uploads\/2020\/12\/4706-Pinon-Libre-135.9-18T-COMAS-2.png","width":800,"height":800},{"@type":"BreadcrumbList","@id":"https:\/\/todotrial.com\/tienda\/pinon-libre-135-9-18t-comas-2\/#breadcrumb","itemListElement":[{"@type":"ListItem","position":1,"name":"Portada","item":"https:\/\/todotrial.com\/tienda\/"},{"@type":"ListItem","position":2,"name":"Shop","item":"https:\/\/todotrial.com\/tienda\/shop\/"},{"@type":"ListItem","position":3,"name":"Pi\u00f1\u00f3n Libre 135.9 &#8211; 18T COMAS"}]},{"@type":"WebSite","@id":"https:\/\/todotrial.com\/tienda\/#website","url":"https:\/\/todotrial.com\/tienda\/","name":"Tienda de todotrial","description":"","potentialAction":[{"@type":"SearchAction","target":{"@type":"EntryPoint","urlTemplate":"https:\/\/todotrial.com\/tienda\/?s={search_term_string}"},"query-input":{"@type":"PropertyValueSpecification","valueRequired":true,"valueName":"search_term_string"}}],"inLanguage":"es"}]}},"_links":{"self":[{"href":"https:\/\/todotrial.com\/tienda\/wp-json\/wp\/v2\/product\/36232","targetHints":{"allow":["GET"]}}],"collection":[{"href":"https:\/\/todotrial.com\/tienda\/wp-json\/wp\/v2\/product"}],"about":[{"href":"https:\/\/todotrial.com\/tienda\/wp-json\/wp\/v2\/types\/product"}],"replies":[{"embeddable":true,"href":"https:\/\/todotrial.com\/tienda\/wp-json\/wp\/v2\/comments?post=36232"}],"version-history":[{"count":0,"href":"https:\/\/todotrial.com\/tienda\/wp-json\/wp\/v2\/product\/36232\/revisions"}],"wp:featuredmedia":[{"embeddable":true,"href":"https:\/\/todotrial.com\/tienda\/wp-json\/wp\/v2\/media\/36266"}],"wp:attachment":[{"href":"https:\/\/todotrial.com\/tienda\/wp-json\/wp\/v2\/media?parent=36232"}],"wp:term":[{"taxonomy":"product_brand","embeddable":true,"href":"https:\/\/todotrial.com\/tienda\/wp-json\/wp\/v2\/product_brand?post=36232"},{"taxonomy":"product_cat","embeddable":true,"href":"https:\/\/todotrial.com\/tienda\/wp-json\/wp\/v2\/product_cat?post=36232"},{"taxonomy":"product_tag","embeddable":true,"href":"https:\/\/todotrial.com\/tienda\/wp-json\/wp\/v2\/product_tag?post=36232"}],"curies":[{"name":"wp","href":"https:\/\/api.w.org\/{rel}","templated":true}]}}