{"id":35876,"date":"2020-12-16T22:22:26","date_gmt":"2020-12-16T21:22:26","guid":{"rendered":"https:\/\/todotrial.com\/tienda\/product\/import-placeholder-for-7086\/"},"modified":"2024-04-25T11:39:57","modified_gmt":"2024-04-25T10:39:57","slug":"casco-zone-4-blue-carbono-hebo","status":"publish","type":"product","link":"https:\/\/todotrial.com\/tienda\/casco-zone-4-blue-carbono-hebo\/","title":{"rendered":"Casco Zone 4 BLUE CARBONO HEBO"},"content":{"rendered":"<ul style=\"margin-bottom: 0px; margin-top: 0px; padding: .6rem .6rem .6rem 2rem; font-family: Rubik, sans-serif; font-size: 14px;\">\n<li>CALOTA: Fabricada en fibra de CARBONO. Dos medidas de calota para un mayor Confort en cada talla.<\/li>\n<li>EPS: Fabricado en poliestireno expandido en TRES densidades. Dos medidas de EPS interior.<\/li>\n<li>INTERIOR: Totalmente desmontable. Fabricado con laminado de espuma de diferentes<br \/>\ndensidades, recubierta de tejido hipo al\u00e9rgico COOLMAX\u00ae para un perfecto confort.<\/li>\n<li>CIERRE: Cierre micro regulable de accionamiento r\u00e1pido.<\/li>\n<li>AIREACI\u00d3N: Dos entradas frontales + DOS aireaciones superiores con tapas extra\u00edbles 4\u00a0salidas posteriores que proporcionan corriente interna entre el EPS y la calota, provocando el efecto VENTURI en el interior del casco lo que proporciona frescor en su interior.<\/li>\n<li>Entradas laterales para una mejor audici\u00f3n y aireaci\u00f3n.<\/li>\n<li>VISERA: Fabricada en pl\u00e1stico ABS irrompible, tornillos laterales exclusivos Hebo\u00ae fabricados en aluminio\n<ul style=\"margin-bottom: 0px; margin-top: 0px; list-style: disc; padding: .6rem .6rem .6rem 2rem;\">\n<li>Casco homologado seg\u00fan normativa Europea vigente EC 22-\u00ad05.<\/li>\n<li>Cierre homologado seg\u00fan normativa Europea EC 22-\u00ad05.<\/li>\n<\/ul>\n<\/li>\n<li>PESO 850\u00b1 50 gr.\u00a0CARBON para todas las tallas. Lo que lo sit\u00faa entre los cascos m\u00e1s ligeros de su categor\u00eda.<\/li>\n<\/ul>\n","protected":false},"excerpt":{"rendered":"<p><strong>Material:\u00a0Carbono<\/strong><\/p>\n","protected":false},"featured_media":35940,"comment_status":"open","ping_status":"closed","template":"","meta":[],"product_brand":[],"product_cat":[11422,11423,11393,11391,11384,11374],"product_tag":[],"class_list":{"0":"post-35876","1":"product","2":"type-product","3":"status-publish","4":"has-post-thumbnail","6":"product_cat-cascos-infantil","7":"product_cat-cascos-equipacion","8":"product_cat-equipacion-moto","9":"product_cat-infantil","10":"product_cat-moto","11":"product_cat-raiz","12":"pa_color-azul","14":"first","15":"outofstock","16":"sale","17":"taxable","18":"shipping-taxable","19":"purchasable","20":"product-type-variable","21":"has-default-attributes"},"yoast_head":"<!-- This site is optimized with the Yoast SEO Premium plugin v21.2 (Yoast SEO v27.3) - https:\/\/yoast.com\/product\/yoast-seo-premium-wordpress\/ -->\n<title>Casco Zone 4 BLUE CARBONO HEBO - Tienda de todotrial<\/title>\n<meta name=\"robots\" content=\"index, follow, max-snippet:-1, max-image-preview:large, max-video-preview:-1\" \/>\n<link rel=\"canonical\" href=\"https:\/\/todotrial.com\/tienda\/casco-zone-4-blue-carbono-hebo\/\" \/>\n<meta property=\"og:locale\" content=\"es_ES\" \/>\n<meta property=\"og:type\" content=\"article\" \/>\n<meta property=\"og:title\" content=\"Casco Zone 4 BLUE CARBONO HEBO\" \/>\n<meta property=\"og:description\" content=\"Material:\u00a0Carbono\" \/>\n<meta property=\"og:url\" content=\"https:\/\/todotrial.com\/tienda\/casco-zone-4-blue-carbono-hebo\/\" \/>\n<meta property=\"og:site_name\" content=\"Tienda de todotrial\" \/>\n<meta property=\"article:modified_time\" content=\"2024-04-25T10:39:57+00:00\" \/>\n<meta property=\"og:image\" content=\"https:\/\/todotrial.com\/tienda\/wp-content\/uploads\/2020\/12\/4469-Casco-Zone-4-BLUE-CARBONO-HEBO-1.jpg\" \/>\n\t<meta property=\"og:image:width\" content=\"800\" \/>\n\t<meta property=\"og:image:height\" content=\"800\" \/>\n\t<meta property=\"og:image:type\" content=\"image\/jpeg\" \/>\n<meta name=\"twitter:card\" content=\"summary_large_image\" \/>\n<meta name=\"twitter:label1\" content=\"Tiempo de lectura\" \/>\n\t<meta name=\"twitter:data1\" content=\"1 minuto\" \/>\n<script type=\"application\/ld+json\" class=\"yoast-schema-graph\">{\"@context\":\"https:\\\/\\\/schema.org\",\"@graph\":[{\"@type\":\"WebPage\",\"@id\":\"https:\\\/\\\/todotrial.com\\\/tienda\\\/casco-zone-4-blue-carbono-hebo\\\/\",\"url\":\"https:\\\/\\\/todotrial.com\\\/tienda\\\/casco-zone-4-blue-carbono-hebo\\\/\",\"name\":\"Casco Zone 4 BLUE CARBONO HEBO - Tienda de todotrial\",\"isPartOf\":{\"@id\":\"https:\\\/\\\/todotrial.com\\\/tienda\\\/#website\"},\"primaryImageOfPage\":{\"@id\":\"https:\\\/\\\/todotrial.com\\\/tienda\\\/casco-zone-4-blue-carbono-hebo\\\/#primaryimage\"},\"image\":{\"@id\":\"https:\\\/\\\/todotrial.com\\\/tienda\\\/casco-zone-4-blue-carbono-hebo\\\/#primaryimage\"},\"thumbnailUrl\":\"https:\\\/\\\/todotrial.com\\\/tienda\\\/wp-content\\\/uploads\\\/2020\\\/12\\\/4469-Casco-Zone-4-BLUE-CARBONO-HEBO-1.jpg\",\"datePublished\":\"2020-12-16T21:22:26+00:00\",\"dateModified\":\"2024-04-25T10:39:57+00:00\",\"breadcrumb\":{\"@id\":\"https:\\\/\\\/todotrial.com\\\/tienda\\\/casco-zone-4-blue-carbono-hebo\\\/#breadcrumb\"},\"inLanguage\":\"es\",\"potentialAction\":[{\"@type\":\"ReadAction\",\"target\":[\"https:\\\/\\\/todotrial.com\\\/tienda\\\/casco-zone-4-blue-carbono-hebo\\\/\"]}]},{\"@type\":\"ImageObject\",\"inLanguage\":\"es\",\"@id\":\"https:\\\/\\\/todotrial.com\\\/tienda\\\/casco-zone-4-blue-carbono-hebo\\\/#primaryimage\",\"url\":\"https:\\\/\\\/todotrial.com\\\/tienda\\\/wp-content\\\/uploads\\\/2020\\\/12\\\/4469-Casco-Zone-4-BLUE-CARBONO-HEBO-1.jpg\",\"contentUrl\":\"https:\\\/\\\/todotrial.com\\\/tienda\\\/wp-content\\\/uploads\\\/2020\\\/12\\\/4469-Casco-Zone-4-BLUE-CARBONO-HEBO-1.jpg\",\"width\":800,\"height\":800},{\"@type\":\"BreadcrumbList\",\"@id\":\"https:\\\/\\\/todotrial.com\\\/tienda\\\/casco-zone-4-blue-carbono-hebo\\\/#breadcrumb\",\"itemListElement\":[{\"@type\":\"ListItem\",\"position\":1,\"name\":\"Portada\",\"item\":\"https:\\\/\\\/todotrial.com\\\/tienda\\\/\"},{\"@type\":\"ListItem\",\"position\":2,\"name\":\"Shop\",\"item\":\"https:\\\/\\\/todotrial.com\\\/tienda\\\/shop\\\/\"},{\"@type\":\"ListItem\",\"position\":3,\"name\":\"Casco Zone 4 BLUE CARBONO HEBO\"}]},{\"@type\":\"WebSite\",\"@id\":\"https:\\\/\\\/todotrial.com\\\/tienda\\\/#website\",\"url\":\"https:\\\/\\\/todotrial.com\\\/tienda\\\/\",\"name\":\"Tienda de todotrial\",\"description\":\"\",\"potentialAction\":[{\"@type\":\"SearchAction\",\"target\":{\"@type\":\"EntryPoint\",\"urlTemplate\":\"https:\\\/\\\/todotrial.com\\\/tienda\\\/?s={search_term_string}\"},\"query-input\":{\"@type\":\"PropertyValueSpecification\",\"valueRequired\":true,\"valueName\":\"search_term_string\"}}],\"inLanguage\":\"es\"}]}<\/script>\n<!-- \/ Yoast SEO Premium plugin. -->","yoast_head_json":{"title":"Casco Zone 4 BLUE CARBONO HEBO - Tienda de todotrial","robots":{"index":"index","follow":"follow","max-snippet":"max-snippet:-1","max-image-preview":"max-image-preview:large","max-video-preview":"max-video-preview:-1"},"canonical":"https:\/\/todotrial.com\/tienda\/casco-zone-4-blue-carbono-hebo\/","og_locale":"es_ES","og_type":"article","og_title":"Casco Zone 4 BLUE CARBONO HEBO","og_description":"Material:\u00a0Carbono","og_url":"https:\/\/todotrial.com\/tienda\/casco-zone-4-blue-carbono-hebo\/","og_site_name":"Tienda de todotrial","article_modified_time":"2024-04-25T10:39:57+00:00","og_image":[{"width":800,"height":800,"url":"https:\/\/todotrial.com\/tienda\/wp-content\/uploads\/2020\/12\/4469-Casco-Zone-4-BLUE-CARBONO-HEBO-1.jpg","type":"image\/jpeg"}],"twitter_card":"summary_large_image","twitter_misc":{"Tiempo de lectura":"1 minuto"},"schema":{"@context":"https:\/\/schema.org","@graph":[{"@type":"WebPage","@id":"https:\/\/todotrial.com\/tienda\/casco-zone-4-blue-carbono-hebo\/","url":"https:\/\/todotrial.com\/tienda\/casco-zone-4-blue-carbono-hebo\/","name":"Casco Zone 4 BLUE CARBONO HEBO - Tienda de todotrial","isPartOf":{"@id":"https:\/\/todotrial.com\/tienda\/#website"},"primaryImageOfPage":{"@id":"https:\/\/todotrial.com\/tienda\/casco-zone-4-blue-carbono-hebo\/#primaryimage"},"image":{"@id":"https:\/\/todotrial.com\/tienda\/casco-zone-4-blue-carbono-hebo\/#primaryimage"},"thumbnailUrl":"https:\/\/todotrial.com\/tienda\/wp-content\/uploads\/2020\/12\/4469-Casco-Zone-4-BLUE-CARBONO-HEBO-1.jpg","datePublished":"2020-12-16T21:22:26+00:00","dateModified":"2024-04-25T10:39:57+00:00","breadcrumb":{"@id":"https:\/\/todotrial.com\/tienda\/casco-zone-4-blue-carbono-hebo\/#breadcrumb"},"inLanguage":"es","potentialAction":[{"@type":"ReadAction","target":["https:\/\/todotrial.com\/tienda\/casco-zone-4-blue-carbono-hebo\/"]}]},{"@type":"ImageObject","inLanguage":"es","@id":"https:\/\/todotrial.com\/tienda\/casco-zone-4-blue-carbono-hebo\/#primaryimage","url":"https:\/\/todotrial.com\/tienda\/wp-content\/uploads\/2020\/12\/4469-Casco-Zone-4-BLUE-CARBONO-HEBO-1.jpg","contentUrl":"https:\/\/todotrial.com\/tienda\/wp-content\/uploads\/2020\/12\/4469-Casco-Zone-4-BLUE-CARBONO-HEBO-1.jpg","width":800,"height":800},{"@type":"BreadcrumbList","@id":"https:\/\/todotrial.com\/tienda\/casco-zone-4-blue-carbono-hebo\/#breadcrumb","itemListElement":[{"@type":"ListItem","position":1,"name":"Portada","item":"https:\/\/todotrial.com\/tienda\/"},{"@type":"ListItem","position":2,"name":"Shop","item":"https:\/\/todotrial.com\/tienda\/shop\/"},{"@type":"ListItem","position":3,"name":"Casco Zone 4 BLUE CARBONO HEBO"}]},{"@type":"WebSite","@id":"https:\/\/todotrial.com\/tienda\/#website","url":"https:\/\/todotrial.com\/tienda\/","name":"Tienda de todotrial","description":"","potentialAction":[{"@type":"SearchAction","target":{"@type":"EntryPoint","urlTemplate":"https:\/\/todotrial.com\/tienda\/?s={search_term_string}"},"query-input":{"@type":"PropertyValueSpecification","valueRequired":true,"valueName":"search_term_string"}}],"inLanguage":"es"}]}},"_links":{"self":[{"href":"https:\/\/todotrial.com\/tienda\/wp-json\/wp\/v2\/product\/35876","targetHints":{"allow":["GET"]}}],"collection":[{"href":"https:\/\/todotrial.com\/tienda\/wp-json\/wp\/v2\/product"}],"about":[{"href":"https:\/\/todotrial.com\/tienda\/wp-json\/wp\/v2\/types\/product"}],"replies":[{"embeddable":true,"href":"https:\/\/todotrial.com\/tienda\/wp-json\/wp\/v2\/comments?post=35876"}],"version-history":[{"count":0,"href":"https:\/\/todotrial.com\/tienda\/wp-json\/wp\/v2\/product\/35876\/revisions"}],"wp:featuredmedia":[{"embeddable":true,"href":"https:\/\/todotrial.com\/tienda\/wp-json\/wp\/v2\/media\/35940"}],"wp:attachment":[{"href":"https:\/\/todotrial.com\/tienda\/wp-json\/wp\/v2\/media?parent=35876"}],"wp:term":[{"taxonomy":"product_brand","embeddable":true,"href":"https:\/\/todotrial.com\/tienda\/wp-json\/wp\/v2\/product_brand?post=35876"},{"taxonomy":"product_cat","embeddable":true,"href":"https:\/\/todotrial.com\/tienda\/wp-json\/wp\/v2\/product_cat?post=35876"},{"taxonomy":"product_tag","embeddable":true,"href":"https:\/\/todotrial.com\/tienda\/wp-json\/wp\/v2\/product_tag?post=35876"}],"curies":[{"name":"wp","href":"https:\/\/api.w.org\/{rel}","templated":true}]}}