{"id":35698,"date":"2020-12-16T22:17:12","date_gmt":"2020-12-16T21:17:12","guid":{"rendered":"https:\/\/todotrial.com\/tienda\/product\/import-placeholder-for-6904\/"},"modified":"2025-05-15T12:35:34","modified_gmt":"2025-05-15T11:35:34","slug":"equipacion-personalizada-cd-portillo","status":"publish","type":"product","link":"https:\/\/todotrial.com\/tienda\/equipacion-personalizada-cd-portillo\/","title":{"rendered":"Equipaci\u00f3n Personalizada CD PORTILLO"},"content":{"rendered":"<p><strong>Descripci\u00f3n\u00a0CAMISETA<\/strong><br \/>&#8211; Camiseta PERSONALIZADA t\u00e9cnica de manga larga Comas con nuevo y exclusivo dise\u00f1o.<br \/>&#8211; Apta para todo tipo de modalidades de bicicleta y moto.\u00a0<br \/>&#8211; Materiales y telas de alta calidad con costuras el\u00e1sticas planas.<br \/>&#8211; Malla lateral en rejilla (ojo de p\u00e1jaro) para aumentar el flujo de aire y ventilaci\u00f3n.<br \/>&#8211; Tejido el\u00e1stico, c\u00f3modo y totalmente transpirable.<br \/>&#8211; Gr\u00e1ficos y decoraci\u00f3n mediante sublimaci\u00f3n de alta calidad y resistencia.<br \/>&#8211; Pu\u00f1os y cuello de spandex el\u00e1stico.<br \/>&#8211; Tallas: 6\/8\/10\/12\/S\/M\/L\/XL\/2XL<br \/><strong>Material<\/strong><br \/>&#8211; Polyester, lycra, spandex<\/p>\n<p><strong>Descripci\u00f3n\u00a0PANTALON<\/strong><br \/>&#8211; Pantal\u00f3n PERSONALIZADO t\u00e9cnico para Moto Trial con un nuevo y exclusivo dise\u00f1o.<br \/>&#8211; Tejidos el\u00e1sticos y transpirables ligeros de poli\u00e9ster y spandex para un uso y ajuste confortables.<br \/>&#8211; Protector de rodilla ligero, flexible y c\u00f3modo (homologado CE).<br \/>&#8211; Bolsillo delantero con cierre de cremallera y hebilla frontal en el cintur\u00f3n para un ajuste perfecto de la cintura.<br \/>&#8211; Materiales y tejidos de alta calidad con costuras el\u00e1sticas planas.<br \/>&#8211; Rejillas para aumentar el flujo de aire y la ventilaci\u00f3n.<br \/>&#8211; Tejido el\u00e1stico, c\u00f3modo y totalmente transpirable.<br \/>&#8211; Gr\u00e1fica y decoraci\u00f3n mediante sublimaci\u00f3n de alta calidad y resistencia.<br \/><strong>Material<\/strong><br \/>&#8211; (85%-15%) poli\u00e9ster y spandex ligero<\/p>\n<p><strong>Informaci\u00f3n adicional<\/strong><br \/>Siga las instrucciones de lavado. No planchar. Lavar en fr\u00edo<\/p>\n","protected":false},"excerpt":{"rendered":"<p><em><strong>SI QUIERES RECOGER TU EQUIPACION EN PORTILLO, AL REALIZAR TU PEDIDO, SELECCIONA COMO METODO DE ENVIO: <span style=\"text-decoration:underline;\">RECOGER EN\u00a0NOWTRIAL<\/span><\/strong><\/em><\/p>\n<p><em><strong><a href=\"http:\/\/nowtrial.com\/\/wp-content\/uploads\/2019\/11\/camiseta-manga-larga-r18-comas-jpg.png\">CONSULTA TU TALLA<\/a><\/strong><\/em><\/p>\n","protected":false},"featured_media":35750,"comment_status":"open","ping_status":"closed","template":"","meta":[],"product_brand":[],"product_cat":[11394,11425],"product_tag":[],"class_list":{"0":"post-35698","1":"product","2":"type-product","3":"status-publish","4":"has-post-thumbnail","6":"product_cat-camisetas-equipacion","7":"product_cat-pantalones-equipacion","8":"pa_color-amarillo","9":"pa_color-rosa","11":"first","12":"instock","13":"taxable","14":"shipping-taxable","15":"purchasable","16":"product-type-variable","17":"has-default-attributes"},"yoast_head":"<!-- This site is optimized with the Yoast SEO Premium plugin v21.2 (Yoast SEO v27.4) - https:\/\/yoast.com\/product\/yoast-seo-premium-wordpress\/ -->\n<title>Equipaci\u00f3n Personalizada CD PORTILLO - Tienda de todotrial<\/title>\n<meta name=\"robots\" content=\"index, follow, max-snippet:-1, max-image-preview:large, max-video-preview:-1\" \/>\n<link rel=\"canonical\" href=\"https:\/\/todotrial.com\/tienda\/equipacion-personalizada-cd-portillo\/\" \/>\n<meta property=\"og:locale\" content=\"es_ES\" \/>\n<meta property=\"og:type\" content=\"article\" \/>\n<meta property=\"og:title\" content=\"Equipaci\u00f3n Personalizada CD PORTILLO\" \/>\n<meta property=\"og:description\" content=\"SI QUIERES RECOGER TU EQUIPACION EN PORTILLO, AL REALIZAR TU PEDIDO, SELECCIONA COMO METODO DE ENVIO: RECOGER EN\u00a0NOWTRIAL CONSULTA TU TALLA\" \/>\n<meta property=\"og:url\" content=\"https:\/\/todotrial.com\/tienda\/equipacion-personalizada-cd-portillo\/\" \/>\n<meta property=\"og:site_name\" content=\"Tienda de todotrial\" \/>\n<meta property=\"article:modified_time\" content=\"2025-05-15T11:35:34+00:00\" \/>\n<meta property=\"og:image\" content=\"https:\/\/todotrial.com\/tienda\/wp-content\/uploads\/2020\/12\/4320-Equipacion-Personalizada-CD-PORTILLO-2.jpg\" \/>\n\t<meta property=\"og:image:width\" content=\"800\" \/>\n\t<meta property=\"og:image:height\" content=\"451\" \/>\n\t<meta property=\"og:image:type\" content=\"image\/jpeg\" \/>\n<meta name=\"twitter:card\" content=\"summary_large_image\" \/>\n<meta name=\"twitter:label1\" content=\"Tiempo de lectura\" \/>\n\t<meta name=\"twitter:data1\" content=\"1 minuto\" \/>\n<script type=\"application\/ld+json\" class=\"yoast-schema-graph\">{\"@context\":\"https:\\\/\\\/schema.org\",\"@graph\":[{\"@type\":\"WebPage\",\"@id\":\"https:\\\/\\\/todotrial.com\\\/tienda\\\/equipacion-personalizada-cd-portillo\\\/\",\"url\":\"https:\\\/\\\/todotrial.com\\\/tienda\\\/equipacion-personalizada-cd-portillo\\\/\",\"name\":\"Equipaci\u00f3n Personalizada CD PORTILLO - Tienda de todotrial\",\"isPartOf\":{\"@id\":\"https:\\\/\\\/todotrial.com\\\/tienda\\\/#website\"},\"primaryImageOfPage\":{\"@id\":\"https:\\\/\\\/todotrial.com\\\/tienda\\\/equipacion-personalizada-cd-portillo\\\/#primaryimage\"},\"image\":{\"@id\":\"https:\\\/\\\/todotrial.com\\\/tienda\\\/equipacion-personalizada-cd-portillo\\\/#primaryimage\"},\"thumbnailUrl\":\"https:\\\/\\\/todotrial.com\\\/tienda\\\/wp-content\\\/uploads\\\/2020\\\/12\\\/4320-Equipacion-Personalizada-CD-PORTILLO-2.jpg\",\"datePublished\":\"2020-12-16T21:17:12+00:00\",\"dateModified\":\"2025-05-15T11:35:34+00:00\",\"breadcrumb\":{\"@id\":\"https:\\\/\\\/todotrial.com\\\/tienda\\\/equipacion-personalizada-cd-portillo\\\/#breadcrumb\"},\"inLanguage\":\"es\",\"potentialAction\":[{\"@type\":\"ReadAction\",\"target\":[\"https:\\\/\\\/todotrial.com\\\/tienda\\\/equipacion-personalizada-cd-portillo\\\/\"]}]},{\"@type\":\"ImageObject\",\"inLanguage\":\"es\",\"@id\":\"https:\\\/\\\/todotrial.com\\\/tienda\\\/equipacion-personalizada-cd-portillo\\\/#primaryimage\",\"url\":\"https:\\\/\\\/todotrial.com\\\/tienda\\\/wp-content\\\/uploads\\\/2020\\\/12\\\/4320-Equipacion-Personalizada-CD-PORTILLO-2.jpg\",\"contentUrl\":\"https:\\\/\\\/todotrial.com\\\/tienda\\\/wp-content\\\/uploads\\\/2020\\\/12\\\/4320-Equipacion-Personalizada-CD-PORTILLO-2.jpg\",\"width\":800,\"height\":451},{\"@type\":\"BreadcrumbList\",\"@id\":\"https:\\\/\\\/todotrial.com\\\/tienda\\\/equipacion-personalizada-cd-portillo\\\/#breadcrumb\",\"itemListElement\":[{\"@type\":\"ListItem\",\"position\":1,\"name\":\"Portada\",\"item\":\"https:\\\/\\\/todotrial.com\\\/tienda\\\/\"},{\"@type\":\"ListItem\",\"position\":2,\"name\":\"Shop\",\"item\":\"https:\\\/\\\/todotrial.com\\\/tienda\\\/shop\\\/\"},{\"@type\":\"ListItem\",\"position\":3,\"name\":\"Equipaci\u00f3n Personalizada CD PORTILLO\"}]},{\"@type\":\"WebSite\",\"@id\":\"https:\\\/\\\/todotrial.com\\\/tienda\\\/#website\",\"url\":\"https:\\\/\\\/todotrial.com\\\/tienda\\\/\",\"name\":\"Tienda de todotrial\",\"description\":\"\",\"potentialAction\":[{\"@type\":\"SearchAction\",\"target\":{\"@type\":\"EntryPoint\",\"urlTemplate\":\"https:\\\/\\\/todotrial.com\\\/tienda\\\/?s={search_term_string}\"},\"query-input\":{\"@type\":\"PropertyValueSpecification\",\"valueRequired\":true,\"valueName\":\"search_term_string\"}}],\"inLanguage\":\"es\"}]}<\/script>\n<!-- \/ Yoast SEO Premium plugin. -->","yoast_head_json":{"title":"Equipaci\u00f3n Personalizada CD PORTILLO - Tienda de todotrial","robots":{"index":"index","follow":"follow","max-snippet":"max-snippet:-1","max-image-preview":"max-image-preview:large","max-video-preview":"max-video-preview:-1"},"canonical":"https:\/\/todotrial.com\/tienda\/equipacion-personalizada-cd-portillo\/","og_locale":"es_ES","og_type":"article","og_title":"Equipaci\u00f3n Personalizada CD PORTILLO","og_description":"SI QUIERES RECOGER TU EQUIPACION EN PORTILLO, AL REALIZAR TU PEDIDO, SELECCIONA COMO METODO DE ENVIO: RECOGER EN\u00a0NOWTRIAL CONSULTA TU TALLA","og_url":"https:\/\/todotrial.com\/tienda\/equipacion-personalizada-cd-portillo\/","og_site_name":"Tienda de todotrial","article_modified_time":"2025-05-15T11:35:34+00:00","og_image":[{"width":800,"height":451,"url":"https:\/\/todotrial.com\/tienda\/wp-content\/uploads\/2020\/12\/4320-Equipacion-Personalizada-CD-PORTILLO-2.jpg","type":"image\/jpeg"}],"twitter_card":"summary_large_image","twitter_misc":{"Tiempo de lectura":"1 minuto"},"schema":{"@context":"https:\/\/schema.org","@graph":[{"@type":"WebPage","@id":"https:\/\/todotrial.com\/tienda\/equipacion-personalizada-cd-portillo\/","url":"https:\/\/todotrial.com\/tienda\/equipacion-personalizada-cd-portillo\/","name":"Equipaci\u00f3n Personalizada CD PORTILLO - Tienda de todotrial","isPartOf":{"@id":"https:\/\/todotrial.com\/tienda\/#website"},"primaryImageOfPage":{"@id":"https:\/\/todotrial.com\/tienda\/equipacion-personalizada-cd-portillo\/#primaryimage"},"image":{"@id":"https:\/\/todotrial.com\/tienda\/equipacion-personalizada-cd-portillo\/#primaryimage"},"thumbnailUrl":"https:\/\/todotrial.com\/tienda\/wp-content\/uploads\/2020\/12\/4320-Equipacion-Personalizada-CD-PORTILLO-2.jpg","datePublished":"2020-12-16T21:17:12+00:00","dateModified":"2025-05-15T11:35:34+00:00","breadcrumb":{"@id":"https:\/\/todotrial.com\/tienda\/equipacion-personalizada-cd-portillo\/#breadcrumb"},"inLanguage":"es","potentialAction":[{"@type":"ReadAction","target":["https:\/\/todotrial.com\/tienda\/equipacion-personalizada-cd-portillo\/"]}]},{"@type":"ImageObject","inLanguage":"es","@id":"https:\/\/todotrial.com\/tienda\/equipacion-personalizada-cd-portillo\/#primaryimage","url":"https:\/\/todotrial.com\/tienda\/wp-content\/uploads\/2020\/12\/4320-Equipacion-Personalizada-CD-PORTILLO-2.jpg","contentUrl":"https:\/\/todotrial.com\/tienda\/wp-content\/uploads\/2020\/12\/4320-Equipacion-Personalizada-CD-PORTILLO-2.jpg","width":800,"height":451},{"@type":"BreadcrumbList","@id":"https:\/\/todotrial.com\/tienda\/equipacion-personalizada-cd-portillo\/#breadcrumb","itemListElement":[{"@type":"ListItem","position":1,"name":"Portada","item":"https:\/\/todotrial.com\/tienda\/"},{"@type":"ListItem","position":2,"name":"Shop","item":"https:\/\/todotrial.com\/tienda\/shop\/"},{"@type":"ListItem","position":3,"name":"Equipaci\u00f3n Personalizada CD PORTILLO"}]},{"@type":"WebSite","@id":"https:\/\/todotrial.com\/tienda\/#website","url":"https:\/\/todotrial.com\/tienda\/","name":"Tienda de todotrial","description":"","potentialAction":[{"@type":"SearchAction","target":{"@type":"EntryPoint","urlTemplate":"https:\/\/todotrial.com\/tienda\/?s={search_term_string}"},"query-input":{"@type":"PropertyValueSpecification","valueRequired":true,"valueName":"search_term_string"}}],"inLanguage":"es"}]}},"_links":{"self":[{"href":"https:\/\/todotrial.com\/tienda\/wp-json\/wp\/v2\/product\/35698","targetHints":{"allow":["GET"]}}],"collection":[{"href":"https:\/\/todotrial.com\/tienda\/wp-json\/wp\/v2\/product"}],"about":[{"href":"https:\/\/todotrial.com\/tienda\/wp-json\/wp\/v2\/types\/product"}],"replies":[{"embeddable":true,"href":"https:\/\/todotrial.com\/tienda\/wp-json\/wp\/v2\/comments?post=35698"}],"version-history":[{"count":1,"href":"https:\/\/todotrial.com\/tienda\/wp-json\/wp\/v2\/product\/35698\/revisions"}],"predecessor-version":[{"id":55854,"href":"https:\/\/todotrial.com\/tienda\/wp-json\/wp\/v2\/product\/35698\/revisions\/55854"}],"wp:featuredmedia":[{"embeddable":true,"href":"https:\/\/todotrial.com\/tienda\/wp-json\/wp\/v2\/media\/35750"}],"wp:attachment":[{"href":"https:\/\/todotrial.com\/tienda\/wp-json\/wp\/v2\/media?parent=35698"}],"wp:term":[{"taxonomy":"product_brand","embeddable":true,"href":"https:\/\/todotrial.com\/tienda\/wp-json\/wp\/v2\/product_brand?post=35698"},{"taxonomy":"product_cat","embeddable":true,"href":"https:\/\/todotrial.com\/tienda\/wp-json\/wp\/v2\/product_cat?post=35698"},{"taxonomy":"product_tag","embeddable":true,"href":"https:\/\/todotrial.com\/tienda\/wp-json\/wp\/v2\/product_tag?post=35698"}],"curies":[{"name":"wp","href":"https:\/\/api.w.org\/{rel}","templated":true}]}}