{"id":35619,"date":"2020-12-16T22:14:33","date_gmt":"2020-12-16T21:14:33","guid":{"rendered":"https:\/\/todotrial.com\/tienda\/product\/import-placeholder-for-6840\/"},"modified":"2023-08-31T13:22:00","modified_gmt":"2023-08-31T12:22:00","slug":"pantalon-trial-race-pro-iii-r-hebo","status":"publish","type":"product","link":"https:\/\/todotrial.com\/tienda\/pantalon-trial-race-pro-iii-r-hebo\/","title":{"rendered":"Pantal\u00f3n Trial RACE PRO III R HEBO"},"content":{"rendered":"<p><strong>Pantal\u00f3n trial RACE PRO III, usado y desarrollado por el campe\u00f3n del mundo de trial Toni Bou.<\/strong><\/p>\n<p><strong>\u00c9s la evoluci\u00f3n del mono de una pieza utilizado hasta la fecha, fabricado en lycra 100%, lo que le proporciona una libertat total de movimientos, ausencia de cremallereas y cierres en la cintura con protecci\u00f3n interna de la rodilla de STRONGFLEX acolchado y protecciones internas (incluidas) en las rodillas<\/strong><\/p>\n<p><strong>Estampado con tecnolog\u00eda de sublimaci\u00f3n que hace resistentes los colores en las condiciones de lavado m\u00e1s extremas y conservando los colores durante la vida de los pantalones.\u00a0<\/strong><\/p>\n","protected":false},"excerpt":{"rendered":"<p><strong>Material: 69% Poliester y 31% Elast\u00e1n<br \/><\/strong><\/p>\n<p><strong><a href=\"http:\/\/nowtrial.com\/\/wp-content\/uploads\/2019\/11\/Talla-Pantalones-Pants-Size_Pro.pdf\"><span style=\"text-decoration:underline;\"><em>Consulta tu talla<\/em><\/span><\/a><\/strong><\/p>\n","protected":false},"featured_media":35668,"comment_status":"open","ping_status":"closed","template":"","meta":[],"product_brand":[],"product_cat":[11393,11384,11425,11374],"product_tag":[],"class_list":{"0":"post-35619","1":"product","2":"type-product","3":"status-publish","4":"has-post-thumbnail","6":"product_cat-equipacion-moto","7":"product_cat-moto","8":"product_cat-pantalones-equipacion","9":"product_cat-raiz","10":"pa_color-rojo","12":"first","13":"outofstock","14":"sale","15":"taxable","16":"shipping-taxable","17":"purchasable","18":"product-type-variable","19":"has-default-attributes"},"yoast_head":"<!-- This site is optimized with the Yoast SEO Premium plugin v21.2 (Yoast SEO v27.3) - https:\/\/yoast.com\/product\/yoast-seo-premium-wordpress\/ -->\n<title>Pantal\u00f3n Trial RACE PRO III R HEBO - Tienda de todotrial<\/title>\n<meta name=\"robots\" content=\"index, follow, max-snippet:-1, max-image-preview:large, max-video-preview:-1\" \/>\n<link rel=\"canonical\" href=\"https:\/\/todotrial.com\/tienda\/pantalon-trial-race-pro-iii-r-hebo\/\" \/>\n<meta property=\"og:locale\" content=\"es_ES\" \/>\n<meta property=\"og:type\" content=\"article\" \/>\n<meta property=\"og:title\" content=\"Pantal\u00f3n Trial RACE PRO III R HEBO\" \/>\n<meta property=\"og:description\" content=\"Material: 69% Poliester y 31% Elast\u00e1n Consulta tu talla\" \/>\n<meta property=\"og:url\" content=\"https:\/\/todotrial.com\/tienda\/pantalon-trial-race-pro-iii-r-hebo\/\" \/>\n<meta property=\"og:site_name\" content=\"Tienda de todotrial\" \/>\n<meta property=\"article:modified_time\" content=\"2023-08-31T12:22:00+00:00\" \/>\n<meta property=\"og:image\" content=\"https:\/\/todotrial.com\/tienda\/wp-content\/uploads\/2020\/12\/4282-Pantalon-Trial-RACE-PRO-III-R-HEBO-1.jpg\" \/>\n\t<meta property=\"og:image:width\" content=\"800\" \/>\n\t<meta property=\"og:image:height\" content=\"800\" \/>\n\t<meta property=\"og:image:type\" content=\"image\/jpeg\" \/>\n<meta name=\"twitter:card\" content=\"summary_large_image\" \/>\n<script type=\"application\/ld+json\" class=\"yoast-schema-graph\">{\"@context\":\"https:\\\/\\\/schema.org\",\"@graph\":[{\"@type\":\"WebPage\",\"@id\":\"https:\\\/\\\/todotrial.com\\\/tienda\\\/pantalon-trial-race-pro-iii-r-hebo\\\/\",\"url\":\"https:\\\/\\\/todotrial.com\\\/tienda\\\/pantalon-trial-race-pro-iii-r-hebo\\\/\",\"name\":\"Pantal\u00f3n Trial RACE PRO III R HEBO - Tienda de todotrial\",\"isPartOf\":{\"@id\":\"https:\\\/\\\/todotrial.com\\\/tienda\\\/#website\"},\"primaryImageOfPage\":{\"@id\":\"https:\\\/\\\/todotrial.com\\\/tienda\\\/pantalon-trial-race-pro-iii-r-hebo\\\/#primaryimage\"},\"image\":{\"@id\":\"https:\\\/\\\/todotrial.com\\\/tienda\\\/pantalon-trial-race-pro-iii-r-hebo\\\/#primaryimage\"},\"thumbnailUrl\":\"https:\\\/\\\/todotrial.com\\\/tienda\\\/wp-content\\\/uploads\\\/2020\\\/12\\\/4282-Pantalon-Trial-RACE-PRO-III-R-HEBO-1.jpg\",\"datePublished\":\"2020-12-16T21:14:33+00:00\",\"dateModified\":\"2023-08-31T12:22:00+00:00\",\"breadcrumb\":{\"@id\":\"https:\\\/\\\/todotrial.com\\\/tienda\\\/pantalon-trial-race-pro-iii-r-hebo\\\/#breadcrumb\"},\"inLanguage\":\"es\",\"potentialAction\":[{\"@type\":\"ReadAction\",\"target\":[\"https:\\\/\\\/todotrial.com\\\/tienda\\\/pantalon-trial-race-pro-iii-r-hebo\\\/\"]}]},{\"@type\":\"ImageObject\",\"inLanguage\":\"es\",\"@id\":\"https:\\\/\\\/todotrial.com\\\/tienda\\\/pantalon-trial-race-pro-iii-r-hebo\\\/#primaryimage\",\"url\":\"https:\\\/\\\/todotrial.com\\\/tienda\\\/wp-content\\\/uploads\\\/2020\\\/12\\\/4282-Pantalon-Trial-RACE-PRO-III-R-HEBO-1.jpg\",\"contentUrl\":\"https:\\\/\\\/todotrial.com\\\/tienda\\\/wp-content\\\/uploads\\\/2020\\\/12\\\/4282-Pantalon-Trial-RACE-PRO-III-R-HEBO-1.jpg\",\"width\":800,\"height\":800},{\"@type\":\"BreadcrumbList\",\"@id\":\"https:\\\/\\\/todotrial.com\\\/tienda\\\/pantalon-trial-race-pro-iii-r-hebo\\\/#breadcrumb\",\"itemListElement\":[{\"@type\":\"ListItem\",\"position\":1,\"name\":\"Portada\",\"item\":\"https:\\\/\\\/todotrial.com\\\/tienda\\\/\"},{\"@type\":\"ListItem\",\"position\":2,\"name\":\"Shop\",\"item\":\"https:\\\/\\\/todotrial.com\\\/tienda\\\/shop\\\/\"},{\"@type\":\"ListItem\",\"position\":3,\"name\":\"Pantal\u00f3n Trial RACE PRO III R HEBO\"}]},{\"@type\":\"WebSite\",\"@id\":\"https:\\\/\\\/todotrial.com\\\/tienda\\\/#website\",\"url\":\"https:\\\/\\\/todotrial.com\\\/tienda\\\/\",\"name\":\"Tienda de todotrial\",\"description\":\"\",\"potentialAction\":[{\"@type\":\"SearchAction\",\"target\":{\"@type\":\"EntryPoint\",\"urlTemplate\":\"https:\\\/\\\/todotrial.com\\\/tienda\\\/?s={search_term_string}\"},\"query-input\":{\"@type\":\"PropertyValueSpecification\",\"valueRequired\":true,\"valueName\":\"search_term_string\"}}],\"inLanguage\":\"es\"}]}<\/script>\n<!-- \/ Yoast SEO Premium plugin. -->","yoast_head_json":{"title":"Pantal\u00f3n Trial RACE PRO III R HEBO - Tienda de todotrial","robots":{"index":"index","follow":"follow","max-snippet":"max-snippet:-1","max-image-preview":"max-image-preview:large","max-video-preview":"max-video-preview:-1"},"canonical":"https:\/\/todotrial.com\/tienda\/pantalon-trial-race-pro-iii-r-hebo\/","og_locale":"es_ES","og_type":"article","og_title":"Pantal\u00f3n Trial RACE PRO III R HEBO","og_description":"Material: 69% Poliester y 31% Elast\u00e1n Consulta tu talla","og_url":"https:\/\/todotrial.com\/tienda\/pantalon-trial-race-pro-iii-r-hebo\/","og_site_name":"Tienda de todotrial","article_modified_time":"2023-08-31T12:22:00+00:00","og_image":[{"width":800,"height":800,"url":"https:\/\/todotrial.com\/tienda\/wp-content\/uploads\/2020\/12\/4282-Pantalon-Trial-RACE-PRO-III-R-HEBO-1.jpg","type":"image\/jpeg"}],"twitter_card":"summary_large_image","schema":{"@context":"https:\/\/schema.org","@graph":[{"@type":"WebPage","@id":"https:\/\/todotrial.com\/tienda\/pantalon-trial-race-pro-iii-r-hebo\/","url":"https:\/\/todotrial.com\/tienda\/pantalon-trial-race-pro-iii-r-hebo\/","name":"Pantal\u00f3n Trial RACE PRO III R HEBO - Tienda de todotrial","isPartOf":{"@id":"https:\/\/todotrial.com\/tienda\/#website"},"primaryImageOfPage":{"@id":"https:\/\/todotrial.com\/tienda\/pantalon-trial-race-pro-iii-r-hebo\/#primaryimage"},"image":{"@id":"https:\/\/todotrial.com\/tienda\/pantalon-trial-race-pro-iii-r-hebo\/#primaryimage"},"thumbnailUrl":"https:\/\/todotrial.com\/tienda\/wp-content\/uploads\/2020\/12\/4282-Pantalon-Trial-RACE-PRO-III-R-HEBO-1.jpg","datePublished":"2020-12-16T21:14:33+00:00","dateModified":"2023-08-31T12:22:00+00:00","breadcrumb":{"@id":"https:\/\/todotrial.com\/tienda\/pantalon-trial-race-pro-iii-r-hebo\/#breadcrumb"},"inLanguage":"es","potentialAction":[{"@type":"ReadAction","target":["https:\/\/todotrial.com\/tienda\/pantalon-trial-race-pro-iii-r-hebo\/"]}]},{"@type":"ImageObject","inLanguage":"es","@id":"https:\/\/todotrial.com\/tienda\/pantalon-trial-race-pro-iii-r-hebo\/#primaryimage","url":"https:\/\/todotrial.com\/tienda\/wp-content\/uploads\/2020\/12\/4282-Pantalon-Trial-RACE-PRO-III-R-HEBO-1.jpg","contentUrl":"https:\/\/todotrial.com\/tienda\/wp-content\/uploads\/2020\/12\/4282-Pantalon-Trial-RACE-PRO-III-R-HEBO-1.jpg","width":800,"height":800},{"@type":"BreadcrumbList","@id":"https:\/\/todotrial.com\/tienda\/pantalon-trial-race-pro-iii-r-hebo\/#breadcrumb","itemListElement":[{"@type":"ListItem","position":1,"name":"Portada","item":"https:\/\/todotrial.com\/tienda\/"},{"@type":"ListItem","position":2,"name":"Shop","item":"https:\/\/todotrial.com\/tienda\/shop\/"},{"@type":"ListItem","position":3,"name":"Pantal\u00f3n Trial RACE PRO III R HEBO"}]},{"@type":"WebSite","@id":"https:\/\/todotrial.com\/tienda\/#website","url":"https:\/\/todotrial.com\/tienda\/","name":"Tienda de todotrial","description":"","potentialAction":[{"@type":"SearchAction","target":{"@type":"EntryPoint","urlTemplate":"https:\/\/todotrial.com\/tienda\/?s={search_term_string}"},"query-input":{"@type":"PropertyValueSpecification","valueRequired":true,"valueName":"search_term_string"}}],"inLanguage":"es"}]}},"_links":{"self":[{"href":"https:\/\/todotrial.com\/tienda\/wp-json\/wp\/v2\/product\/35619","targetHints":{"allow":["GET"]}}],"collection":[{"href":"https:\/\/todotrial.com\/tienda\/wp-json\/wp\/v2\/product"}],"about":[{"href":"https:\/\/todotrial.com\/tienda\/wp-json\/wp\/v2\/types\/product"}],"replies":[{"embeddable":true,"href":"https:\/\/todotrial.com\/tienda\/wp-json\/wp\/v2\/comments?post=35619"}],"version-history":[{"count":0,"href":"https:\/\/todotrial.com\/tienda\/wp-json\/wp\/v2\/product\/35619\/revisions"}],"wp:featuredmedia":[{"embeddable":true,"href":"https:\/\/todotrial.com\/tienda\/wp-json\/wp\/v2\/media\/35668"}],"wp:attachment":[{"href":"https:\/\/todotrial.com\/tienda\/wp-json\/wp\/v2\/media?parent=35619"}],"wp:term":[{"taxonomy":"product_brand","embeddable":true,"href":"https:\/\/todotrial.com\/tienda\/wp-json\/wp\/v2\/product_brand?post=35619"},{"taxonomy":"product_cat","embeddable":true,"href":"https:\/\/todotrial.com\/tienda\/wp-json\/wp\/v2\/product_cat?post=35619"},{"taxonomy":"product_tag","embeddable":true,"href":"https:\/\/todotrial.com\/tienda\/wp-json\/wp\/v2\/product_tag?post=35619"}],"curies":[{"name":"wp","href":"https:\/\/api.w.org\/{rel}","templated":true}]}}