{"id":3532,"date":"2015-07-13T08:18:28","date_gmt":"2015-07-13T08:18:28","guid":{"rendered":"https:\/\/todotrial.com\/tienda\/product\/botas-trial2015-07-13-08-18-28\/"},"modified":"2026-03-03T13:08:04","modified_gmt":"2026-03-03T12:08:04","slug":"botas-trial2015-07-13-08-18-28","status":"publish","type":"product","link":"https:\/\/todotrial.com\/tienda\/botas-trial2015-07-13-08-18-28\/","title":{"rendered":"BOTAS GAERNE G-ALL TERRAIN GORE TEX (MARRONES)"},"content":{"rendered":"<p>BOTAS GAERNE G-ALL TERRAIN GORE TEX (MARRONES)<br \/>Tallas: 42,43,44,45,46<\/p>\n<p>Dise\u00f1adas y fabricadas pensando en el Trail Adventure, motorismo de monta\u00f1a y ATV. Son impermeables y transpirables gracias a la membrana Gore-tex. Una ligera construcci\u00f3n de cuero proporciona un ajuste c\u00f3modo y un desgaste de larga duraci\u00f3n. Fabricadas en Italia con una calidad cxcelente.<\/p>\n","protected":false},"excerpt":{"rendered":"<p>BOTAS GAERNE G-ALL TERRAIN GORE TEX (MARRONES)<br \/>\nTallas: 42,43,44,45,46<\/p>\n","protected":false},"featured_media":3531,"comment_status":"open","ping_status":"closed","template":"","meta":[],"product_brand":[],"product_cat":[11446,11393],"product_tag":[],"class_list":{"0":"post-3532","1":"product","2":"type-product","3":"status-publish","4":"has-post-thumbnail","6":"product_cat-botas-equipacion","7":"product_cat-equipacion-moto","9":"first","10":"outofstock","11":"taxable","12":"shipping-taxable","13":"purchasable","14":"product-type-simple"},"yoast_head":"<!-- This site is optimized with the Yoast SEO Premium plugin v21.2 (Yoast SEO v27.3) - https:\/\/yoast.com\/product\/yoast-seo-premium-wordpress\/ -->\n<title>BOTAS GAERNE G-ALL TERRAIN GORE TEX (MARRONES) - Tienda de todotrial<\/title>\n<meta name=\"robots\" content=\"index, follow, max-snippet:-1, max-image-preview:large, max-video-preview:-1\" \/>\n<link rel=\"canonical\" href=\"https:\/\/todotrial.com\/tienda\/botas-trial2015-07-13-08-18-28\/\" \/>\n<meta property=\"og:locale\" content=\"es_ES\" \/>\n<meta property=\"og:type\" content=\"article\" \/>\n<meta property=\"og:title\" content=\"BOTAS GAERNE G-ALL TERRAIN GORE TEX (MARRONES)\" \/>\n<meta property=\"og:description\" content=\"BOTAS GAERNE G-ALL TERRAIN GORE TEX (MARRONES) Tallas: 42,43,44,45,46\" \/>\n<meta property=\"og:url\" content=\"https:\/\/todotrial.com\/tienda\/botas-trial2015-07-13-08-18-28\/\" \/>\n<meta property=\"og:site_name\" content=\"Tienda de todotrial\" \/>\n<meta property=\"article:modified_time\" content=\"2026-03-03T12:08:04+00:00\" \/>\n<meta property=\"og:image\" content=\"https:\/\/todotrial.com\/tienda\/wp-content\/uploads\/2015\/07\/botas_gaerne_all_terrain.jpg\" \/>\n\t<meta property=\"og:image:width\" content=\"677\" \/>\n\t<meta property=\"og:image:height\" content=\"611\" \/>\n\t<meta property=\"og:image:type\" content=\"image\/jpeg\" \/>\n<meta name=\"twitter:card\" content=\"summary_large_image\" \/>\n<script type=\"application\/ld+json\" class=\"yoast-schema-graph\">{\"@context\":\"https:\\\/\\\/schema.org\",\"@graph\":[{\"@type\":\"WebPage\",\"@id\":\"https:\\\/\\\/todotrial.com\\\/tienda\\\/botas-trial2015-07-13-08-18-28\\\/\",\"url\":\"https:\\\/\\\/todotrial.com\\\/tienda\\\/botas-trial2015-07-13-08-18-28\\\/\",\"name\":\"BOTAS GAERNE G-ALL TERRAIN GORE TEX (MARRONES) - Tienda de todotrial\",\"isPartOf\":{\"@id\":\"https:\\\/\\\/todotrial.com\\\/tienda\\\/#website\"},\"primaryImageOfPage\":{\"@id\":\"https:\\\/\\\/todotrial.com\\\/tienda\\\/botas-trial2015-07-13-08-18-28\\\/#primaryimage\"},\"image\":{\"@id\":\"https:\\\/\\\/todotrial.com\\\/tienda\\\/botas-trial2015-07-13-08-18-28\\\/#primaryimage\"},\"thumbnailUrl\":\"https:\\\/\\\/todotrial.com\\\/tienda\\\/wp-content\\\/uploads\\\/2015\\\/07\\\/botas_gaerne_all_terrain.jpg\",\"datePublished\":\"2015-07-13T08:18:28+00:00\",\"dateModified\":\"2026-03-03T12:08:04+00:00\",\"breadcrumb\":{\"@id\":\"https:\\\/\\\/todotrial.com\\\/tienda\\\/botas-trial2015-07-13-08-18-28\\\/#breadcrumb\"},\"inLanguage\":\"es\",\"potentialAction\":[{\"@type\":\"ReadAction\",\"target\":[\"https:\\\/\\\/todotrial.com\\\/tienda\\\/botas-trial2015-07-13-08-18-28\\\/\"]}]},{\"@type\":\"ImageObject\",\"inLanguage\":\"es\",\"@id\":\"https:\\\/\\\/todotrial.com\\\/tienda\\\/botas-trial2015-07-13-08-18-28\\\/#primaryimage\",\"url\":\"https:\\\/\\\/todotrial.com\\\/tienda\\\/wp-content\\\/uploads\\\/2015\\\/07\\\/botas_gaerne_all_terrain.jpg\",\"contentUrl\":\"https:\\\/\\\/todotrial.com\\\/tienda\\\/wp-content\\\/uploads\\\/2015\\\/07\\\/botas_gaerne_all_terrain.jpg\",\"width\":677,\"height\":611},{\"@type\":\"BreadcrumbList\",\"@id\":\"https:\\\/\\\/todotrial.com\\\/tienda\\\/botas-trial2015-07-13-08-18-28\\\/#breadcrumb\",\"itemListElement\":[{\"@type\":\"ListItem\",\"position\":1,\"name\":\"Portada\",\"item\":\"https:\\\/\\\/todotrial.com\\\/tienda\\\/\"},{\"@type\":\"ListItem\",\"position\":2,\"name\":\"Shop\",\"item\":\"https:\\\/\\\/todotrial.com\\\/tienda\\\/shop\\\/\"},{\"@type\":\"ListItem\",\"position\":3,\"name\":\"BOTAS GAERNE G-ALL TERRAIN GORE TEX (MARRONES)\"}]},{\"@type\":\"WebSite\",\"@id\":\"https:\\\/\\\/todotrial.com\\\/tienda\\\/#website\",\"url\":\"https:\\\/\\\/todotrial.com\\\/tienda\\\/\",\"name\":\"Tienda de todotrial\",\"description\":\"\",\"potentialAction\":[{\"@type\":\"SearchAction\",\"target\":{\"@type\":\"EntryPoint\",\"urlTemplate\":\"https:\\\/\\\/todotrial.com\\\/tienda\\\/?s={search_term_string}\"},\"query-input\":{\"@type\":\"PropertyValueSpecification\",\"valueRequired\":true,\"valueName\":\"search_term_string\"}}],\"inLanguage\":\"es\"}]}<\/script>\n<!-- \/ Yoast SEO Premium plugin. -->","yoast_head_json":{"title":"BOTAS GAERNE G-ALL TERRAIN GORE TEX (MARRONES) - Tienda de todotrial","robots":{"index":"index","follow":"follow","max-snippet":"max-snippet:-1","max-image-preview":"max-image-preview:large","max-video-preview":"max-video-preview:-1"},"canonical":"https:\/\/todotrial.com\/tienda\/botas-trial2015-07-13-08-18-28\/","og_locale":"es_ES","og_type":"article","og_title":"BOTAS GAERNE G-ALL TERRAIN GORE TEX (MARRONES)","og_description":"BOTAS GAERNE G-ALL TERRAIN GORE TEX (MARRONES) Tallas: 42,43,44,45,46","og_url":"https:\/\/todotrial.com\/tienda\/botas-trial2015-07-13-08-18-28\/","og_site_name":"Tienda de todotrial","article_modified_time":"2026-03-03T12:08:04+00:00","og_image":[{"width":677,"height":611,"url":"https:\/\/todotrial.com\/tienda\/wp-content\/uploads\/2015\/07\/botas_gaerne_all_terrain.jpg","type":"image\/jpeg"}],"twitter_card":"summary_large_image","schema":{"@context":"https:\/\/schema.org","@graph":[{"@type":"WebPage","@id":"https:\/\/todotrial.com\/tienda\/botas-trial2015-07-13-08-18-28\/","url":"https:\/\/todotrial.com\/tienda\/botas-trial2015-07-13-08-18-28\/","name":"BOTAS GAERNE G-ALL TERRAIN GORE TEX (MARRONES) - Tienda de todotrial","isPartOf":{"@id":"https:\/\/todotrial.com\/tienda\/#website"},"primaryImageOfPage":{"@id":"https:\/\/todotrial.com\/tienda\/botas-trial2015-07-13-08-18-28\/#primaryimage"},"image":{"@id":"https:\/\/todotrial.com\/tienda\/botas-trial2015-07-13-08-18-28\/#primaryimage"},"thumbnailUrl":"https:\/\/todotrial.com\/tienda\/wp-content\/uploads\/2015\/07\/botas_gaerne_all_terrain.jpg","datePublished":"2015-07-13T08:18:28+00:00","dateModified":"2026-03-03T12:08:04+00:00","breadcrumb":{"@id":"https:\/\/todotrial.com\/tienda\/botas-trial2015-07-13-08-18-28\/#breadcrumb"},"inLanguage":"es","potentialAction":[{"@type":"ReadAction","target":["https:\/\/todotrial.com\/tienda\/botas-trial2015-07-13-08-18-28\/"]}]},{"@type":"ImageObject","inLanguage":"es","@id":"https:\/\/todotrial.com\/tienda\/botas-trial2015-07-13-08-18-28\/#primaryimage","url":"https:\/\/todotrial.com\/tienda\/wp-content\/uploads\/2015\/07\/botas_gaerne_all_terrain.jpg","contentUrl":"https:\/\/todotrial.com\/tienda\/wp-content\/uploads\/2015\/07\/botas_gaerne_all_terrain.jpg","width":677,"height":611},{"@type":"BreadcrumbList","@id":"https:\/\/todotrial.com\/tienda\/botas-trial2015-07-13-08-18-28\/#breadcrumb","itemListElement":[{"@type":"ListItem","position":1,"name":"Portada","item":"https:\/\/todotrial.com\/tienda\/"},{"@type":"ListItem","position":2,"name":"Shop","item":"https:\/\/todotrial.com\/tienda\/shop\/"},{"@type":"ListItem","position":3,"name":"BOTAS GAERNE G-ALL TERRAIN GORE TEX (MARRONES)"}]},{"@type":"WebSite","@id":"https:\/\/todotrial.com\/tienda\/#website","url":"https:\/\/todotrial.com\/tienda\/","name":"Tienda de todotrial","description":"","potentialAction":[{"@type":"SearchAction","target":{"@type":"EntryPoint","urlTemplate":"https:\/\/todotrial.com\/tienda\/?s={search_term_string}"},"query-input":{"@type":"PropertyValueSpecification","valueRequired":true,"valueName":"search_term_string"}}],"inLanguage":"es"}]}},"_links":{"self":[{"href":"https:\/\/todotrial.com\/tienda\/wp-json\/wp\/v2\/product\/3532","targetHints":{"allow":["GET"]}}],"collection":[{"href":"https:\/\/todotrial.com\/tienda\/wp-json\/wp\/v2\/product"}],"about":[{"href":"https:\/\/todotrial.com\/tienda\/wp-json\/wp\/v2\/types\/product"}],"replies":[{"embeddable":true,"href":"https:\/\/todotrial.com\/tienda\/wp-json\/wp\/v2\/comments?post=3532"}],"version-history":[{"count":1,"href":"https:\/\/todotrial.com\/tienda\/wp-json\/wp\/v2\/product\/3532\/revisions"}],"predecessor-version":[{"id":55831,"href":"https:\/\/todotrial.com\/tienda\/wp-json\/wp\/v2\/product\/3532\/revisions\/55831"}],"wp:featuredmedia":[{"embeddable":true,"href":"https:\/\/todotrial.com\/tienda\/wp-json\/wp\/v2\/media\/3531"}],"wp:attachment":[{"href":"https:\/\/todotrial.com\/tienda\/wp-json\/wp\/v2\/media?parent=3532"}],"wp:term":[{"taxonomy":"product_brand","embeddable":true,"href":"https:\/\/todotrial.com\/tienda\/wp-json\/wp\/v2\/product_brand?post=3532"},{"taxonomy":"product_cat","embeddable":true,"href":"https:\/\/todotrial.com\/tienda\/wp-json\/wp\/v2\/product_cat?post=3532"},{"taxonomy":"product_tag","embeddable":true,"href":"https:\/\/todotrial.com\/tienda\/wp-json\/wp\/v2\/product_tag?post=3532"}],"curies":[{"name":"wp","href":"https:\/\/api.w.org\/{rel}","templated":true}]}}