{"id":306,"date":"2013-04-10T12:27:44","date_gmt":"2013-04-10T12:27:44","guid":{"rendered":"https:\/\/todotrial.com\/tienda\/product\/amortiguadores-the-magicals-manston\/"},"modified":"2025-04-01T22:06:56","modified_gmt":"2025-04-01T21:06:56","slug":"amortiguadores-the-magicals-manston","status":"publish","type":"product","link":"https:\/\/todotrial.com\/tienda\/amortiguadores-the-magicals-manston\/","title":{"rendered":"Amortiguadores The Magicals Manston"},"content":{"rendered":"<p>&#8211; Juego de 2 amortiguadores.<br \/>\n&#8211; Serie limitada de 150 unidades.<br \/>\n&#8211; Con 3 muelles, reacciones muy r\u00e1pidas y 40% m\u00e1s duros en el \u00faltimo cent\u00edmetro.<br \/>\n&#8211; Ideal s\u00f3lo para las Bultaco Sherpa 199, 199A, 199B y Honda<\/p>\n<p><span style=\"color: #ff0000;\">Agotados<\/span><\/p>\n<p>&#8211; Manxton 340mm. Precio: 320 Euros<br \/>\n&#8211; Manxton 350mm. Precio: 320 Euros<br \/>\n&#8211; Manxton 360mm. Precio: 320 Euros<br \/>\n&#8211; Manxton Honda 390mm. Precio: 332 Euros<\/p>\n<p>Los amortiguadores especiales para trial de cl\u00e1sicas The Magicals, est\u00e1n desarrollados por un equipo profesional, en colaboraci\u00f3n con Mick Andrews, para obtener el mejor rendimiento en todo tipo de motos cl\u00e1sicas.<\/p>\n<p align=\"left\">Estos amortiguadores son ideales para competici\u00f3n en trial de cl\u00e1sicas, al contar con mayor recorrido \u00fatil, doble r\u00f3tula, triple muelle para m\u00e1xima progresividad, precarga ajustable manualmente y con varias opciones de dureza al contar con varias secciones de muelle disponibles.<\/p>\n<p align=\"left\">Adem\u00e1s tambi\u00e9n los muelles se pueden elegir en diferentes colores y grosores para adaptarlos a la decoraci\u00f3n de tu moto.<\/p>\n<p align=\"left\">Los amortiguadores The Magicals est\u00e1n disponibles para todos los modelos de cl\u00e1sicas, en longitudes de 360 a 390 mm. Modelos para Pre-65, Ossa, Bultaco, Montesa, Honda, Fantic, etc. Nuevos modelos disponibles.<\/p>\n<p>&nbsp;<\/p>\n<p>&nbsp;<\/p>\n","protected":false},"excerpt":{"rendered":"<p>Amortiguadores The Magicals Manston<\/p>\n","protected":false},"featured_media":303,"comment_status":"open","ping_status":"closed","template":"","meta":[],"product_brand":[],"product_cat":[15],"product_tag":[],"class_list":{"0":"post-306","1":"product","2":"type-product","3":"status-publish","4":"has-post-thumbnail","6":"product_cat-uncategorized","8":"first","9":"outofstock","10":"taxable","11":"shipping-taxable","12":"purchasable","13":"product-type-simple"},"yoast_head":"<!-- This site is optimized with the Yoast SEO Premium plugin v21.2 (Yoast SEO v27.3) - https:\/\/yoast.com\/product\/yoast-seo-premium-wordpress\/ -->\n<title>Amortiguadores The Magicals Manston - Tienda de todotrial<\/title>\n<meta name=\"robots\" content=\"index, follow, max-snippet:-1, max-image-preview:large, max-video-preview:-1\" \/>\n<link rel=\"canonical\" href=\"https:\/\/todotrial.com\/tienda\/amortiguadores-the-magicals-manston\/\" \/>\n<meta property=\"og:locale\" content=\"es_ES\" \/>\n<meta property=\"og:type\" content=\"article\" \/>\n<meta property=\"og:title\" content=\"Amortiguadores The Magicals Manston\" \/>\n<meta property=\"og:description\" content=\"Amortiguadores The Magicals Manston\" \/>\n<meta property=\"og:url\" content=\"https:\/\/todotrial.com\/tienda\/amortiguadores-the-magicals-manston\/\" \/>\n<meta property=\"og:site_name\" content=\"Tienda de todotrial\" \/>\n<meta property=\"article:modified_time\" content=\"2025-04-01T21:06:56+00:00\" \/>\n<meta property=\"og:image\" content=\"https:\/\/todotrial.com\/tienda\/wp-content\/uploads\/2013\/04\/magicals-manston-honda-p.jpg\" \/>\n\t<meta property=\"og:image:width\" content=\"325\" \/>\n\t<meta property=\"og:image:height\" content=\"92\" \/>\n\t<meta property=\"og:image:type\" content=\"image\/jpeg\" \/>\n<meta name=\"twitter:card\" content=\"summary_large_image\" \/>\n<meta name=\"twitter:label1\" content=\"Tiempo de lectura\" \/>\n\t<meta name=\"twitter:data1\" content=\"1 minuto\" \/>\n<script type=\"application\/ld+json\" class=\"yoast-schema-graph\">{\"@context\":\"https:\\\/\\\/schema.org\",\"@graph\":[{\"@type\":\"WebPage\",\"@id\":\"https:\\\/\\\/todotrial.com\\\/tienda\\\/amortiguadores-the-magicals-manston\\\/\",\"url\":\"https:\\\/\\\/todotrial.com\\\/tienda\\\/amortiguadores-the-magicals-manston\\\/\",\"name\":\"Amortiguadores The Magicals Manston - Tienda de todotrial\",\"isPartOf\":{\"@id\":\"https:\\\/\\\/todotrial.com\\\/tienda\\\/#website\"},\"primaryImageOfPage\":{\"@id\":\"https:\\\/\\\/todotrial.com\\\/tienda\\\/amortiguadores-the-magicals-manston\\\/#primaryimage\"},\"image\":{\"@id\":\"https:\\\/\\\/todotrial.com\\\/tienda\\\/amortiguadores-the-magicals-manston\\\/#primaryimage\"},\"thumbnailUrl\":\"https:\\\/\\\/todotrial.com\\\/tienda\\\/wp-content\\\/uploads\\\/2013\\\/04\\\/magicals-manston-honda-p.jpg\",\"datePublished\":\"2013-04-10T12:27:44+00:00\",\"dateModified\":\"2025-04-01T21:06:56+00:00\",\"breadcrumb\":{\"@id\":\"https:\\\/\\\/todotrial.com\\\/tienda\\\/amortiguadores-the-magicals-manston\\\/#breadcrumb\"},\"inLanguage\":\"es\",\"potentialAction\":[{\"@type\":\"ReadAction\",\"target\":[\"https:\\\/\\\/todotrial.com\\\/tienda\\\/amortiguadores-the-magicals-manston\\\/\"]}]},{\"@type\":\"ImageObject\",\"inLanguage\":\"es\",\"@id\":\"https:\\\/\\\/todotrial.com\\\/tienda\\\/amortiguadores-the-magicals-manston\\\/#primaryimage\",\"url\":\"https:\\\/\\\/todotrial.com\\\/tienda\\\/wp-content\\\/uploads\\\/2013\\\/04\\\/magicals-manston-honda-p.jpg\",\"contentUrl\":\"https:\\\/\\\/todotrial.com\\\/tienda\\\/wp-content\\\/uploads\\\/2013\\\/04\\\/magicals-manston-honda-p.jpg\",\"width\":325,\"height\":92},{\"@type\":\"BreadcrumbList\",\"@id\":\"https:\\\/\\\/todotrial.com\\\/tienda\\\/amortiguadores-the-magicals-manston\\\/#breadcrumb\",\"itemListElement\":[{\"@type\":\"ListItem\",\"position\":1,\"name\":\"Portada\",\"item\":\"https:\\\/\\\/todotrial.com\\\/tienda\\\/\"},{\"@type\":\"ListItem\",\"position\":2,\"name\":\"Shop\",\"item\":\"https:\\\/\\\/todotrial.com\\\/tienda\\\/shop\\\/\"},{\"@type\":\"ListItem\",\"position\":3,\"name\":\"Amortiguadores The Magicals Manston\"}]},{\"@type\":\"WebSite\",\"@id\":\"https:\\\/\\\/todotrial.com\\\/tienda\\\/#website\",\"url\":\"https:\\\/\\\/todotrial.com\\\/tienda\\\/\",\"name\":\"Tienda de todotrial\",\"description\":\"\",\"potentialAction\":[{\"@type\":\"SearchAction\",\"target\":{\"@type\":\"EntryPoint\",\"urlTemplate\":\"https:\\\/\\\/todotrial.com\\\/tienda\\\/?s={search_term_string}\"},\"query-input\":{\"@type\":\"PropertyValueSpecification\",\"valueRequired\":true,\"valueName\":\"search_term_string\"}}],\"inLanguage\":\"es\"}]}<\/script>\n<!-- \/ Yoast SEO Premium plugin. -->","yoast_head_json":{"title":"Amortiguadores The Magicals Manston - Tienda de todotrial","robots":{"index":"index","follow":"follow","max-snippet":"max-snippet:-1","max-image-preview":"max-image-preview:large","max-video-preview":"max-video-preview:-1"},"canonical":"https:\/\/todotrial.com\/tienda\/amortiguadores-the-magicals-manston\/","og_locale":"es_ES","og_type":"article","og_title":"Amortiguadores The Magicals Manston","og_description":"Amortiguadores The Magicals Manston","og_url":"https:\/\/todotrial.com\/tienda\/amortiguadores-the-magicals-manston\/","og_site_name":"Tienda de todotrial","article_modified_time":"2025-04-01T21:06:56+00:00","og_image":[{"width":325,"height":92,"url":"https:\/\/todotrial.com\/tienda\/wp-content\/uploads\/2013\/04\/magicals-manston-honda-p.jpg","type":"image\/jpeg"}],"twitter_card":"summary_large_image","twitter_misc":{"Tiempo de lectura":"1 minuto"},"schema":{"@context":"https:\/\/schema.org","@graph":[{"@type":"WebPage","@id":"https:\/\/todotrial.com\/tienda\/amortiguadores-the-magicals-manston\/","url":"https:\/\/todotrial.com\/tienda\/amortiguadores-the-magicals-manston\/","name":"Amortiguadores The Magicals Manston - Tienda de todotrial","isPartOf":{"@id":"https:\/\/todotrial.com\/tienda\/#website"},"primaryImageOfPage":{"@id":"https:\/\/todotrial.com\/tienda\/amortiguadores-the-magicals-manston\/#primaryimage"},"image":{"@id":"https:\/\/todotrial.com\/tienda\/amortiguadores-the-magicals-manston\/#primaryimage"},"thumbnailUrl":"https:\/\/todotrial.com\/tienda\/wp-content\/uploads\/2013\/04\/magicals-manston-honda-p.jpg","datePublished":"2013-04-10T12:27:44+00:00","dateModified":"2025-04-01T21:06:56+00:00","breadcrumb":{"@id":"https:\/\/todotrial.com\/tienda\/amortiguadores-the-magicals-manston\/#breadcrumb"},"inLanguage":"es","potentialAction":[{"@type":"ReadAction","target":["https:\/\/todotrial.com\/tienda\/amortiguadores-the-magicals-manston\/"]}]},{"@type":"ImageObject","inLanguage":"es","@id":"https:\/\/todotrial.com\/tienda\/amortiguadores-the-magicals-manston\/#primaryimage","url":"https:\/\/todotrial.com\/tienda\/wp-content\/uploads\/2013\/04\/magicals-manston-honda-p.jpg","contentUrl":"https:\/\/todotrial.com\/tienda\/wp-content\/uploads\/2013\/04\/magicals-manston-honda-p.jpg","width":325,"height":92},{"@type":"BreadcrumbList","@id":"https:\/\/todotrial.com\/tienda\/amortiguadores-the-magicals-manston\/#breadcrumb","itemListElement":[{"@type":"ListItem","position":1,"name":"Portada","item":"https:\/\/todotrial.com\/tienda\/"},{"@type":"ListItem","position":2,"name":"Shop","item":"https:\/\/todotrial.com\/tienda\/shop\/"},{"@type":"ListItem","position":3,"name":"Amortiguadores The Magicals Manston"}]},{"@type":"WebSite","@id":"https:\/\/todotrial.com\/tienda\/#website","url":"https:\/\/todotrial.com\/tienda\/","name":"Tienda de todotrial","description":"","potentialAction":[{"@type":"SearchAction","target":{"@type":"EntryPoint","urlTemplate":"https:\/\/todotrial.com\/tienda\/?s={search_term_string}"},"query-input":{"@type":"PropertyValueSpecification","valueRequired":true,"valueName":"search_term_string"}}],"inLanguage":"es"}]}},"_links":{"self":[{"href":"https:\/\/todotrial.com\/tienda\/wp-json\/wp\/v2\/product\/306","targetHints":{"allow":["GET"]}}],"collection":[{"href":"https:\/\/todotrial.com\/tienda\/wp-json\/wp\/v2\/product"}],"about":[{"href":"https:\/\/todotrial.com\/tienda\/wp-json\/wp\/v2\/types\/product"}],"replies":[{"embeddable":true,"href":"https:\/\/todotrial.com\/tienda\/wp-json\/wp\/v2\/comments?post=306"}],"version-history":[{"count":1,"href":"https:\/\/todotrial.com\/tienda\/wp-json\/wp\/v2\/product\/306\/revisions"}],"predecessor-version":[{"id":54887,"href":"https:\/\/todotrial.com\/tienda\/wp-json\/wp\/v2\/product\/306\/revisions\/54887"}],"wp:featuredmedia":[{"embeddable":true,"href":"https:\/\/todotrial.com\/tienda\/wp-json\/wp\/v2\/media\/303"}],"wp:attachment":[{"href":"https:\/\/todotrial.com\/tienda\/wp-json\/wp\/v2\/media?parent=306"}],"wp:term":[{"taxonomy":"product_brand","embeddable":true,"href":"https:\/\/todotrial.com\/tienda\/wp-json\/wp\/v2\/product_brand?post=306"},{"taxonomy":"product_cat","embeddable":true,"href":"https:\/\/todotrial.com\/tienda\/wp-json\/wp\/v2\/product_cat?post=306"},{"taxonomy":"product_tag","embeddable":true,"href":"https:\/\/todotrial.com\/tienda\/wp-json\/wp\/v2\/product_tag?post=306"}],"curies":[{"name":"wp","href":"https:\/\/api.w.org\/{rel}","templated":true}]}}