{"id":30267,"date":"2020-12-16T19:35:16","date_gmt":"2020-12-16T18:35:16","guid":{"rendered":"https:\/\/todotrial.com\/tienda\/product\/import-placeholder-for-1073\/"},"modified":"2025-02-20T14:33:54","modified_gmt":"2025-02-20T13:33:54","slug":"buje-delantero-disco-race-comas","status":"publish","type":"product","link":"https:\/\/todotrial.com\/tienda\/buje-delantero-disco-race-comas\/","title":{"rendered":"Buje Delantero Disco Race COMAS"},"content":{"rendered":"<p><strong>Descripci\u00f3n<\/strong>\u00a0<br \/>&#8211; Buje ultraligero delantero de 100mm para frenos de disco.<br \/>&#8211; Dise\u00f1o exclusivo y minimalista de alt\u00edsima calidad mecanizado en CNC de aluminio 6082-T6 de una sola pieza.<br \/>&#8211; Cuerpo de fabricaci\u00f3n c\u00f3nica para conseguir reducir el peso innecesario al m\u00e1ximo.<br \/>&#8211; Eje hueco y dise\u00f1o c\u00f3ncavo en aluminio 7075-T6 de 10mm de di\u00e1metro con rosca interna M6.<br \/>&#8211; Rodamientos sellados reemplazables que ofrecen funcionamiento suave y eficaz.\u00a0<br \/>&#8211; Soporte para disco IS est\u00e1ndar de 6 agujeros con rosca M5x0.8<br \/>&#8211; Valonas inclinadas para facilitar el posicionamiento de los radios una vez montados en la llanta.<br \/>&#8211; Incluye tornillos M6x25mm y arandelas para asegurar una perfecta sujeci\u00f3n al cuadro.<br \/>&#8211; 28 agujeros de 2.5mm para montar radios tipo J.\u00a0<br \/>&#8211; Espaciadores de 5mm a cada lado.<br \/><strong>Material<\/strong><br \/>-Cuerpo: AL6082-T6<br \/>-Eje: AL7075-T6<br \/><strong>Medida<\/strong><br \/>&#8211; Eje: \u00d89xL110mm<br \/>&#8211; Rosca interna eje: M6x25mm<br \/>&#8211; 28 agujeros de \u00d82.5mm<br \/>&#8211; Valonas \u00d864 y \u00d835mm<br \/><strong>Acabado<\/strong><br \/>&#8211; Anodizado en color negro con logotipos COMAS grabados a l\u00e1ser.<br \/>Peso<br \/>&#8211; 104g (+16g adicionales de los tornillos y arandelas)<\/p>\n","protected":false},"excerpt":{"rendered":"<p><strong>Material:\u00a0Cuerpo: AL6082-T6 y\u00a0Eje: AL7075-T6<\/strong><\/p>\n","protected":false},"featured_media":39809,"comment_status":"open","ping_status":"closed","template":"","meta":[],"product_brand":[],"product_cat":[11375,11474,11376,11374,11443],"product_tag":[],"class_list":{"0":"post-30267","1":"product","2":"type-product","3":"status-publish","4":"has-post-thumbnail","6":"product_cat-bici-trial","7":"product_cat-bujes","8":"product_cat-piezas","9":"product_cat-raiz","10":"product_cat-ruedas","12":"first","13":"instock","14":"taxable","15":"shipping-taxable","16":"product-type-variable"},"yoast_head":"<!-- This site is optimized with the Yoast SEO Premium plugin v21.2 (Yoast SEO v27.3) - https:\/\/yoast.com\/product\/yoast-seo-premium-wordpress\/ -->\n<title>Buje Delantero Disco Race COMAS - Tienda de todotrial<\/title>\n<meta name=\"robots\" content=\"index, follow, max-snippet:-1, max-image-preview:large, max-video-preview:-1\" \/>\n<link rel=\"canonical\" href=\"https:\/\/todotrial.com\/tienda\/buje-delantero-disco-race-comas\/\" \/>\n<meta property=\"og:locale\" content=\"es_ES\" \/>\n<meta property=\"og:type\" content=\"article\" \/>\n<meta property=\"og:title\" content=\"Buje Delantero Disco Race COMAS\" \/>\n<meta property=\"og:description\" content=\"Material:\u00a0Cuerpo: AL6082-T6 y\u00a0Eje: AL7075-T6\" \/>\n<meta property=\"og:url\" content=\"https:\/\/todotrial.com\/tienda\/buje-delantero-disco-race-comas\/\" \/>\n<meta property=\"og:site_name\" content=\"Tienda de todotrial\" \/>\n<meta property=\"article:modified_time\" content=\"2025-02-20T13:33:54+00:00\" \/>\n<meta property=\"og:image\" content=\"https:\/\/todotrial.com\/tienda\/wp-content\/uploads\/2025\/02\/740-1.png\" \/>\n\t<meta property=\"og:image:width\" content=\"800\" \/>\n\t<meta property=\"og:image:height\" content=\"800\" \/>\n\t<meta property=\"og:image:type\" content=\"image\/png\" \/>\n<meta name=\"twitter:card\" content=\"summary_large_image\" \/>\n<meta name=\"twitter:label1\" content=\"Tiempo de lectura\" \/>\n\t<meta name=\"twitter:data1\" content=\"1 minuto\" \/>\n<script type=\"application\/ld+json\" class=\"yoast-schema-graph\">{\"@context\":\"https:\\\/\\\/schema.org\",\"@graph\":[{\"@type\":\"WebPage\",\"@id\":\"https:\\\/\\\/todotrial.com\\\/tienda\\\/buje-delantero-disco-race-comas\\\/\",\"url\":\"https:\\\/\\\/todotrial.com\\\/tienda\\\/buje-delantero-disco-race-comas\\\/\",\"name\":\"Buje Delantero Disco Race COMAS - Tienda de todotrial\",\"isPartOf\":{\"@id\":\"https:\\\/\\\/todotrial.com\\\/tienda\\\/#website\"},\"primaryImageOfPage\":{\"@id\":\"https:\\\/\\\/todotrial.com\\\/tienda\\\/buje-delantero-disco-race-comas\\\/#primaryimage\"},\"image\":{\"@id\":\"https:\\\/\\\/todotrial.com\\\/tienda\\\/buje-delantero-disco-race-comas\\\/#primaryimage\"},\"thumbnailUrl\":\"https:\\\/\\\/todotrial.com\\\/tienda\\\/wp-content\\\/uploads\\\/2025\\\/02\\\/740-1.png\",\"datePublished\":\"2020-12-16T18:35:16+00:00\",\"dateModified\":\"2025-02-20T13:33:54+00:00\",\"breadcrumb\":{\"@id\":\"https:\\\/\\\/todotrial.com\\\/tienda\\\/buje-delantero-disco-race-comas\\\/#breadcrumb\"},\"inLanguage\":\"es\",\"potentialAction\":[{\"@type\":\"ReadAction\",\"target\":[\"https:\\\/\\\/todotrial.com\\\/tienda\\\/buje-delantero-disco-race-comas\\\/\"]}]},{\"@type\":\"ImageObject\",\"inLanguage\":\"es\",\"@id\":\"https:\\\/\\\/todotrial.com\\\/tienda\\\/buje-delantero-disco-race-comas\\\/#primaryimage\",\"url\":\"https:\\\/\\\/todotrial.com\\\/tienda\\\/wp-content\\\/uploads\\\/2025\\\/02\\\/740-1.png\",\"contentUrl\":\"https:\\\/\\\/todotrial.com\\\/tienda\\\/wp-content\\\/uploads\\\/2025\\\/02\\\/740-1.png\",\"width\":800,\"height\":800},{\"@type\":\"BreadcrumbList\",\"@id\":\"https:\\\/\\\/todotrial.com\\\/tienda\\\/buje-delantero-disco-race-comas\\\/#breadcrumb\",\"itemListElement\":[{\"@type\":\"ListItem\",\"position\":1,\"name\":\"Portada\",\"item\":\"https:\\\/\\\/todotrial.com\\\/tienda\\\/\"},{\"@type\":\"ListItem\",\"position\":2,\"name\":\"Shop\",\"item\":\"https:\\\/\\\/todotrial.com\\\/tienda\\\/shop\\\/\"},{\"@type\":\"ListItem\",\"position\":3,\"name\":\"Buje Delantero Disco Race COMAS\"}]},{\"@type\":\"WebSite\",\"@id\":\"https:\\\/\\\/todotrial.com\\\/tienda\\\/#website\",\"url\":\"https:\\\/\\\/todotrial.com\\\/tienda\\\/\",\"name\":\"Tienda de todotrial\",\"description\":\"\",\"potentialAction\":[{\"@type\":\"SearchAction\",\"target\":{\"@type\":\"EntryPoint\",\"urlTemplate\":\"https:\\\/\\\/todotrial.com\\\/tienda\\\/?s={search_term_string}\"},\"query-input\":{\"@type\":\"PropertyValueSpecification\",\"valueRequired\":true,\"valueName\":\"search_term_string\"}}],\"inLanguage\":\"es\"}]}<\/script>\n<!-- \/ Yoast SEO Premium plugin. -->","yoast_head_json":{"title":"Buje Delantero Disco Race COMAS - Tienda de todotrial","robots":{"index":"index","follow":"follow","max-snippet":"max-snippet:-1","max-image-preview":"max-image-preview:large","max-video-preview":"max-video-preview:-1"},"canonical":"https:\/\/todotrial.com\/tienda\/buje-delantero-disco-race-comas\/","og_locale":"es_ES","og_type":"article","og_title":"Buje Delantero Disco Race COMAS","og_description":"Material:\u00a0Cuerpo: AL6082-T6 y\u00a0Eje: AL7075-T6","og_url":"https:\/\/todotrial.com\/tienda\/buje-delantero-disco-race-comas\/","og_site_name":"Tienda de todotrial","article_modified_time":"2025-02-20T13:33:54+00:00","og_image":[{"width":800,"height":800,"url":"https:\/\/todotrial.com\/tienda\/wp-content\/uploads\/2025\/02\/740-1.png","type":"image\/png"}],"twitter_card":"summary_large_image","twitter_misc":{"Tiempo de lectura":"1 minuto"},"schema":{"@context":"https:\/\/schema.org","@graph":[{"@type":"WebPage","@id":"https:\/\/todotrial.com\/tienda\/buje-delantero-disco-race-comas\/","url":"https:\/\/todotrial.com\/tienda\/buje-delantero-disco-race-comas\/","name":"Buje Delantero Disco Race COMAS - Tienda de todotrial","isPartOf":{"@id":"https:\/\/todotrial.com\/tienda\/#website"},"primaryImageOfPage":{"@id":"https:\/\/todotrial.com\/tienda\/buje-delantero-disco-race-comas\/#primaryimage"},"image":{"@id":"https:\/\/todotrial.com\/tienda\/buje-delantero-disco-race-comas\/#primaryimage"},"thumbnailUrl":"https:\/\/todotrial.com\/tienda\/wp-content\/uploads\/2025\/02\/740-1.png","datePublished":"2020-12-16T18:35:16+00:00","dateModified":"2025-02-20T13:33:54+00:00","breadcrumb":{"@id":"https:\/\/todotrial.com\/tienda\/buje-delantero-disco-race-comas\/#breadcrumb"},"inLanguage":"es","potentialAction":[{"@type":"ReadAction","target":["https:\/\/todotrial.com\/tienda\/buje-delantero-disco-race-comas\/"]}]},{"@type":"ImageObject","inLanguage":"es","@id":"https:\/\/todotrial.com\/tienda\/buje-delantero-disco-race-comas\/#primaryimage","url":"https:\/\/todotrial.com\/tienda\/wp-content\/uploads\/2025\/02\/740-1.png","contentUrl":"https:\/\/todotrial.com\/tienda\/wp-content\/uploads\/2025\/02\/740-1.png","width":800,"height":800},{"@type":"BreadcrumbList","@id":"https:\/\/todotrial.com\/tienda\/buje-delantero-disco-race-comas\/#breadcrumb","itemListElement":[{"@type":"ListItem","position":1,"name":"Portada","item":"https:\/\/todotrial.com\/tienda\/"},{"@type":"ListItem","position":2,"name":"Shop","item":"https:\/\/todotrial.com\/tienda\/shop\/"},{"@type":"ListItem","position":3,"name":"Buje Delantero Disco Race COMAS"}]},{"@type":"WebSite","@id":"https:\/\/todotrial.com\/tienda\/#website","url":"https:\/\/todotrial.com\/tienda\/","name":"Tienda de todotrial","description":"","potentialAction":[{"@type":"SearchAction","target":{"@type":"EntryPoint","urlTemplate":"https:\/\/todotrial.com\/tienda\/?s={search_term_string}"},"query-input":{"@type":"PropertyValueSpecification","valueRequired":true,"valueName":"search_term_string"}}],"inLanguage":"es"}]}},"_links":{"self":[{"href":"https:\/\/todotrial.com\/tienda\/wp-json\/wp\/v2\/product\/30267","targetHints":{"allow":["GET"]}}],"collection":[{"href":"https:\/\/todotrial.com\/tienda\/wp-json\/wp\/v2\/product"}],"about":[{"href":"https:\/\/todotrial.com\/tienda\/wp-json\/wp\/v2\/types\/product"}],"replies":[{"embeddable":true,"href":"https:\/\/todotrial.com\/tienda\/wp-json\/wp\/v2\/comments?post=30267"}],"version-history":[{"count":0,"href":"https:\/\/todotrial.com\/tienda\/wp-json\/wp\/v2\/product\/30267\/revisions"}],"wp:featuredmedia":[{"embeddable":true,"href":"https:\/\/todotrial.com\/tienda\/wp-json\/wp\/v2\/media\/39809"}],"wp:attachment":[{"href":"https:\/\/todotrial.com\/tienda\/wp-json\/wp\/v2\/media?parent=30267"}],"wp:term":[{"taxonomy":"product_brand","embeddable":true,"href":"https:\/\/todotrial.com\/tienda\/wp-json\/wp\/v2\/product_brand?post=30267"},{"taxonomy":"product_cat","embeddable":true,"href":"https:\/\/todotrial.com\/tienda\/wp-json\/wp\/v2\/product_cat?post=30267"},{"taxonomy":"product_tag","embeddable":true,"href":"https:\/\/todotrial.com\/tienda\/wp-json\/wp\/v2\/product_tag?post=30267"}],"curies":[{"name":"wp","href":"https:\/\/api.w.org\/{rel}","templated":true}]}}