{"id":29913,"date":"2020-12-16T19:21:46","date_gmt":"2020-12-16T18:21:46","guid":{"rendered":"https:\/\/todotrial.com\/tienda\/product\/import-placeholder-for-759\/"},"modified":"2025-02-20T14:32:32","modified_gmt":"2025-02-20T13:32:32","slug":"neumatico-innova-18x2-20","status":"publish","type":"product","link":"https:\/\/todotrial.com\/tienda\/neumatico-innova-18x2-20\/","title":{"rendered":"Neumatico INNOVA 18&#8243;x2.20"},"content":{"rendered":"<p><strong>Descripci\u00f3n<\/strong><br \/>\n&#8211; Neum\u00e1tico INNOVA 18\u201dx2.20 espec\u00edfico para trial, ideal para los riders m\u00e1s peque\u00f1os.<br \/>\n&#8211; Dise\u00f1o de tacos cuadrados en la parte central y rectangulares en los laterales para obtener un buen agarre.<br \/>\n&#8211; Compuesto de goma blando y ligero que asegura un agarre \u00f3ptimo y rebote estable.<br \/>\n&#8211; Aro interno para fijar con seguridad el neum\u00e1tico.<br \/>\n&#8211; Dise\u00f1o sim\u00e9trico que permite utilizarlo en cualquier sentido de rotaci\u00f3n y delante o detr\u00e1s.<br \/>\n<strong>Medidas<\/strong><br \/>\n&#8211; Di\u00e1metro: ISO355mm (18\u201d)<br \/>\n&#8211; Anchura: 2.20<br \/>\n<strong>Acabados<\/strong><br \/>\n&#8211; Color Negro<br \/>\n<strong>Peso<\/strong><br \/>\n&#8211; 680g (+\/- 20g)<\/p>\n","protected":false},"excerpt":{"rendered":"<p><strong>Medida:\u00a018\u201dx2.20<\/strong><\/p>\n","protected":false},"featured_media":39763,"comment_status":"open","ping_status":"closed","template":"","meta":[],"product_brand":[],"product_cat":[11375,11447,11374,11443],"product_tag":[],"class_list":{"0":"post-29913","1":"product","2":"type-product","3":"status-publish","4":"has-post-thumbnail","6":"product_cat-bici-trial","7":"product_cat-neumaticos","8":"product_cat-raiz","9":"product_cat-ruedas","11":"first","12":"instock","13":"taxable","14":"shipping-taxable","15":"product-type-variable"},"yoast_head":"<!-- This site is optimized with the Yoast SEO Premium plugin v21.2 (Yoast SEO v27.4) - https:\/\/yoast.com\/product\/yoast-seo-premium-wordpress\/ -->\n<title>Neumatico INNOVA 18&quot;x2.20 - Tienda de todotrial<\/title>\n<meta name=\"robots\" content=\"index, follow, max-snippet:-1, max-image-preview:large, max-video-preview:-1\" \/>\n<link rel=\"canonical\" href=\"https:\/\/todotrial.com\/tienda\/neumatico-innova-18x2-20\/\" \/>\n<meta property=\"og:locale\" content=\"es_ES\" \/>\n<meta property=\"og:type\" content=\"article\" \/>\n<meta property=\"og:title\" content=\"Neumatico INNOVA 18&quot;x2.20\" \/>\n<meta property=\"og:description\" content=\"Medida:\u00a018\u201dx2.20\" \/>\n<meta property=\"og:url\" content=\"https:\/\/todotrial.com\/tienda\/neumatico-innova-18x2-20\/\" \/>\n<meta property=\"og:site_name\" content=\"Tienda de todotrial\" \/>\n<meta property=\"article:modified_time\" content=\"2025-02-20T13:32:32+00:00\" \/>\n<meta property=\"og:image\" content=\"https:\/\/todotrial.com\/tienda\/wp-content\/uploads\/2025\/02\/529-1.png\" \/>\n\t<meta property=\"og:image:width\" content=\"800\" \/>\n\t<meta property=\"og:image:height\" content=\"800\" \/>\n\t<meta property=\"og:image:type\" content=\"image\/png\" \/>\n<meta name=\"twitter:card\" content=\"summary_large_image\" \/>\n<meta name=\"twitter:label1\" content=\"Tiempo de lectura\" \/>\n\t<meta name=\"twitter:data1\" content=\"1 minuto\" \/>\n<script type=\"application\/ld+json\" class=\"yoast-schema-graph\">{\"@context\":\"https:\\\/\\\/schema.org\",\"@graph\":[{\"@type\":\"WebPage\",\"@id\":\"https:\\\/\\\/todotrial.com\\\/tienda\\\/neumatico-innova-18x2-20\\\/\",\"url\":\"https:\\\/\\\/todotrial.com\\\/tienda\\\/neumatico-innova-18x2-20\\\/\",\"name\":\"Neumatico INNOVA 18\\\"x2.20 - Tienda de todotrial\",\"isPartOf\":{\"@id\":\"https:\\\/\\\/todotrial.com\\\/tienda\\\/#website\"},\"primaryImageOfPage\":{\"@id\":\"https:\\\/\\\/todotrial.com\\\/tienda\\\/neumatico-innova-18x2-20\\\/#primaryimage\"},\"image\":{\"@id\":\"https:\\\/\\\/todotrial.com\\\/tienda\\\/neumatico-innova-18x2-20\\\/#primaryimage\"},\"thumbnailUrl\":\"https:\\\/\\\/todotrial.com\\\/tienda\\\/wp-content\\\/uploads\\\/2025\\\/02\\\/529-1.png\",\"datePublished\":\"2020-12-16T18:21:46+00:00\",\"dateModified\":\"2025-02-20T13:32:32+00:00\",\"breadcrumb\":{\"@id\":\"https:\\\/\\\/todotrial.com\\\/tienda\\\/neumatico-innova-18x2-20\\\/#breadcrumb\"},\"inLanguage\":\"es\",\"potentialAction\":[{\"@type\":\"ReadAction\",\"target\":[\"https:\\\/\\\/todotrial.com\\\/tienda\\\/neumatico-innova-18x2-20\\\/\"]}]},{\"@type\":\"ImageObject\",\"inLanguage\":\"es\",\"@id\":\"https:\\\/\\\/todotrial.com\\\/tienda\\\/neumatico-innova-18x2-20\\\/#primaryimage\",\"url\":\"https:\\\/\\\/todotrial.com\\\/tienda\\\/wp-content\\\/uploads\\\/2025\\\/02\\\/529-1.png\",\"contentUrl\":\"https:\\\/\\\/todotrial.com\\\/tienda\\\/wp-content\\\/uploads\\\/2025\\\/02\\\/529-1.png\",\"width\":800,\"height\":800},{\"@type\":\"BreadcrumbList\",\"@id\":\"https:\\\/\\\/todotrial.com\\\/tienda\\\/neumatico-innova-18x2-20\\\/#breadcrumb\",\"itemListElement\":[{\"@type\":\"ListItem\",\"position\":1,\"name\":\"Portada\",\"item\":\"https:\\\/\\\/todotrial.com\\\/tienda\\\/\"},{\"@type\":\"ListItem\",\"position\":2,\"name\":\"Shop\",\"item\":\"https:\\\/\\\/todotrial.com\\\/tienda\\\/shop\\\/\"},{\"@type\":\"ListItem\",\"position\":3,\"name\":\"Neumatico INNOVA 18&#8243;x2.20\"}]},{\"@type\":\"WebSite\",\"@id\":\"https:\\\/\\\/todotrial.com\\\/tienda\\\/#website\",\"url\":\"https:\\\/\\\/todotrial.com\\\/tienda\\\/\",\"name\":\"Tienda de todotrial\",\"description\":\"\",\"potentialAction\":[{\"@type\":\"SearchAction\",\"target\":{\"@type\":\"EntryPoint\",\"urlTemplate\":\"https:\\\/\\\/todotrial.com\\\/tienda\\\/?s={search_term_string}\"},\"query-input\":{\"@type\":\"PropertyValueSpecification\",\"valueRequired\":true,\"valueName\":\"search_term_string\"}}],\"inLanguage\":\"es\"}]}<\/script>\n<!-- \/ Yoast SEO Premium plugin. -->","yoast_head_json":{"title":"Neumatico INNOVA 18\"x2.20 - Tienda de todotrial","robots":{"index":"index","follow":"follow","max-snippet":"max-snippet:-1","max-image-preview":"max-image-preview:large","max-video-preview":"max-video-preview:-1"},"canonical":"https:\/\/todotrial.com\/tienda\/neumatico-innova-18x2-20\/","og_locale":"es_ES","og_type":"article","og_title":"Neumatico INNOVA 18\"x2.20","og_description":"Medida:\u00a018\u201dx2.20","og_url":"https:\/\/todotrial.com\/tienda\/neumatico-innova-18x2-20\/","og_site_name":"Tienda de todotrial","article_modified_time":"2025-02-20T13:32:32+00:00","og_image":[{"width":800,"height":800,"url":"https:\/\/todotrial.com\/tienda\/wp-content\/uploads\/2025\/02\/529-1.png","type":"image\/png"}],"twitter_card":"summary_large_image","twitter_misc":{"Tiempo de lectura":"1 minuto"},"schema":{"@context":"https:\/\/schema.org","@graph":[{"@type":"WebPage","@id":"https:\/\/todotrial.com\/tienda\/neumatico-innova-18x2-20\/","url":"https:\/\/todotrial.com\/tienda\/neumatico-innova-18x2-20\/","name":"Neumatico INNOVA 18\"x2.20 - Tienda de todotrial","isPartOf":{"@id":"https:\/\/todotrial.com\/tienda\/#website"},"primaryImageOfPage":{"@id":"https:\/\/todotrial.com\/tienda\/neumatico-innova-18x2-20\/#primaryimage"},"image":{"@id":"https:\/\/todotrial.com\/tienda\/neumatico-innova-18x2-20\/#primaryimage"},"thumbnailUrl":"https:\/\/todotrial.com\/tienda\/wp-content\/uploads\/2025\/02\/529-1.png","datePublished":"2020-12-16T18:21:46+00:00","dateModified":"2025-02-20T13:32:32+00:00","breadcrumb":{"@id":"https:\/\/todotrial.com\/tienda\/neumatico-innova-18x2-20\/#breadcrumb"},"inLanguage":"es","potentialAction":[{"@type":"ReadAction","target":["https:\/\/todotrial.com\/tienda\/neumatico-innova-18x2-20\/"]}]},{"@type":"ImageObject","inLanguage":"es","@id":"https:\/\/todotrial.com\/tienda\/neumatico-innova-18x2-20\/#primaryimage","url":"https:\/\/todotrial.com\/tienda\/wp-content\/uploads\/2025\/02\/529-1.png","contentUrl":"https:\/\/todotrial.com\/tienda\/wp-content\/uploads\/2025\/02\/529-1.png","width":800,"height":800},{"@type":"BreadcrumbList","@id":"https:\/\/todotrial.com\/tienda\/neumatico-innova-18x2-20\/#breadcrumb","itemListElement":[{"@type":"ListItem","position":1,"name":"Portada","item":"https:\/\/todotrial.com\/tienda\/"},{"@type":"ListItem","position":2,"name":"Shop","item":"https:\/\/todotrial.com\/tienda\/shop\/"},{"@type":"ListItem","position":3,"name":"Neumatico INNOVA 18&#8243;x2.20"}]},{"@type":"WebSite","@id":"https:\/\/todotrial.com\/tienda\/#website","url":"https:\/\/todotrial.com\/tienda\/","name":"Tienda de todotrial","description":"","potentialAction":[{"@type":"SearchAction","target":{"@type":"EntryPoint","urlTemplate":"https:\/\/todotrial.com\/tienda\/?s={search_term_string}"},"query-input":{"@type":"PropertyValueSpecification","valueRequired":true,"valueName":"search_term_string"}}],"inLanguage":"es"}]}},"_links":{"self":[{"href":"https:\/\/todotrial.com\/tienda\/wp-json\/wp\/v2\/product\/29913","targetHints":{"allow":["GET"]}}],"collection":[{"href":"https:\/\/todotrial.com\/tienda\/wp-json\/wp\/v2\/product"}],"about":[{"href":"https:\/\/todotrial.com\/tienda\/wp-json\/wp\/v2\/types\/product"}],"replies":[{"embeddable":true,"href":"https:\/\/todotrial.com\/tienda\/wp-json\/wp\/v2\/comments?post=29913"}],"version-history":[{"count":0,"href":"https:\/\/todotrial.com\/tienda\/wp-json\/wp\/v2\/product\/29913\/revisions"}],"wp:featuredmedia":[{"embeddable":true,"href":"https:\/\/todotrial.com\/tienda\/wp-json\/wp\/v2\/media\/39763"}],"wp:attachment":[{"href":"https:\/\/todotrial.com\/tienda\/wp-json\/wp\/v2\/media?parent=29913"}],"wp:term":[{"taxonomy":"product_brand","embeddable":true,"href":"https:\/\/todotrial.com\/tienda\/wp-json\/wp\/v2\/product_brand?post=29913"},{"taxonomy":"product_cat","embeddable":true,"href":"https:\/\/todotrial.com\/tienda\/wp-json\/wp\/v2\/product_cat?post=29913"},{"taxonomy":"product_tag","embeddable":true,"href":"https:\/\/todotrial.com\/tienda\/wp-json\/wp\/v2\/product_tag?post=29913"}],"curies":[{"name":"wp","href":"https:\/\/api.w.org\/{rel}","templated":true}]}}