{"id":29703,"date":"2020-12-16T19:13:59","date_gmt":"2020-12-16T18:13:59","guid":{"rendered":"https:\/\/todotrial.com\/tienda\/product\/import-placeholder-for-612\/"},"modified":"2020-12-16T19:17:11","modified_gmt":"2020-12-16T18:17:11","slug":"palanca-cambio-gas-gas-02-19-comas","status":"publish","type":"product","link":"https:\/\/todotrial.com\/tienda\/palanca-cambio-gas-gas-02-19-comas\/","title":{"rendered":"Palanca Cambio GAS GAS 02-19 COMAS"},"content":{"rendered":"<h2>Palanca de cambio Gas Gas para moto de trial<\/h2>\n<h3><strong>Descripci\u00f3n<\/strong><\/h3>\n<ul>\n<li>Construcci\u00f3n en aluminio forjado de alta calidad<\/li>\n<li>Sistema de resorte para evitar la rotura con peque\u00f1os golpes<\/li>\n<li>Punta de aluminio mecanizada CNC y moleteada para un mejor agarre y control \u00f3ptimos<\/li>\n<li>Suministrado con tornillo hexagonal para una instalaci\u00f3n f\u00e1cil<\/li>\n<li>El aluminio tiene la ventaja de ser m\u00e1s duradero y d\u00factil en caso de un peque\u00f1o impacto.<\/li>\n<li>Compatible para GasGas Pro\/Racing\/Raga\/Factory 02-18<\/li>\n<\/ul>\n<h3><strong>Material<\/strong><\/h3>\n<ul>\n<li>Cuerpo: Aluminio forjado<\/li>\n<li>Punta: Aluminio mecanizado CNC<\/li>\n<\/ul>\n<h3><strong>Medida<\/strong><\/h3>\n<ul>\n<li>60mm<\/li>\n<\/ul>\n<h3><strong>Acabado<\/strong><\/h3>\n<ul>\n<li>Satinado en color Negro-Rojo \/ Rojo-Negro \/ Gris-Negro con logotipos COMAS grabados a l\u00e1ser<\/li>\n<\/ul>\n<h3><strong>Peso<\/strong><\/h3>\n<ul>\n<li>95g<\/li>\n<\/ul>\n","protected":false},"excerpt":{"rendered":"<p>Para:\u00a0<strong>Gas Gas Pro\/Racing\/Raga\/Factory 02-18<\/strong><\/p>\n","protected":false},"featured_media":29767,"comment_status":"open","ping_status":"closed","template":"","meta":[],"product_brand":[],"product_cat":[11384,11436,11385,11374,11435],"product_tag":[],"class_list":{"0":"post-29703","1":"product","2":"type-product","3":"status-publish","4":"has-post-thumbnail","6":"product_cat-moto","7":"product_cat-palancas-de-cambio","8":"product_cat-piezas-moto","9":"product_cat-raiz","10":"product_cat-transmision-piezas-moto","11":"pa_color-negro","12":"pa_color-plata","13":"pa_color-rojo","15":"first","16":"instock","17":"taxable","18":"shipping-taxable","19":"purchasable","20":"product-type-variable","21":"has-default-attributes"},"yoast_head":"<!-- This site is optimized with the Yoast SEO Premium plugin v21.2 (Yoast SEO v27.3) - https:\/\/yoast.com\/product\/yoast-seo-premium-wordpress\/ -->\n<title>Palanca Cambio GAS GAS 02-19 COMAS - Tienda de todotrial<\/title>\n<meta name=\"robots\" content=\"index, follow, max-snippet:-1, max-image-preview:large, max-video-preview:-1\" \/>\n<link rel=\"canonical\" href=\"https:\/\/todotrial.com\/tienda\/palanca-cambio-gas-gas-02-19-comas\/\" \/>\n<meta property=\"og:locale\" content=\"es_ES\" \/>\n<meta property=\"og:type\" content=\"article\" \/>\n<meta property=\"og:title\" content=\"Palanca Cambio GAS GAS 02-19 COMAS\" \/>\n<meta property=\"og:description\" content=\"Para:\u00a0Gas Gas Pro\/Racing\/Raga\/Factory 02-18\" \/>\n<meta property=\"og:url\" content=\"https:\/\/todotrial.com\/tienda\/palanca-cambio-gas-gas-02-19-comas\/\" \/>\n<meta property=\"og:site_name\" content=\"Tienda de todotrial\" \/>\n<meta property=\"article:modified_time\" content=\"2020-12-16T18:17:11+00:00\" \/>\n<meta property=\"og:image\" content=\"https:\/\/todotrial.com\/tienda\/wp-content\/uploads\/2020\/12\/411-Palanca-Cambio-GAS-GAS-02-19-COMAS-1.png\" \/>\n\t<meta property=\"og:image:width\" content=\"800\" \/>\n\t<meta property=\"og:image:height\" content=\"800\" \/>\n\t<meta property=\"og:image:type\" content=\"image\/png\" \/>\n<meta name=\"twitter:card\" content=\"summary_large_image\" \/>\n<meta name=\"twitter:label1\" content=\"Tiempo de lectura\" \/>\n\t<meta name=\"twitter:data1\" content=\"1 minuto\" \/>\n<script type=\"application\/ld+json\" class=\"yoast-schema-graph\">{\"@context\":\"https:\\\/\\\/schema.org\",\"@graph\":[{\"@type\":\"WebPage\",\"@id\":\"https:\\\/\\\/todotrial.com\\\/tienda\\\/palanca-cambio-gas-gas-02-19-comas\\\/\",\"url\":\"https:\\\/\\\/todotrial.com\\\/tienda\\\/palanca-cambio-gas-gas-02-19-comas\\\/\",\"name\":\"Palanca Cambio GAS GAS 02-19 COMAS - Tienda de todotrial\",\"isPartOf\":{\"@id\":\"https:\\\/\\\/todotrial.com\\\/tienda\\\/#website\"},\"primaryImageOfPage\":{\"@id\":\"https:\\\/\\\/todotrial.com\\\/tienda\\\/palanca-cambio-gas-gas-02-19-comas\\\/#primaryimage\"},\"image\":{\"@id\":\"https:\\\/\\\/todotrial.com\\\/tienda\\\/palanca-cambio-gas-gas-02-19-comas\\\/#primaryimage\"},\"thumbnailUrl\":\"https:\\\/\\\/todotrial.com\\\/tienda\\\/wp-content\\\/uploads\\\/2020\\\/12\\\/411-Palanca-Cambio-GAS-GAS-02-19-COMAS-1.png\",\"datePublished\":\"2020-12-16T18:13:59+00:00\",\"dateModified\":\"2020-12-16T18:17:11+00:00\",\"breadcrumb\":{\"@id\":\"https:\\\/\\\/todotrial.com\\\/tienda\\\/palanca-cambio-gas-gas-02-19-comas\\\/#breadcrumb\"},\"inLanguage\":\"es\",\"potentialAction\":[{\"@type\":\"ReadAction\",\"target\":[\"https:\\\/\\\/todotrial.com\\\/tienda\\\/palanca-cambio-gas-gas-02-19-comas\\\/\"]}]},{\"@type\":\"ImageObject\",\"inLanguage\":\"es\",\"@id\":\"https:\\\/\\\/todotrial.com\\\/tienda\\\/palanca-cambio-gas-gas-02-19-comas\\\/#primaryimage\",\"url\":\"https:\\\/\\\/todotrial.com\\\/tienda\\\/wp-content\\\/uploads\\\/2020\\\/12\\\/411-Palanca-Cambio-GAS-GAS-02-19-COMAS-1.png\",\"contentUrl\":\"https:\\\/\\\/todotrial.com\\\/tienda\\\/wp-content\\\/uploads\\\/2020\\\/12\\\/411-Palanca-Cambio-GAS-GAS-02-19-COMAS-1.png\",\"width\":800,\"height\":800},{\"@type\":\"BreadcrumbList\",\"@id\":\"https:\\\/\\\/todotrial.com\\\/tienda\\\/palanca-cambio-gas-gas-02-19-comas\\\/#breadcrumb\",\"itemListElement\":[{\"@type\":\"ListItem\",\"position\":1,\"name\":\"Portada\",\"item\":\"https:\\\/\\\/todotrial.com\\\/tienda\\\/\"},{\"@type\":\"ListItem\",\"position\":2,\"name\":\"Shop\",\"item\":\"https:\\\/\\\/todotrial.com\\\/tienda\\\/shop\\\/\"},{\"@type\":\"ListItem\",\"position\":3,\"name\":\"Palanca Cambio GAS GAS 02-19 COMAS\"}]},{\"@type\":\"WebSite\",\"@id\":\"https:\\\/\\\/todotrial.com\\\/tienda\\\/#website\",\"url\":\"https:\\\/\\\/todotrial.com\\\/tienda\\\/\",\"name\":\"Tienda de todotrial\",\"description\":\"\",\"potentialAction\":[{\"@type\":\"SearchAction\",\"target\":{\"@type\":\"EntryPoint\",\"urlTemplate\":\"https:\\\/\\\/todotrial.com\\\/tienda\\\/?s={search_term_string}\"},\"query-input\":{\"@type\":\"PropertyValueSpecification\",\"valueRequired\":true,\"valueName\":\"search_term_string\"}}],\"inLanguage\":\"es\"}]}<\/script>\n<!-- \/ Yoast SEO Premium plugin. -->","yoast_head_json":{"title":"Palanca Cambio GAS GAS 02-19 COMAS - Tienda de todotrial","robots":{"index":"index","follow":"follow","max-snippet":"max-snippet:-1","max-image-preview":"max-image-preview:large","max-video-preview":"max-video-preview:-1"},"canonical":"https:\/\/todotrial.com\/tienda\/palanca-cambio-gas-gas-02-19-comas\/","og_locale":"es_ES","og_type":"article","og_title":"Palanca Cambio GAS GAS 02-19 COMAS","og_description":"Para:\u00a0Gas Gas Pro\/Racing\/Raga\/Factory 02-18","og_url":"https:\/\/todotrial.com\/tienda\/palanca-cambio-gas-gas-02-19-comas\/","og_site_name":"Tienda de todotrial","article_modified_time":"2020-12-16T18:17:11+00:00","og_image":[{"width":800,"height":800,"url":"https:\/\/todotrial.com\/tienda\/wp-content\/uploads\/2020\/12\/411-Palanca-Cambio-GAS-GAS-02-19-COMAS-1.png","type":"image\/png"}],"twitter_card":"summary_large_image","twitter_misc":{"Tiempo de lectura":"1 minuto"},"schema":{"@context":"https:\/\/schema.org","@graph":[{"@type":"WebPage","@id":"https:\/\/todotrial.com\/tienda\/palanca-cambio-gas-gas-02-19-comas\/","url":"https:\/\/todotrial.com\/tienda\/palanca-cambio-gas-gas-02-19-comas\/","name":"Palanca Cambio GAS GAS 02-19 COMAS - Tienda de todotrial","isPartOf":{"@id":"https:\/\/todotrial.com\/tienda\/#website"},"primaryImageOfPage":{"@id":"https:\/\/todotrial.com\/tienda\/palanca-cambio-gas-gas-02-19-comas\/#primaryimage"},"image":{"@id":"https:\/\/todotrial.com\/tienda\/palanca-cambio-gas-gas-02-19-comas\/#primaryimage"},"thumbnailUrl":"https:\/\/todotrial.com\/tienda\/wp-content\/uploads\/2020\/12\/411-Palanca-Cambio-GAS-GAS-02-19-COMAS-1.png","datePublished":"2020-12-16T18:13:59+00:00","dateModified":"2020-12-16T18:17:11+00:00","breadcrumb":{"@id":"https:\/\/todotrial.com\/tienda\/palanca-cambio-gas-gas-02-19-comas\/#breadcrumb"},"inLanguage":"es","potentialAction":[{"@type":"ReadAction","target":["https:\/\/todotrial.com\/tienda\/palanca-cambio-gas-gas-02-19-comas\/"]}]},{"@type":"ImageObject","inLanguage":"es","@id":"https:\/\/todotrial.com\/tienda\/palanca-cambio-gas-gas-02-19-comas\/#primaryimage","url":"https:\/\/todotrial.com\/tienda\/wp-content\/uploads\/2020\/12\/411-Palanca-Cambio-GAS-GAS-02-19-COMAS-1.png","contentUrl":"https:\/\/todotrial.com\/tienda\/wp-content\/uploads\/2020\/12\/411-Palanca-Cambio-GAS-GAS-02-19-COMAS-1.png","width":800,"height":800},{"@type":"BreadcrumbList","@id":"https:\/\/todotrial.com\/tienda\/palanca-cambio-gas-gas-02-19-comas\/#breadcrumb","itemListElement":[{"@type":"ListItem","position":1,"name":"Portada","item":"https:\/\/todotrial.com\/tienda\/"},{"@type":"ListItem","position":2,"name":"Shop","item":"https:\/\/todotrial.com\/tienda\/shop\/"},{"@type":"ListItem","position":3,"name":"Palanca Cambio GAS GAS 02-19 COMAS"}]},{"@type":"WebSite","@id":"https:\/\/todotrial.com\/tienda\/#website","url":"https:\/\/todotrial.com\/tienda\/","name":"Tienda de todotrial","description":"","potentialAction":[{"@type":"SearchAction","target":{"@type":"EntryPoint","urlTemplate":"https:\/\/todotrial.com\/tienda\/?s={search_term_string}"},"query-input":{"@type":"PropertyValueSpecification","valueRequired":true,"valueName":"search_term_string"}}],"inLanguage":"es"}]}},"_links":{"self":[{"href":"https:\/\/todotrial.com\/tienda\/wp-json\/wp\/v2\/product\/29703","targetHints":{"allow":["GET"]}}],"collection":[{"href":"https:\/\/todotrial.com\/tienda\/wp-json\/wp\/v2\/product"}],"about":[{"href":"https:\/\/todotrial.com\/tienda\/wp-json\/wp\/v2\/types\/product"}],"replies":[{"embeddable":true,"href":"https:\/\/todotrial.com\/tienda\/wp-json\/wp\/v2\/comments?post=29703"}],"version-history":[{"count":0,"href":"https:\/\/todotrial.com\/tienda\/wp-json\/wp\/v2\/product\/29703\/revisions"}],"wp:featuredmedia":[{"embeddable":true,"href":"https:\/\/todotrial.com\/tienda\/wp-json\/wp\/v2\/media\/29767"}],"wp:attachment":[{"href":"https:\/\/todotrial.com\/tienda\/wp-json\/wp\/v2\/media?parent=29703"}],"wp:term":[{"taxonomy":"product_brand","embeddable":true,"href":"https:\/\/todotrial.com\/tienda\/wp-json\/wp\/v2\/product_brand?post=29703"},{"taxonomy":"product_cat","embeddable":true,"href":"https:\/\/todotrial.com\/tienda\/wp-json\/wp\/v2\/product_cat?post=29703"},{"taxonomy":"product_tag","embeddable":true,"href":"https:\/\/todotrial.com\/tienda\/wp-json\/wp\/v2\/product_tag?post=29703"}],"curies":[{"name":"wp","href":"https:\/\/api.w.org\/{rel}","templated":true}]}}