{"id":29390,"date":"2020-12-16T19:02:31","date_gmt":"2020-12-16T18:02:31","guid":{"rendered":"https:\/\/todotrial.com\/tienda\/product\/import-placeholder-for-340\/"},"modified":"2025-02-18T08:44:11","modified_gmt":"2025-02-18T07:44:11","slug":"palanca-freno-race-beta-05-19-comas","status":"publish","type":"product","link":"https:\/\/todotrial.com\/tienda\/palanca-freno-race-beta-05-19-comas\/","title":{"rendered":"Palanca Freno Race Beta 05-19 COMAS"},"content":{"rendered":"<p><strong>Descripci\u00f3n<\/strong><br \/>&#8211; Pedal de freno COMAS Race para Beta Trial en construcci\u00f3n de aluminio mecanizado CNC y forjado de alta calidad.<br \/>&#8211; Nueva posici\u00f3n retrasada de la punta para obtener un mejor control de frenado.<br \/>&#8211; Punta de aluminio mecanizada con micro-puntas para maximizar la estabilidad y el agarre.<br \/>&#8211; Amplia base de apoyo para un dominio \u00f3ptimo del freno trasero.<br \/>&#8211; Incluye tornillos ajuste de altura y tensado de bomba.<br \/>&#8211; Giro suave de la palanca por rodamiento sellado de agujas 2RS.<br \/>&#8211; Sistema de resorte para evitar la rotura con peque\u00f1os golpes.<br \/>&#8211; El aluminio tiene la ventaja de ser m\u00e1s duradero y d\u00factil en caso de un peque\u00f1o impacto.<br \/>&#8211; Compatible para Beta Rev\/Evo 2T 05-19<br \/><strong>Material<\/strong><br \/>&#8211; Cuerpo: Aluminio forjado<br \/>&#8211; Punta: Aluminio mecanizado CNC<br \/><strong>Medida<\/strong><br \/>&#8211; Base de apoyo: 32x34x11mm<br \/>&#8211; Longitud: 90mm<br \/>&#8211; Ancho total: 75mm<br \/><strong>Acabado<\/strong><br \/>&#8211; Color Negro-Rojo \u00f3 Gris-Negro con logotipos COMAS grabados a l\u00e1ser<br \/><strong>Peso<\/strong><br \/>&#8211; 133g<\/p><\/p>\n","protected":false},"excerpt":{"rendered":"<p>Para <strong>Beta Rev\/Evo 2T 05-19<\/strong><\/p>\n","protected":false},"featured_media":39698,"comment_status":"open","ping_status":"closed","template":"","meta":[],"product_brand":[],"product_cat":[11412,11384,11413,11385,11374],"product_tag":[],"class_list":{"0":"post-29390","1":"product","2":"type-product","3":"status-publish","4":"has-post-thumbnail","6":"product_cat-frenos-piezas-moto","7":"product_cat-moto","8":"product_cat-palancas-de-freno","9":"product_cat-piezas-moto","10":"product_cat-raiz","11":"pa_color-plata","12":"pa_color-rojo","14":"first","15":"instock","16":"taxable","17":"shipping-taxable","18":"purchasable","19":"product-type-variable","20":"has-default-attributes"},"yoast_head":"<!-- This site is optimized with the Yoast SEO Premium plugin v21.2 (Yoast SEO v27.3) - https:\/\/yoast.com\/product\/yoast-seo-premium-wordpress\/ -->\n<title>Palanca Freno Race Beta 05-19 COMAS - Tienda de todotrial<\/title>\n<meta name=\"robots\" content=\"index, follow, max-snippet:-1, max-image-preview:large, max-video-preview:-1\" \/>\n<link rel=\"canonical\" href=\"https:\/\/todotrial.com\/tienda\/palanca-freno-race-beta-05-19-comas\/\" \/>\n<meta property=\"og:locale\" content=\"es_ES\" \/>\n<meta property=\"og:type\" content=\"article\" \/>\n<meta property=\"og:title\" content=\"Palanca Freno Race Beta 05-19 COMAS\" \/>\n<meta property=\"og:description\" content=\"Para Beta Rev\/Evo 2T 05-19\" \/>\n<meta property=\"og:url\" content=\"https:\/\/todotrial.com\/tienda\/palanca-freno-race-beta-05-19-comas\/\" \/>\n<meta property=\"og:site_name\" content=\"Tienda de todotrial\" \/>\n<meta property=\"article:modified_time\" content=\"2025-02-18T07:44:11+00:00\" \/>\n<meta property=\"og:image\" content=\"https:\/\/todotrial.com\/tienda\/wp-content\/uploads\/2025\/02\/242-1.png\" \/>\n\t<meta property=\"og:image:width\" content=\"800\" \/>\n\t<meta property=\"og:image:height\" content=\"800\" \/>\n\t<meta property=\"og:image:type\" content=\"image\/png\" \/>\n<meta name=\"twitter:card\" content=\"summary_large_image\" \/>\n<meta name=\"twitter:label1\" content=\"Tiempo de lectura\" \/>\n\t<meta name=\"twitter:data1\" content=\"1 minuto\" \/>\n<script type=\"application\/ld+json\" class=\"yoast-schema-graph\">{\"@context\":\"https:\\\/\\\/schema.org\",\"@graph\":[{\"@type\":\"WebPage\",\"@id\":\"https:\\\/\\\/todotrial.com\\\/tienda\\\/palanca-freno-race-beta-05-19-comas\\\/\",\"url\":\"https:\\\/\\\/todotrial.com\\\/tienda\\\/palanca-freno-race-beta-05-19-comas\\\/\",\"name\":\"Palanca Freno Race Beta 05-19 COMAS - Tienda de todotrial\",\"isPartOf\":{\"@id\":\"https:\\\/\\\/todotrial.com\\\/tienda\\\/#website\"},\"primaryImageOfPage\":{\"@id\":\"https:\\\/\\\/todotrial.com\\\/tienda\\\/palanca-freno-race-beta-05-19-comas\\\/#primaryimage\"},\"image\":{\"@id\":\"https:\\\/\\\/todotrial.com\\\/tienda\\\/palanca-freno-race-beta-05-19-comas\\\/#primaryimage\"},\"thumbnailUrl\":\"https:\\\/\\\/todotrial.com\\\/tienda\\\/wp-content\\\/uploads\\\/2025\\\/02\\\/242-1.png\",\"datePublished\":\"2020-12-16T18:02:31+00:00\",\"dateModified\":\"2025-02-18T07:44:11+00:00\",\"breadcrumb\":{\"@id\":\"https:\\\/\\\/todotrial.com\\\/tienda\\\/palanca-freno-race-beta-05-19-comas\\\/#breadcrumb\"},\"inLanguage\":\"es\",\"potentialAction\":[{\"@type\":\"ReadAction\",\"target\":[\"https:\\\/\\\/todotrial.com\\\/tienda\\\/palanca-freno-race-beta-05-19-comas\\\/\"]}]},{\"@type\":\"ImageObject\",\"inLanguage\":\"es\",\"@id\":\"https:\\\/\\\/todotrial.com\\\/tienda\\\/palanca-freno-race-beta-05-19-comas\\\/#primaryimage\",\"url\":\"https:\\\/\\\/todotrial.com\\\/tienda\\\/wp-content\\\/uploads\\\/2025\\\/02\\\/242-1.png\",\"contentUrl\":\"https:\\\/\\\/todotrial.com\\\/tienda\\\/wp-content\\\/uploads\\\/2025\\\/02\\\/242-1.png\",\"width\":800,\"height\":800},{\"@type\":\"BreadcrumbList\",\"@id\":\"https:\\\/\\\/todotrial.com\\\/tienda\\\/palanca-freno-race-beta-05-19-comas\\\/#breadcrumb\",\"itemListElement\":[{\"@type\":\"ListItem\",\"position\":1,\"name\":\"Portada\",\"item\":\"https:\\\/\\\/todotrial.com\\\/tienda\\\/\"},{\"@type\":\"ListItem\",\"position\":2,\"name\":\"Shop\",\"item\":\"https:\\\/\\\/todotrial.com\\\/tienda\\\/shop\\\/\"},{\"@type\":\"ListItem\",\"position\":3,\"name\":\"Palanca Freno Race Beta 05-19 COMAS\"}]},{\"@type\":\"WebSite\",\"@id\":\"https:\\\/\\\/todotrial.com\\\/tienda\\\/#website\",\"url\":\"https:\\\/\\\/todotrial.com\\\/tienda\\\/\",\"name\":\"Tienda de todotrial\",\"description\":\"\",\"potentialAction\":[{\"@type\":\"SearchAction\",\"target\":{\"@type\":\"EntryPoint\",\"urlTemplate\":\"https:\\\/\\\/todotrial.com\\\/tienda\\\/?s={search_term_string}\"},\"query-input\":{\"@type\":\"PropertyValueSpecification\",\"valueRequired\":true,\"valueName\":\"search_term_string\"}}],\"inLanguage\":\"es\"}]}<\/script>\n<!-- \/ Yoast SEO Premium plugin. -->","yoast_head_json":{"title":"Palanca Freno Race Beta 05-19 COMAS - Tienda de todotrial","robots":{"index":"index","follow":"follow","max-snippet":"max-snippet:-1","max-image-preview":"max-image-preview:large","max-video-preview":"max-video-preview:-1"},"canonical":"https:\/\/todotrial.com\/tienda\/palanca-freno-race-beta-05-19-comas\/","og_locale":"es_ES","og_type":"article","og_title":"Palanca Freno Race Beta 05-19 COMAS","og_description":"Para Beta Rev\/Evo 2T 05-19","og_url":"https:\/\/todotrial.com\/tienda\/palanca-freno-race-beta-05-19-comas\/","og_site_name":"Tienda de todotrial","article_modified_time":"2025-02-18T07:44:11+00:00","og_image":[{"width":800,"height":800,"url":"https:\/\/todotrial.com\/tienda\/wp-content\/uploads\/2025\/02\/242-1.png","type":"image\/png"}],"twitter_card":"summary_large_image","twitter_misc":{"Tiempo de lectura":"1 minuto"},"schema":{"@context":"https:\/\/schema.org","@graph":[{"@type":"WebPage","@id":"https:\/\/todotrial.com\/tienda\/palanca-freno-race-beta-05-19-comas\/","url":"https:\/\/todotrial.com\/tienda\/palanca-freno-race-beta-05-19-comas\/","name":"Palanca Freno Race Beta 05-19 COMAS - Tienda de todotrial","isPartOf":{"@id":"https:\/\/todotrial.com\/tienda\/#website"},"primaryImageOfPage":{"@id":"https:\/\/todotrial.com\/tienda\/palanca-freno-race-beta-05-19-comas\/#primaryimage"},"image":{"@id":"https:\/\/todotrial.com\/tienda\/palanca-freno-race-beta-05-19-comas\/#primaryimage"},"thumbnailUrl":"https:\/\/todotrial.com\/tienda\/wp-content\/uploads\/2025\/02\/242-1.png","datePublished":"2020-12-16T18:02:31+00:00","dateModified":"2025-02-18T07:44:11+00:00","breadcrumb":{"@id":"https:\/\/todotrial.com\/tienda\/palanca-freno-race-beta-05-19-comas\/#breadcrumb"},"inLanguage":"es","potentialAction":[{"@type":"ReadAction","target":["https:\/\/todotrial.com\/tienda\/palanca-freno-race-beta-05-19-comas\/"]}]},{"@type":"ImageObject","inLanguage":"es","@id":"https:\/\/todotrial.com\/tienda\/palanca-freno-race-beta-05-19-comas\/#primaryimage","url":"https:\/\/todotrial.com\/tienda\/wp-content\/uploads\/2025\/02\/242-1.png","contentUrl":"https:\/\/todotrial.com\/tienda\/wp-content\/uploads\/2025\/02\/242-1.png","width":800,"height":800},{"@type":"BreadcrumbList","@id":"https:\/\/todotrial.com\/tienda\/palanca-freno-race-beta-05-19-comas\/#breadcrumb","itemListElement":[{"@type":"ListItem","position":1,"name":"Portada","item":"https:\/\/todotrial.com\/tienda\/"},{"@type":"ListItem","position":2,"name":"Shop","item":"https:\/\/todotrial.com\/tienda\/shop\/"},{"@type":"ListItem","position":3,"name":"Palanca Freno Race Beta 05-19 COMAS"}]},{"@type":"WebSite","@id":"https:\/\/todotrial.com\/tienda\/#website","url":"https:\/\/todotrial.com\/tienda\/","name":"Tienda de todotrial","description":"","potentialAction":[{"@type":"SearchAction","target":{"@type":"EntryPoint","urlTemplate":"https:\/\/todotrial.com\/tienda\/?s={search_term_string}"},"query-input":{"@type":"PropertyValueSpecification","valueRequired":true,"valueName":"search_term_string"}}],"inLanguage":"es"}]}},"_links":{"self":[{"href":"https:\/\/todotrial.com\/tienda\/wp-json\/wp\/v2\/product\/29390","targetHints":{"allow":["GET"]}}],"collection":[{"href":"https:\/\/todotrial.com\/tienda\/wp-json\/wp\/v2\/product"}],"about":[{"href":"https:\/\/todotrial.com\/tienda\/wp-json\/wp\/v2\/types\/product"}],"replies":[{"embeddable":true,"href":"https:\/\/todotrial.com\/tienda\/wp-json\/wp\/v2\/comments?post=29390"}],"version-history":[{"count":0,"href":"https:\/\/todotrial.com\/tienda\/wp-json\/wp\/v2\/product\/29390\/revisions"}],"wp:featuredmedia":[{"embeddable":true,"href":"https:\/\/todotrial.com\/tienda\/wp-json\/wp\/v2\/media\/39698"}],"wp:attachment":[{"href":"https:\/\/todotrial.com\/tienda\/wp-json\/wp\/v2\/media?parent=29390"}],"wp:term":[{"taxonomy":"product_brand","embeddable":true,"href":"https:\/\/todotrial.com\/tienda\/wp-json\/wp\/v2\/product_brand?post=29390"},{"taxonomy":"product_cat","embeddable":true,"href":"https:\/\/todotrial.com\/tienda\/wp-json\/wp\/v2\/product_cat?post=29390"},{"taxonomy":"product_tag","embeddable":true,"href":"https:\/\/todotrial.com\/tienda\/wp-json\/wp\/v2\/product_tag?post=29390"}],"curies":[{"name":"wp","href":"https:\/\/api.w.org\/{rel}","templated":true}]}}