{"id":2765,"date":"2025-03-18T17:02:24","date_gmt":"2025-03-18T16:02:24","guid":{"rendered":"https:\/\/todotrial.com\/tienda\/?post_type=product&#038;p=2765"},"modified":"2025-03-18T17:02:25","modified_gmt":"2025-03-18T16:02:25","slug":"libro-motos2015-02-14-12-59-25","status":"publish","type":"product","link":"https:\/\/todotrial.com\/tienda\/libro-motos2015-02-14-12-59-25\/","title":{"rendered":"MOTORCYCLE COMPETITION SCOTLAND 1975 \u2013 2005"},"content":{"rendered":"<p>MOTORCYCLE COMPETITION SCOTLAND 1975 \u2013 2005<br \/>por John Moffat<\/p>\n<p>Yoomee Ltd se enorgullece en presentar este magn\u00edfico libro de tapa semi dura que abarca la historia de la Competici\u00f3n de la motocicleta en Escocia a partir de 1975 &#8211; 2005 por John Moffat. Presentado con una mezcla de emocion, y en muchos casos nunca vistas, im\u00e1genes en color y blanco y negro, el libro est\u00e1 en formato A4, con m\u00e1s de 100 p\u00e1ginas de texto informativo e interesante. Este es un libro que explora y describe con palabras y fotograf\u00edas, competidores y aficionados del deporte de la motocicleta en Escocia y mucho m\u00e1s! Se trata de personas, lugares y acontecimientos de esta \u00e9poca, los esfuerzos y las actuaciones de los deportes motociclistas m\u00e1s respetados, que, o bien han nacido o criados en Escocia. Un libro que transportar\u00e1 de vuelta a un per\u00edodo de tiempo en que Escocia no produce s\u00f3lo brit\u00e1nicos, pero contendientes al campeonato del Mundo. Los corredores que trataban de crear interpretaciones, que result\u00f3 que eran serios competidores en carreras de carretera, trial, enduro,y motocross . Este es un libro dirigido a los entusiastas de la motocicleta.<\/p>\n","protected":false},"excerpt":{"rendered":"<p>MOTORCYCLE COMPETITION SCOTLAND 1975 \u2013 2005- 100 paginas<\/p>\n","protected":false},"featured_media":2764,"comment_status":"open","ping_status":"closed","template":"","meta":[],"product_brand":[],"product_cat":[15],"product_tag":[],"class_list":{"0":"post-2765","1":"product","2":"type-product","3":"status-publish","4":"has-post-thumbnail","6":"product_cat-uncategorized","8":"first","9":"outofstock","10":"taxable","11":"shipping-taxable","12":"purchasable","13":"product-type-simple"},"yoast_head":"<!-- This site is optimized with the Yoast SEO Premium plugin v21.2 (Yoast SEO v27.5) - https:\/\/yoast.com\/product\/yoast-seo-premium-wordpress\/ -->\n<title>MOTORCYCLE COMPETITION SCOTLAND 1975 \u2013 2005 - Tienda de todotrial<\/title>\n<meta name=\"robots\" content=\"index, follow, max-snippet:-1, max-image-preview:large, max-video-preview:-1\" \/>\n<link rel=\"canonical\" href=\"https:\/\/todotrial.com\/tienda\/libro-motos2015-02-14-12-59-25\/\" \/>\n<meta property=\"og:locale\" content=\"es_ES\" \/>\n<meta property=\"og:type\" content=\"article\" \/>\n<meta property=\"og:title\" content=\"MOTORCYCLE COMPETITION SCOTLAND 1975 \u2013 2005\" \/>\n<meta property=\"og:description\" content=\"MOTORCYCLE COMPETITION SCOTLAND 1975 \u2013 2005- 100 paginas\" \/>\n<meta property=\"og:url\" content=\"https:\/\/todotrial.com\/tienda\/libro-motos2015-02-14-12-59-25\/\" \/>\n<meta property=\"og:site_name\" content=\"Tienda de todotrial\" \/>\n<meta property=\"article:modified_time\" content=\"2025-03-18T16:02:25+00:00\" \/>\n<meta property=\"og:image\" content=\"https:\/\/todotrial.com\/tienda\/wp-content\/uploads\/2020\/07\/sin-titulo-1.jpg\" \/>\n\t<meta property=\"og:image:width\" content=\"1152\" \/>\n\t<meta property=\"og:image:height\" content=\"864\" \/>\n\t<meta property=\"og:image:type\" content=\"image\/jpeg\" \/>\n<meta name=\"twitter:card\" content=\"summary_large_image\" \/>\n<meta name=\"twitter:label1\" content=\"Tiempo de lectura\" \/>\n\t<meta name=\"twitter:data1\" content=\"1 minuto\" \/>\n<script type=\"application\/ld+json\" class=\"yoast-schema-graph\">{\"@context\":\"https:\\\/\\\/schema.org\",\"@graph\":[{\"@type\":\"WebPage\",\"@id\":\"https:\\\/\\\/todotrial.com\\\/tienda\\\/libro-motos2015-02-14-12-59-25\\\/\",\"url\":\"https:\\\/\\\/todotrial.com\\\/tienda\\\/libro-motos2015-02-14-12-59-25\\\/\",\"name\":\"MOTORCYCLE COMPETITION SCOTLAND 1975 \u2013 2005 - Tienda de todotrial\",\"isPartOf\":{\"@id\":\"https:\\\/\\\/todotrial.com\\\/tienda\\\/#website\"},\"primaryImageOfPage\":{\"@id\":\"https:\\\/\\\/todotrial.com\\\/tienda\\\/libro-motos2015-02-14-12-59-25\\\/#primaryimage\"},\"image\":{\"@id\":\"https:\\\/\\\/todotrial.com\\\/tienda\\\/libro-motos2015-02-14-12-59-25\\\/#primaryimage\"},\"thumbnailUrl\":\"https:\\\/\\\/todotrial.com\\\/tienda\\\/wp-content\\\/uploads\\\/2020\\\/07\\\/sin-titulo-1.jpg\",\"datePublished\":\"2025-03-18T16:02:24+00:00\",\"dateModified\":\"2025-03-18T16:02:25+00:00\",\"breadcrumb\":{\"@id\":\"https:\\\/\\\/todotrial.com\\\/tienda\\\/libro-motos2015-02-14-12-59-25\\\/#breadcrumb\"},\"inLanguage\":\"es\",\"potentialAction\":[{\"@type\":\"ReadAction\",\"target\":[\"https:\\\/\\\/todotrial.com\\\/tienda\\\/libro-motos2015-02-14-12-59-25\\\/\"]}]},{\"@type\":\"ImageObject\",\"inLanguage\":\"es\",\"@id\":\"https:\\\/\\\/todotrial.com\\\/tienda\\\/libro-motos2015-02-14-12-59-25\\\/#primaryimage\",\"url\":\"https:\\\/\\\/todotrial.com\\\/tienda\\\/wp-content\\\/uploads\\\/2020\\\/07\\\/sin-titulo-1.jpg\",\"contentUrl\":\"https:\\\/\\\/todotrial.com\\\/tienda\\\/wp-content\\\/uploads\\\/2020\\\/07\\\/sin-titulo-1.jpg\",\"width\":1152,\"height\":864},{\"@type\":\"BreadcrumbList\",\"@id\":\"https:\\\/\\\/todotrial.com\\\/tienda\\\/libro-motos2015-02-14-12-59-25\\\/#breadcrumb\",\"itemListElement\":[{\"@type\":\"ListItem\",\"position\":1,\"name\":\"Portada\",\"item\":\"https:\\\/\\\/todotrial.com\\\/tienda\\\/\"},{\"@type\":\"ListItem\",\"position\":2,\"name\":\"Shop\",\"item\":\"https:\\\/\\\/todotrial.com\\\/tienda\\\/shop\\\/\"},{\"@type\":\"ListItem\",\"position\":3,\"name\":\"MOTORCYCLE COMPETITION SCOTLAND 1975 \u2013 2005\"}]},{\"@type\":\"WebSite\",\"@id\":\"https:\\\/\\\/todotrial.com\\\/tienda\\\/#website\",\"url\":\"https:\\\/\\\/todotrial.com\\\/tienda\\\/\",\"name\":\"Tienda de todotrial\",\"description\":\"\",\"potentialAction\":[{\"@type\":\"SearchAction\",\"target\":{\"@type\":\"EntryPoint\",\"urlTemplate\":\"https:\\\/\\\/todotrial.com\\\/tienda\\\/?s={search_term_string}\"},\"query-input\":{\"@type\":\"PropertyValueSpecification\",\"valueRequired\":true,\"valueName\":\"search_term_string\"}}],\"inLanguage\":\"es\"}]}<\/script>\n<!-- \/ Yoast SEO Premium plugin. -->","yoast_head_json":{"title":"MOTORCYCLE COMPETITION SCOTLAND 1975 \u2013 2005 - Tienda de todotrial","robots":{"index":"index","follow":"follow","max-snippet":"max-snippet:-1","max-image-preview":"max-image-preview:large","max-video-preview":"max-video-preview:-1"},"canonical":"https:\/\/todotrial.com\/tienda\/libro-motos2015-02-14-12-59-25\/","og_locale":"es_ES","og_type":"article","og_title":"MOTORCYCLE COMPETITION SCOTLAND 1975 \u2013 2005","og_description":"MOTORCYCLE COMPETITION SCOTLAND 1975 \u2013 2005- 100 paginas","og_url":"https:\/\/todotrial.com\/tienda\/libro-motos2015-02-14-12-59-25\/","og_site_name":"Tienda de todotrial","article_modified_time":"2025-03-18T16:02:25+00:00","og_image":[{"width":1152,"height":864,"url":"https:\/\/todotrial.com\/tienda\/wp-content\/uploads\/2020\/07\/sin-titulo-1.jpg","type":"image\/jpeg"}],"twitter_card":"summary_large_image","twitter_misc":{"Tiempo de lectura":"1 minuto"},"schema":{"@context":"https:\/\/schema.org","@graph":[{"@type":"WebPage","@id":"https:\/\/todotrial.com\/tienda\/libro-motos2015-02-14-12-59-25\/","url":"https:\/\/todotrial.com\/tienda\/libro-motos2015-02-14-12-59-25\/","name":"MOTORCYCLE COMPETITION SCOTLAND 1975 \u2013 2005 - Tienda de todotrial","isPartOf":{"@id":"https:\/\/todotrial.com\/tienda\/#website"},"primaryImageOfPage":{"@id":"https:\/\/todotrial.com\/tienda\/libro-motos2015-02-14-12-59-25\/#primaryimage"},"image":{"@id":"https:\/\/todotrial.com\/tienda\/libro-motos2015-02-14-12-59-25\/#primaryimage"},"thumbnailUrl":"https:\/\/todotrial.com\/tienda\/wp-content\/uploads\/2020\/07\/sin-titulo-1.jpg","datePublished":"2025-03-18T16:02:24+00:00","dateModified":"2025-03-18T16:02:25+00:00","breadcrumb":{"@id":"https:\/\/todotrial.com\/tienda\/libro-motos2015-02-14-12-59-25\/#breadcrumb"},"inLanguage":"es","potentialAction":[{"@type":"ReadAction","target":["https:\/\/todotrial.com\/tienda\/libro-motos2015-02-14-12-59-25\/"]}]},{"@type":"ImageObject","inLanguage":"es","@id":"https:\/\/todotrial.com\/tienda\/libro-motos2015-02-14-12-59-25\/#primaryimage","url":"https:\/\/todotrial.com\/tienda\/wp-content\/uploads\/2020\/07\/sin-titulo-1.jpg","contentUrl":"https:\/\/todotrial.com\/tienda\/wp-content\/uploads\/2020\/07\/sin-titulo-1.jpg","width":1152,"height":864},{"@type":"BreadcrumbList","@id":"https:\/\/todotrial.com\/tienda\/libro-motos2015-02-14-12-59-25\/#breadcrumb","itemListElement":[{"@type":"ListItem","position":1,"name":"Portada","item":"https:\/\/todotrial.com\/tienda\/"},{"@type":"ListItem","position":2,"name":"Shop","item":"https:\/\/todotrial.com\/tienda\/shop\/"},{"@type":"ListItem","position":3,"name":"MOTORCYCLE COMPETITION SCOTLAND 1975 \u2013 2005"}]},{"@type":"WebSite","@id":"https:\/\/todotrial.com\/tienda\/#website","url":"https:\/\/todotrial.com\/tienda\/","name":"Tienda de todotrial","description":"","potentialAction":[{"@type":"SearchAction","target":{"@type":"EntryPoint","urlTemplate":"https:\/\/todotrial.com\/tienda\/?s={search_term_string}"},"query-input":{"@type":"PropertyValueSpecification","valueRequired":true,"valueName":"search_term_string"}}],"inLanguage":"es"}]}},"_links":{"self":[{"href":"https:\/\/todotrial.com\/tienda\/wp-json\/wp\/v2\/product\/2765","targetHints":{"allow":["GET"]}}],"collection":[{"href":"https:\/\/todotrial.com\/tienda\/wp-json\/wp\/v2\/product"}],"about":[{"href":"https:\/\/todotrial.com\/tienda\/wp-json\/wp\/v2\/types\/product"}],"replies":[{"embeddable":true,"href":"https:\/\/todotrial.com\/tienda\/wp-json\/wp\/v2\/comments?post=2765"}],"version-history":[{"count":1,"href":"https:\/\/todotrial.com\/tienda\/wp-json\/wp\/v2\/product\/2765\/revisions"}],"predecessor-version":[{"id":53384,"href":"https:\/\/todotrial.com\/tienda\/wp-json\/wp\/v2\/product\/2765\/revisions\/53384"}],"wp:featuredmedia":[{"embeddable":true,"href":"https:\/\/todotrial.com\/tienda\/wp-json\/wp\/v2\/media\/2764"}],"wp:attachment":[{"href":"https:\/\/todotrial.com\/tienda\/wp-json\/wp\/v2\/media?parent=2765"}],"wp:term":[{"taxonomy":"product_brand","embeddable":true,"href":"https:\/\/todotrial.com\/tienda\/wp-json\/wp\/v2\/product_brand?post=2765"},{"taxonomy":"product_cat","embeddable":true,"href":"https:\/\/todotrial.com\/tienda\/wp-json\/wp\/v2\/product_cat?post=2765"},{"taxonomy":"product_tag","embeddable":true,"href":"https:\/\/todotrial.com\/tienda\/wp-json\/wp\/v2\/product_tag?post=2765"}],"curies":[{"name":"wp","href":"https:\/\/api.w.org\/{rel}","templated":true}]}}