{"id":2750,"date":"2020-07-02T16:51:47","date_gmt":"2020-07-02T16:51:47","guid":{"rendered":"https:\/\/todotrial.com\/tienda\/product\/dvds-tt2015-02-12-22-00-53\/"},"modified":"2025-02-20T17:28:56","modified_gmt":"2025-02-20T16:28:56","slug":"dvds-tt2015-02-12-22-00-53","status":"publish","type":"product","link":"https:\/\/todotrial.com\/tienda\/dvds-tt2015-02-12-22-00-53\/","title":{"rendered":"TT 2012 Review DVD"},"content":{"rendered":"<p>TT 2012 Review DVD<br \/>Pulsante acci\u00f3n, drama velocidad y toda la adrenalina de carreras que puede manejar &#8211; este es el Examen Oficial de la 2012 Isla de Man TT impulsado por Monster Energy.<\/p>\n<p>Lo mas destacado de cada carrera ,capturado por tomas en moto y tomas a\u00e9reas, como los corredores acercan al destello de 200 mph pasando casas, setos y paredes, negociandode cientos de curvas, subidas y bajadas pronunciadas emocionantes. Comentarios de expertos de Steve Parrish, James y Steve Plater Whitham se complementa con el de v\u00eda equipo de Radio TT, entregando el ambiente de estar en las carreras.<br \/>Durante m\u00e1s de 100 a\u00f1os, los corredores han probado sus nervios y habilidades en el circuito TT de la monta\u00f1a legendaria, 37.7 millas de v\u00edas p\u00fablicas de torsi\u00f3n a trav\u00e9s de pueblos, ciudades y el campo. Esta revisi\u00f3n muestra los h\u00e9roes de hoy, incluyendo leyendas como John McGuinness y Dave Molyneux, ganadores de la carrera de Bruce Anstey, Ryan Farquhar, Cameron Donald y Michael Rutter, el favorito de los fans Guy Martin, h\u00e9roe de regresar Ian Hutchinson y Dunlop hermanos Miguel y William, que arriesgan sus reclamos a la historia TT .<\/p>\n<p>Repleo con cobertura con la nueva pagina editada por Dainese Superbike, las carreras de Monster Energy Spersport, Rotal London 360 superstock, las carreras<br \/>seguras de Sidecar y la BikerPetition.co.uk Lightweight.<\/p>\n<p>Adem\u00e1s, est\u00e1 la carrera SES TT Zero r\u00e9cord que vio la primera vuelta de moto el\u00e9ctrica en el circuito de la Monta\u00f1ade a una velocidad media de m\u00e1s de 100 mph.<\/p>\n<p>Mal tiempo tuvo la PokerStars TT superior cancelada por primera vez, pero que la desgracia est\u00e1 m\u00e1s que compensada por los aspectos m\u00e1s destacados de carreras espectaculares nos como el de m\u00e1s r\u00e1pido jam\u00e1s Superbike TT, una carrera de 150 millas resuelta por s\u00f3lo 0,77 de un segundo, guiones en la \u00faltima vuelta asombrosos y m\u00e1s.<\/p>\n<p>Deje que la revisi\u00f3n oficial le llevar\u00e1 en un emocionante viaje nudillos blancos que nunca olvidar\u00e1.<\/p>\n<p>\u00abOK, no es coches, pero la acci\u00f3n de alta velocidad de la Isla de Man TT debe tener ning\u00fan verdadero petrolhead en el borde de su asiento. Este DVD cuenta con destacados esenciales de cada una de las carreras llena de adrenalina de 2012, completo con impresionante situ metraje bicicleta \u00abEvo<\/p>\n<p>\u00abCada a\u00f1o se nos ha llevado a esperar de duque de Marketing un excelente TT DVD y este a\u00f1o, 2012, no es una excepci\u00f3n. De hecho es mejor por el uso de una parte el comentario de la Isla de Man Radio. Se a\u00f1ade otra dimensi\u00f3n interesante a la ya excelente documental TT . Una producci\u00f3n maravillosa \u00abDoug Peel<\/p>\n<p>\u00abSi se ha perdido ninguna de sensacional cobertura de ITV4 de la reciente Isla de Man TT, ahora puede volver a vivir la aventura anual, \u00e9pica Island con DVD oficial de carreras de motos. Est\u00e1 lleno de una gran acci\u00f3n de las carreras, la locura y entrevistas a bordo con muchos de los pilotos estrella \u00abAutosport<\/p>\n<p>\u00abUno de los mejores DVDs TT que he visto\u00bb &#8211; J. Redfearn, Lancaster<\/p>\n<p>\u00abComo siempre otro fant\u00e1stico DVD de Duke\u00bb &#8211; G.Jarley, Isla de Man<\/p>\n<p>\u00abEl mejor de usted puede conseguir DVD\u00bb &#8211; F. Newton, Cumbria<\/p>\n<p>\u00abComo siempre genial\u00bb &#8211; J. Mouat, Oxon<\/p>\n<p>Idioma: Ingl\u00e9s ( Aunque lo verdaderamente importante son las im\u00e1genes y el ruido ambiente de las maquinas)<\/p>\n<p>&nbsp;<\/p>\n","protected":false},"excerpt":{"rendered":"<p>TT 2012 Review DVD-240 minutos<\/p>\n","protected":false},"featured_media":2749,"comment_status":"open","ping_status":"closed","template":"","meta":[],"product_brand":[],"product_cat":[15],"product_tag":[],"class_list":{"0":"post-2750","1":"product","2":"type-product","3":"status-publish","4":"has-post-thumbnail","6":"product_cat-uncategorized","8":"first","9":"outofstock","10":"taxable","11":"shipping-taxable","12":"purchasable","13":"product-type-simple"},"yoast_head":"<!-- This site is optimized with the Yoast SEO Premium plugin v21.2 (Yoast SEO v27.3) - https:\/\/yoast.com\/product\/yoast-seo-premium-wordpress\/ -->\n<title>TT 2012 Review DVD - Tienda de todotrial<\/title>\n<meta name=\"robots\" content=\"index, follow, max-snippet:-1, max-image-preview:large, max-video-preview:-1\" \/>\n<link rel=\"canonical\" href=\"https:\/\/todotrial.com\/tienda\/dvds-tt2015-02-12-22-00-53\/\" \/>\n<meta property=\"og:locale\" content=\"es_ES\" \/>\n<meta property=\"og:type\" content=\"article\" \/>\n<meta property=\"og:title\" content=\"TT 2012 Review DVD\" \/>\n<meta property=\"og:description\" content=\"TT 2012 Review DVD-240 minutos\" \/>\n<meta property=\"og:url\" content=\"https:\/\/todotrial.com\/tienda\/dvds-tt2015-02-12-22-00-53\/\" \/>\n<meta property=\"og:site_name\" content=\"Tienda de todotrial\" \/>\n<meta property=\"article:modified_time\" content=\"2025-02-20T16:28:56+00:00\" \/>\n<meta property=\"og:image\" content=\"https:\/\/todotrial.com\/tienda\/wp-content\/uploads\/2020\/07\/18761.jpg\" \/>\n\t<meta property=\"og:image:width\" content=\"360\" \/>\n\t<meta property=\"og:image:height\" content=\"507\" \/>\n\t<meta property=\"og:image:type\" content=\"image\/jpeg\" \/>\n<meta name=\"twitter:card\" content=\"summary_large_image\" \/>\n<meta name=\"twitter:label1\" content=\"Tiempo de lectura\" \/>\n\t<meta name=\"twitter:data1\" content=\"3 minutos\" \/>\n<script type=\"application\/ld+json\" class=\"yoast-schema-graph\">{\"@context\":\"https:\\\/\\\/schema.org\",\"@graph\":[{\"@type\":\"WebPage\",\"@id\":\"https:\\\/\\\/todotrial.com\\\/tienda\\\/dvds-tt2015-02-12-22-00-53\\\/\",\"url\":\"https:\\\/\\\/todotrial.com\\\/tienda\\\/dvds-tt2015-02-12-22-00-53\\\/\",\"name\":\"TT 2012 Review DVD - Tienda de todotrial\",\"isPartOf\":{\"@id\":\"https:\\\/\\\/todotrial.com\\\/tienda\\\/#website\"},\"primaryImageOfPage\":{\"@id\":\"https:\\\/\\\/todotrial.com\\\/tienda\\\/dvds-tt2015-02-12-22-00-53\\\/#primaryimage\"},\"image\":{\"@id\":\"https:\\\/\\\/todotrial.com\\\/tienda\\\/dvds-tt2015-02-12-22-00-53\\\/#primaryimage\"},\"thumbnailUrl\":\"https:\\\/\\\/todotrial.com\\\/tienda\\\/wp-content\\\/uploads\\\/2020\\\/07\\\/18761.jpg\",\"datePublished\":\"2020-07-02T16:51:47+00:00\",\"dateModified\":\"2025-02-20T16:28:56+00:00\",\"breadcrumb\":{\"@id\":\"https:\\\/\\\/todotrial.com\\\/tienda\\\/dvds-tt2015-02-12-22-00-53\\\/#breadcrumb\"},\"inLanguage\":\"es\",\"potentialAction\":[{\"@type\":\"ReadAction\",\"target\":[\"https:\\\/\\\/todotrial.com\\\/tienda\\\/dvds-tt2015-02-12-22-00-53\\\/\"]}]},{\"@type\":\"ImageObject\",\"inLanguage\":\"es\",\"@id\":\"https:\\\/\\\/todotrial.com\\\/tienda\\\/dvds-tt2015-02-12-22-00-53\\\/#primaryimage\",\"url\":\"https:\\\/\\\/todotrial.com\\\/tienda\\\/wp-content\\\/uploads\\\/2020\\\/07\\\/18761.jpg\",\"contentUrl\":\"https:\\\/\\\/todotrial.com\\\/tienda\\\/wp-content\\\/uploads\\\/2020\\\/07\\\/18761.jpg\",\"width\":360,\"height\":507},{\"@type\":\"BreadcrumbList\",\"@id\":\"https:\\\/\\\/todotrial.com\\\/tienda\\\/dvds-tt2015-02-12-22-00-53\\\/#breadcrumb\",\"itemListElement\":[{\"@type\":\"ListItem\",\"position\":1,\"name\":\"Portada\",\"item\":\"https:\\\/\\\/todotrial.com\\\/tienda\\\/\"},{\"@type\":\"ListItem\",\"position\":2,\"name\":\"Shop\",\"item\":\"https:\\\/\\\/todotrial.com\\\/tienda\\\/shop\\\/\"},{\"@type\":\"ListItem\",\"position\":3,\"name\":\"TT 2012 Review DVD\"}]},{\"@type\":\"WebSite\",\"@id\":\"https:\\\/\\\/todotrial.com\\\/tienda\\\/#website\",\"url\":\"https:\\\/\\\/todotrial.com\\\/tienda\\\/\",\"name\":\"Tienda de todotrial\",\"description\":\"\",\"potentialAction\":[{\"@type\":\"SearchAction\",\"target\":{\"@type\":\"EntryPoint\",\"urlTemplate\":\"https:\\\/\\\/todotrial.com\\\/tienda\\\/?s={search_term_string}\"},\"query-input\":{\"@type\":\"PropertyValueSpecification\",\"valueRequired\":true,\"valueName\":\"search_term_string\"}}],\"inLanguage\":\"es\"}]}<\/script>\n<!-- \/ Yoast SEO Premium plugin. -->","yoast_head_json":{"title":"TT 2012 Review DVD - Tienda de todotrial","robots":{"index":"index","follow":"follow","max-snippet":"max-snippet:-1","max-image-preview":"max-image-preview:large","max-video-preview":"max-video-preview:-1"},"canonical":"https:\/\/todotrial.com\/tienda\/dvds-tt2015-02-12-22-00-53\/","og_locale":"es_ES","og_type":"article","og_title":"TT 2012 Review DVD","og_description":"TT 2012 Review DVD-240 minutos","og_url":"https:\/\/todotrial.com\/tienda\/dvds-tt2015-02-12-22-00-53\/","og_site_name":"Tienda de todotrial","article_modified_time":"2025-02-20T16:28:56+00:00","og_image":[{"width":360,"height":507,"url":"https:\/\/todotrial.com\/tienda\/wp-content\/uploads\/2020\/07\/18761.jpg","type":"image\/jpeg"}],"twitter_card":"summary_large_image","twitter_misc":{"Tiempo de lectura":"3 minutos"},"schema":{"@context":"https:\/\/schema.org","@graph":[{"@type":"WebPage","@id":"https:\/\/todotrial.com\/tienda\/dvds-tt2015-02-12-22-00-53\/","url":"https:\/\/todotrial.com\/tienda\/dvds-tt2015-02-12-22-00-53\/","name":"TT 2012 Review DVD - Tienda de todotrial","isPartOf":{"@id":"https:\/\/todotrial.com\/tienda\/#website"},"primaryImageOfPage":{"@id":"https:\/\/todotrial.com\/tienda\/dvds-tt2015-02-12-22-00-53\/#primaryimage"},"image":{"@id":"https:\/\/todotrial.com\/tienda\/dvds-tt2015-02-12-22-00-53\/#primaryimage"},"thumbnailUrl":"https:\/\/todotrial.com\/tienda\/wp-content\/uploads\/2020\/07\/18761.jpg","datePublished":"2020-07-02T16:51:47+00:00","dateModified":"2025-02-20T16:28:56+00:00","breadcrumb":{"@id":"https:\/\/todotrial.com\/tienda\/dvds-tt2015-02-12-22-00-53\/#breadcrumb"},"inLanguage":"es","potentialAction":[{"@type":"ReadAction","target":["https:\/\/todotrial.com\/tienda\/dvds-tt2015-02-12-22-00-53\/"]}]},{"@type":"ImageObject","inLanguage":"es","@id":"https:\/\/todotrial.com\/tienda\/dvds-tt2015-02-12-22-00-53\/#primaryimage","url":"https:\/\/todotrial.com\/tienda\/wp-content\/uploads\/2020\/07\/18761.jpg","contentUrl":"https:\/\/todotrial.com\/tienda\/wp-content\/uploads\/2020\/07\/18761.jpg","width":360,"height":507},{"@type":"BreadcrumbList","@id":"https:\/\/todotrial.com\/tienda\/dvds-tt2015-02-12-22-00-53\/#breadcrumb","itemListElement":[{"@type":"ListItem","position":1,"name":"Portada","item":"https:\/\/todotrial.com\/tienda\/"},{"@type":"ListItem","position":2,"name":"Shop","item":"https:\/\/todotrial.com\/tienda\/shop\/"},{"@type":"ListItem","position":3,"name":"TT 2012 Review DVD"}]},{"@type":"WebSite","@id":"https:\/\/todotrial.com\/tienda\/#website","url":"https:\/\/todotrial.com\/tienda\/","name":"Tienda de todotrial","description":"","potentialAction":[{"@type":"SearchAction","target":{"@type":"EntryPoint","urlTemplate":"https:\/\/todotrial.com\/tienda\/?s={search_term_string}"},"query-input":{"@type":"PropertyValueSpecification","valueRequired":true,"valueName":"search_term_string"}}],"inLanguage":"es"}]}},"_links":{"self":[{"href":"https:\/\/todotrial.com\/tienda\/wp-json\/wp\/v2\/product\/2750","targetHints":{"allow":["GET"]}}],"collection":[{"href":"https:\/\/todotrial.com\/tienda\/wp-json\/wp\/v2\/product"}],"about":[{"href":"https:\/\/todotrial.com\/tienda\/wp-json\/wp\/v2\/types\/product"}],"replies":[{"embeddable":true,"href":"https:\/\/todotrial.com\/tienda\/wp-json\/wp\/v2\/comments?post=2750"}],"version-history":[{"count":0,"href":"https:\/\/todotrial.com\/tienda\/wp-json\/wp\/v2\/product\/2750\/revisions"}],"wp:featuredmedia":[{"embeddable":true,"href":"https:\/\/todotrial.com\/tienda\/wp-json\/wp\/v2\/media\/2749"}],"wp:attachment":[{"href":"https:\/\/todotrial.com\/tienda\/wp-json\/wp\/v2\/media?parent=2750"}],"wp:term":[{"taxonomy":"product_brand","embeddable":true,"href":"https:\/\/todotrial.com\/tienda\/wp-json\/wp\/v2\/product_brand?post=2750"},{"taxonomy":"product_cat","embeddable":true,"href":"https:\/\/todotrial.com\/tienda\/wp-json\/wp\/v2\/product_cat?post=2750"},{"taxonomy":"product_tag","embeddable":true,"href":"https:\/\/todotrial.com\/tienda\/wp-json\/wp\/v2\/product_tag?post=2750"}],"curies":[{"name":"wp","href":"https:\/\/api.w.org\/{rel}","templated":true}]}}