{"id":1620,"date":"2020-07-02T15:55:12","date_gmt":"2020-07-02T15:55:12","guid":{"rendered":"https:\/\/todotrial.com\/tienda\/product\/dvds-motociclismo\/"},"modified":"2025-02-20T17:31:44","modified_gmt":"2025-02-20T16:31:44","slug":"dvds-motociclismo","status":"publish","type":"product","link":"https:\/\/todotrial.com\/tienda\/dvds-motociclismo\/","title":{"rendered":"Bike Grand Prix 1990-99 (10 DVD) Boxset"},"content":{"rendered":"<p>Bike Grand Prix 1990-99 (10 DVD) Boxset OFERTA ESPECIAL.<br \/>10 a\u00f1os del Gran Premio con 27 horas de accion.Incluye Alex Crivill\u00e9 coronandose como Campeon Mundial de 500 cc.<\/p>\n<p>Por primera vez en una colecci\u00f3n viene toda una d\u00e9cada de las carreras de la categor\u00eda reina.<\/p>\n<p>Hay m\u00e1s de 27 horas de acci\u00f3n para disfrutar y para recordar algunos de los grandes a\u00f1os del Gran Premio del Campeonato del Mundo de 500 cc. .<\/p>\n<p>Cada DVD es una revisi\u00f3n completa de la temporada, con escenas de acci\u00f3n de todas las carreras , adem\u00e1s de entrevistas , de acceso detr\u00e1s de las c\u00e1maras y m\u00e1s. Se trata de una colecci\u00f3n \u00e9pica , y es esencial para todos los fan\u00e1ticos de las carreras de motos GP.<\/p>\n<p>La colecci\u00f3n se abre con la perspectiva de una lucha por el t\u00edtulo entre Eddie Lawson , Wayne Rainey , Wayne Gardner , Mick Doohan y Kevin Schwantz , y concluye con Alex Crivill\u00e9 convirtiendose campe\u00f3n del mundo por primera vez de un espa\u00f1ol en 500 cc, despu\u00e9s de la pelea de su vida .<\/p>\n<p>En el camino nos acordamos de Doohan y su historia &#8211; haciendo su cinco victorias consecutivas , todos los triunfos de Rainey , \u00fanica victoria de campeonato de Schwantz y el final de las carreras legendarias de Lawson y Gardner. Adem\u00e1s, por supuesto , est\u00e1 el terrible accidente que acab\u00f3 con la vida de las carreras de Rainey &#8211; adem\u00e1s de una entrevista exclusiva con el gran campe\u00f3n despu\u00e9s de su accidente .<\/p>\n","protected":false},"excerpt":{"rendered":"<p>Bike Grand Prix 1990-99 (10 DVD) Boxset OFERTA ESPECIAL.<br \/>\n10 a\u00f1os del Gran Premio con 27 horas de accion.Incluye Alex Crivill\u00e9 coronandose como Campeon Mundial de 500 cc.<\/p>\n","protected":false},"featured_media":1619,"comment_status":"open","ping_status":"closed","template":"","meta":[],"product_brand":[],"product_cat":[15],"product_tag":[],"class_list":{"0":"post-1620","1":"product","2":"type-product","3":"status-publish","4":"has-post-thumbnail","6":"product_cat-uncategorized","8":"first","9":"instock","10":"taxable","11":"shipping-taxable","12":"purchasable","13":"product-type-simple"},"yoast_head":"<!-- This site is optimized with the Yoast SEO Premium plugin v21.2 (Yoast SEO v27.3) - https:\/\/yoast.com\/product\/yoast-seo-premium-wordpress\/ -->\n<title>Bike Grand Prix 1990-99 (10 DVD) Boxset - Tienda de todotrial<\/title>\n<meta name=\"robots\" content=\"index, follow, max-snippet:-1, max-image-preview:large, max-video-preview:-1\" \/>\n<link rel=\"canonical\" href=\"https:\/\/todotrial.com\/tienda\/dvds-motociclismo\/\" \/>\n<meta property=\"og:locale\" content=\"es_ES\" \/>\n<meta property=\"og:type\" content=\"article\" \/>\n<meta property=\"og:title\" content=\"Bike Grand Prix 1990-99 (10 DVD) Boxset\" \/>\n<meta property=\"og:description\" content=\"Bike Grand Prix 1990-99 (10 DVD) Boxset OFERTA ESPECIAL. 10 a\u00f1os del Gran Premio con 27 horas de accion.Incluye Alex Crivill\u00e9 coronandose como Campeon Mundial de 500 cc.\" \/>\n<meta property=\"og:url\" content=\"https:\/\/todotrial.com\/tienda\/dvds-motociclismo\/\" \/>\n<meta property=\"og:site_name\" content=\"Tienda de todotrial\" \/>\n<meta property=\"article:modified_time\" content=\"2025-02-20T16:31:44+00:00\" \/>\n<meta property=\"og:image\" content=\"https:\/\/todotrial.com\/tienda\/wp-content\/uploads\/2020\/07\/bike_grand_prix_1990-99.jpg\" \/>\n\t<meta property=\"og:image:width\" content=\"360\" \/>\n\t<meta property=\"og:image:height\" content=\"426\" \/>\n\t<meta property=\"og:image:type\" content=\"image\/jpeg\" \/>\n<meta name=\"twitter:card\" content=\"summary_large_image\" \/>\n<meta name=\"twitter:label1\" content=\"Tiempo de lectura\" \/>\n\t<meta name=\"twitter:data1\" content=\"1 minuto\" \/>\n<script type=\"application\/ld+json\" class=\"yoast-schema-graph\">{\"@context\":\"https:\\\/\\\/schema.org\",\"@graph\":[{\"@type\":\"WebPage\",\"@id\":\"https:\\\/\\\/todotrial.com\\\/tienda\\\/dvds-motociclismo\\\/\",\"url\":\"https:\\\/\\\/todotrial.com\\\/tienda\\\/dvds-motociclismo\\\/\",\"name\":\"Bike Grand Prix 1990-99 (10 DVD) Boxset - Tienda de todotrial\",\"isPartOf\":{\"@id\":\"https:\\\/\\\/todotrial.com\\\/tienda\\\/#website\"},\"primaryImageOfPage\":{\"@id\":\"https:\\\/\\\/todotrial.com\\\/tienda\\\/dvds-motociclismo\\\/#primaryimage\"},\"image\":{\"@id\":\"https:\\\/\\\/todotrial.com\\\/tienda\\\/dvds-motociclismo\\\/#primaryimage\"},\"thumbnailUrl\":\"https:\\\/\\\/todotrial.com\\\/tienda\\\/wp-content\\\/uploads\\\/2020\\\/07\\\/bike_grand_prix_1990-99.jpg\",\"datePublished\":\"2020-07-02T15:55:12+00:00\",\"dateModified\":\"2025-02-20T16:31:44+00:00\",\"breadcrumb\":{\"@id\":\"https:\\\/\\\/todotrial.com\\\/tienda\\\/dvds-motociclismo\\\/#breadcrumb\"},\"inLanguage\":\"es\",\"potentialAction\":[{\"@type\":\"ReadAction\",\"target\":[\"https:\\\/\\\/todotrial.com\\\/tienda\\\/dvds-motociclismo\\\/\"]}]},{\"@type\":\"ImageObject\",\"inLanguage\":\"es\",\"@id\":\"https:\\\/\\\/todotrial.com\\\/tienda\\\/dvds-motociclismo\\\/#primaryimage\",\"url\":\"https:\\\/\\\/todotrial.com\\\/tienda\\\/wp-content\\\/uploads\\\/2020\\\/07\\\/bike_grand_prix_1990-99.jpg\",\"contentUrl\":\"https:\\\/\\\/todotrial.com\\\/tienda\\\/wp-content\\\/uploads\\\/2020\\\/07\\\/bike_grand_prix_1990-99.jpg\",\"width\":360,\"height\":426},{\"@type\":\"BreadcrumbList\",\"@id\":\"https:\\\/\\\/todotrial.com\\\/tienda\\\/dvds-motociclismo\\\/#breadcrumb\",\"itemListElement\":[{\"@type\":\"ListItem\",\"position\":1,\"name\":\"Portada\",\"item\":\"https:\\\/\\\/todotrial.com\\\/tienda\\\/\"},{\"@type\":\"ListItem\",\"position\":2,\"name\":\"Shop\",\"item\":\"https:\\\/\\\/todotrial.com\\\/tienda\\\/shop\\\/\"},{\"@type\":\"ListItem\",\"position\":3,\"name\":\"Bike Grand Prix 1990-99 (10 DVD) Boxset\"}]},{\"@type\":\"WebSite\",\"@id\":\"https:\\\/\\\/todotrial.com\\\/tienda\\\/#website\",\"url\":\"https:\\\/\\\/todotrial.com\\\/tienda\\\/\",\"name\":\"Tienda de todotrial\",\"description\":\"\",\"potentialAction\":[{\"@type\":\"SearchAction\",\"target\":{\"@type\":\"EntryPoint\",\"urlTemplate\":\"https:\\\/\\\/todotrial.com\\\/tienda\\\/?s={search_term_string}\"},\"query-input\":{\"@type\":\"PropertyValueSpecification\",\"valueRequired\":true,\"valueName\":\"search_term_string\"}}],\"inLanguage\":\"es\"}]}<\/script>\n<!-- \/ Yoast SEO Premium plugin. -->","yoast_head_json":{"title":"Bike Grand Prix 1990-99 (10 DVD) Boxset - Tienda de todotrial","robots":{"index":"index","follow":"follow","max-snippet":"max-snippet:-1","max-image-preview":"max-image-preview:large","max-video-preview":"max-video-preview:-1"},"canonical":"https:\/\/todotrial.com\/tienda\/dvds-motociclismo\/","og_locale":"es_ES","og_type":"article","og_title":"Bike Grand Prix 1990-99 (10 DVD) Boxset","og_description":"Bike Grand Prix 1990-99 (10 DVD) Boxset OFERTA ESPECIAL. 10 a\u00f1os del Gran Premio con 27 horas de accion.Incluye Alex Crivill\u00e9 coronandose como Campeon Mundial de 500 cc.","og_url":"https:\/\/todotrial.com\/tienda\/dvds-motociclismo\/","og_site_name":"Tienda de todotrial","article_modified_time":"2025-02-20T16:31:44+00:00","og_image":[{"width":360,"height":426,"url":"https:\/\/todotrial.com\/tienda\/wp-content\/uploads\/2020\/07\/bike_grand_prix_1990-99.jpg","type":"image\/jpeg"}],"twitter_card":"summary_large_image","twitter_misc":{"Tiempo de lectura":"1 minuto"},"schema":{"@context":"https:\/\/schema.org","@graph":[{"@type":"WebPage","@id":"https:\/\/todotrial.com\/tienda\/dvds-motociclismo\/","url":"https:\/\/todotrial.com\/tienda\/dvds-motociclismo\/","name":"Bike Grand Prix 1990-99 (10 DVD) Boxset - Tienda de todotrial","isPartOf":{"@id":"https:\/\/todotrial.com\/tienda\/#website"},"primaryImageOfPage":{"@id":"https:\/\/todotrial.com\/tienda\/dvds-motociclismo\/#primaryimage"},"image":{"@id":"https:\/\/todotrial.com\/tienda\/dvds-motociclismo\/#primaryimage"},"thumbnailUrl":"https:\/\/todotrial.com\/tienda\/wp-content\/uploads\/2020\/07\/bike_grand_prix_1990-99.jpg","datePublished":"2020-07-02T15:55:12+00:00","dateModified":"2025-02-20T16:31:44+00:00","breadcrumb":{"@id":"https:\/\/todotrial.com\/tienda\/dvds-motociclismo\/#breadcrumb"},"inLanguage":"es","potentialAction":[{"@type":"ReadAction","target":["https:\/\/todotrial.com\/tienda\/dvds-motociclismo\/"]}]},{"@type":"ImageObject","inLanguage":"es","@id":"https:\/\/todotrial.com\/tienda\/dvds-motociclismo\/#primaryimage","url":"https:\/\/todotrial.com\/tienda\/wp-content\/uploads\/2020\/07\/bike_grand_prix_1990-99.jpg","contentUrl":"https:\/\/todotrial.com\/tienda\/wp-content\/uploads\/2020\/07\/bike_grand_prix_1990-99.jpg","width":360,"height":426},{"@type":"BreadcrumbList","@id":"https:\/\/todotrial.com\/tienda\/dvds-motociclismo\/#breadcrumb","itemListElement":[{"@type":"ListItem","position":1,"name":"Portada","item":"https:\/\/todotrial.com\/tienda\/"},{"@type":"ListItem","position":2,"name":"Shop","item":"https:\/\/todotrial.com\/tienda\/shop\/"},{"@type":"ListItem","position":3,"name":"Bike Grand Prix 1990-99 (10 DVD) Boxset"}]},{"@type":"WebSite","@id":"https:\/\/todotrial.com\/tienda\/#website","url":"https:\/\/todotrial.com\/tienda\/","name":"Tienda de todotrial","description":"","potentialAction":[{"@type":"SearchAction","target":{"@type":"EntryPoint","urlTemplate":"https:\/\/todotrial.com\/tienda\/?s={search_term_string}"},"query-input":{"@type":"PropertyValueSpecification","valueRequired":true,"valueName":"search_term_string"}}],"inLanguage":"es"}]}},"_links":{"self":[{"href":"https:\/\/todotrial.com\/tienda\/wp-json\/wp\/v2\/product\/1620","targetHints":{"allow":["GET"]}}],"collection":[{"href":"https:\/\/todotrial.com\/tienda\/wp-json\/wp\/v2\/product"}],"about":[{"href":"https:\/\/todotrial.com\/tienda\/wp-json\/wp\/v2\/types\/product"}],"replies":[{"embeddable":true,"href":"https:\/\/todotrial.com\/tienda\/wp-json\/wp\/v2\/comments?post=1620"}],"version-history":[{"count":0,"href":"https:\/\/todotrial.com\/tienda\/wp-json\/wp\/v2\/product\/1620\/revisions"}],"wp:featuredmedia":[{"embeddable":true,"href":"https:\/\/todotrial.com\/tienda\/wp-json\/wp\/v2\/media\/1619"}],"wp:attachment":[{"href":"https:\/\/todotrial.com\/tienda\/wp-json\/wp\/v2\/media?parent=1620"}],"wp:term":[{"taxonomy":"product_brand","embeddable":true,"href":"https:\/\/todotrial.com\/tienda\/wp-json\/wp\/v2\/product_brand?post=1620"},{"taxonomy":"product_cat","embeddable":true,"href":"https:\/\/todotrial.com\/tienda\/wp-json\/wp\/v2\/product_cat?post=1620"},{"taxonomy":"product_tag","embeddable":true,"href":"https:\/\/todotrial.com\/tienda\/wp-json\/wp\/v2\/product_tag?post=1620"}],"curies":[{"name":"wp","href":"https:\/\/api.w.org\/{rel}","templated":true}]}}