{"id":15674,"date":"2020-04-24T09:12:28","date_gmt":"2020-04-24T09:12:28","guid":{"rendered":"https:\/\/todotrial.com\/tienda\/product\/chaleco2020-04-24-09-12-28\/"},"modified":"2025-02-20T17:36:19","modified_gmt":"2025-02-20T16:36:19","slug":"chaleco2020-04-24-09-12-28","status":"publish","type":"product","link":"https:\/\/todotrial.com\/tienda\/chaleco2020-04-24-09-12-28\/","title":{"rendered":"Chalecos ALpinestars"},"content":{"rendered":"<p>Chalecos ALpinestars<br \/>Colores :negro\/plata, rojo\/blanco,azul\/blanco; Gris\/amarillo<\/p>\n<p>Elaborado con un tejido antidesgarros, duradero y ligero, que protege contra el viento y el agua, este chaleco es la prenda ideal para esas \u00e9pocas en que todav\u00eda no hace mucho fr\u00edo pero las temperaturas no son suficientemente altas para salir s\u00f3lo con el maillot. Una malla completa de ventilaci\u00f3n en la parte trasera proporciona una transpirabilidad \u00f3ptima incluso si se usa con una mochila. Adem\u00e1s, en el interior del cuello cuenta con un forro de microvell\u00f3n para un confort adicional, y en la parte delantera tiene un bolsillo que se cierra con una cremallera YKK impermeable. El chaleco se cierra por delante con una cremallera YKK reforzada con una solapa contavientos y que, al igual que el resto de cremalleras, cuenta con una pesta\u00f1a extra\u00edble que facilita su uso. Para mantenerlo en su posici\u00f3n, incorpora una cinturilla el\u00e1stica con red de silicona en el dobladillo. En la parte posterior, el perfil es m\u00e1s bajo para cubrir mejor la parte lumbar. Completan la pieza unos detalles reflectantes que dan una mayor visibilida<\/p>\n<p>Tallas S,M,L,XL<\/p>\n","protected":false},"excerpt":{"rendered":"<p>Chalecos ALpinestars<br \/>\nColores :negro\/plata, rojo\/blanco,azul\/blanco; Gris\/amarillo<\/p>\n","protected":false},"featured_media":15670,"comment_status":"open","ping_status":"closed","template":"","meta":[],"product_brand":[],"product_cat":[15],"product_tag":[],"class_list":{"0":"post-15674","1":"product","2":"type-product","3":"status-publish","4":"has-post-thumbnail","6":"product_cat-uncategorized","8":"first","9":"instock","10":"taxable","11":"shipping-taxable","12":"purchasable","13":"product-type-simple"},"yoast_head":"<!-- This site is optimized with the Yoast SEO Premium plugin v21.2 (Yoast SEO v27.3) - https:\/\/yoast.com\/product\/yoast-seo-premium-wordpress\/ -->\n<title>Chalecos ALpinestars - Tienda de todotrial<\/title>\n<meta name=\"robots\" content=\"index, follow, max-snippet:-1, max-image-preview:large, max-video-preview:-1\" \/>\n<link rel=\"canonical\" href=\"https:\/\/todotrial.com\/tienda\/chaleco2020-04-24-09-12-28\/\" \/>\n<meta property=\"og:locale\" content=\"es_ES\" \/>\n<meta property=\"og:type\" content=\"article\" \/>\n<meta property=\"og:title\" content=\"Chalecos ALpinestars\" \/>\n<meta property=\"og:description\" content=\"Chalecos ALpinestars Colores :negro\/plata, rojo\/blanco,azul\/blanco; Gris\/amarillo\" \/>\n<meta property=\"og:url\" content=\"https:\/\/todotrial.com\/tienda\/chaleco2020-04-24-09-12-28\/\" \/>\n<meta property=\"og:site_name\" content=\"Tienda de todotrial\" \/>\n<meta property=\"article:modified_time\" content=\"2025-02-20T16:36:19+00:00\" \/>\n<meta property=\"og:image\" content=\"https:\/\/todotrial.com\/tienda\/wp-content\/uploads\/2020\/04\/chaleco_trial_negro_plata.jpg\" \/>\n\t<meta property=\"og:image:width\" content=\"551\" \/>\n\t<meta property=\"og:image:height\" content=\"279\" \/>\n\t<meta property=\"og:image:type\" content=\"image\/jpeg\" \/>\n<meta name=\"twitter:card\" content=\"summary_large_image\" \/>\n<meta name=\"twitter:label1\" content=\"Tiempo de lectura\" \/>\n\t<meta name=\"twitter:data1\" content=\"1 minuto\" \/>\n<script type=\"application\/ld+json\" class=\"yoast-schema-graph\">{\"@context\":\"https:\\\/\\\/schema.org\",\"@graph\":[{\"@type\":\"WebPage\",\"@id\":\"https:\\\/\\\/todotrial.com\\\/tienda\\\/chaleco2020-04-24-09-12-28\\\/\",\"url\":\"https:\\\/\\\/todotrial.com\\\/tienda\\\/chaleco2020-04-24-09-12-28\\\/\",\"name\":\"Chalecos ALpinestars - Tienda de todotrial\",\"isPartOf\":{\"@id\":\"https:\\\/\\\/todotrial.com\\\/tienda\\\/#website\"},\"primaryImageOfPage\":{\"@id\":\"https:\\\/\\\/todotrial.com\\\/tienda\\\/chaleco2020-04-24-09-12-28\\\/#primaryimage\"},\"image\":{\"@id\":\"https:\\\/\\\/todotrial.com\\\/tienda\\\/chaleco2020-04-24-09-12-28\\\/#primaryimage\"},\"thumbnailUrl\":\"https:\\\/\\\/todotrial.com\\\/tienda\\\/wp-content\\\/uploads\\\/2020\\\/04\\\/chaleco_trial_negro_plata.jpg\",\"datePublished\":\"2020-04-24T09:12:28+00:00\",\"dateModified\":\"2025-02-20T16:36:19+00:00\",\"breadcrumb\":{\"@id\":\"https:\\\/\\\/todotrial.com\\\/tienda\\\/chaleco2020-04-24-09-12-28\\\/#breadcrumb\"},\"inLanguage\":\"es\",\"potentialAction\":[{\"@type\":\"ReadAction\",\"target\":[\"https:\\\/\\\/todotrial.com\\\/tienda\\\/chaleco2020-04-24-09-12-28\\\/\"]}]},{\"@type\":\"ImageObject\",\"inLanguage\":\"es\",\"@id\":\"https:\\\/\\\/todotrial.com\\\/tienda\\\/chaleco2020-04-24-09-12-28\\\/#primaryimage\",\"url\":\"https:\\\/\\\/todotrial.com\\\/tienda\\\/wp-content\\\/uploads\\\/2020\\\/04\\\/chaleco_trial_negro_plata.jpg\",\"contentUrl\":\"https:\\\/\\\/todotrial.com\\\/tienda\\\/wp-content\\\/uploads\\\/2020\\\/04\\\/chaleco_trial_negro_plata.jpg\",\"width\":551,\"height\":279},{\"@type\":\"BreadcrumbList\",\"@id\":\"https:\\\/\\\/todotrial.com\\\/tienda\\\/chaleco2020-04-24-09-12-28\\\/#breadcrumb\",\"itemListElement\":[{\"@type\":\"ListItem\",\"position\":1,\"name\":\"Portada\",\"item\":\"https:\\\/\\\/todotrial.com\\\/tienda\\\/\"},{\"@type\":\"ListItem\",\"position\":2,\"name\":\"Shop\",\"item\":\"https:\\\/\\\/todotrial.com\\\/tienda\\\/shop\\\/\"},{\"@type\":\"ListItem\",\"position\":3,\"name\":\"Chalecos ALpinestars\"}]},{\"@type\":\"WebSite\",\"@id\":\"https:\\\/\\\/todotrial.com\\\/tienda\\\/#website\",\"url\":\"https:\\\/\\\/todotrial.com\\\/tienda\\\/\",\"name\":\"Tienda de todotrial\",\"description\":\"\",\"potentialAction\":[{\"@type\":\"SearchAction\",\"target\":{\"@type\":\"EntryPoint\",\"urlTemplate\":\"https:\\\/\\\/todotrial.com\\\/tienda\\\/?s={search_term_string}\"},\"query-input\":{\"@type\":\"PropertyValueSpecification\",\"valueRequired\":true,\"valueName\":\"search_term_string\"}}],\"inLanguage\":\"es\"}]}<\/script>\n<!-- \/ Yoast SEO Premium plugin. -->","yoast_head_json":{"title":"Chalecos ALpinestars - Tienda de todotrial","robots":{"index":"index","follow":"follow","max-snippet":"max-snippet:-1","max-image-preview":"max-image-preview:large","max-video-preview":"max-video-preview:-1"},"canonical":"https:\/\/todotrial.com\/tienda\/chaleco2020-04-24-09-12-28\/","og_locale":"es_ES","og_type":"article","og_title":"Chalecos ALpinestars","og_description":"Chalecos ALpinestars Colores :negro\/plata, rojo\/blanco,azul\/blanco; Gris\/amarillo","og_url":"https:\/\/todotrial.com\/tienda\/chaleco2020-04-24-09-12-28\/","og_site_name":"Tienda de todotrial","article_modified_time":"2025-02-20T16:36:19+00:00","og_image":[{"width":551,"height":279,"url":"https:\/\/todotrial.com\/tienda\/wp-content\/uploads\/2020\/04\/chaleco_trial_negro_plata.jpg","type":"image\/jpeg"}],"twitter_card":"summary_large_image","twitter_misc":{"Tiempo de lectura":"1 minuto"},"schema":{"@context":"https:\/\/schema.org","@graph":[{"@type":"WebPage","@id":"https:\/\/todotrial.com\/tienda\/chaleco2020-04-24-09-12-28\/","url":"https:\/\/todotrial.com\/tienda\/chaleco2020-04-24-09-12-28\/","name":"Chalecos ALpinestars - Tienda de todotrial","isPartOf":{"@id":"https:\/\/todotrial.com\/tienda\/#website"},"primaryImageOfPage":{"@id":"https:\/\/todotrial.com\/tienda\/chaleco2020-04-24-09-12-28\/#primaryimage"},"image":{"@id":"https:\/\/todotrial.com\/tienda\/chaleco2020-04-24-09-12-28\/#primaryimage"},"thumbnailUrl":"https:\/\/todotrial.com\/tienda\/wp-content\/uploads\/2020\/04\/chaleco_trial_negro_plata.jpg","datePublished":"2020-04-24T09:12:28+00:00","dateModified":"2025-02-20T16:36:19+00:00","breadcrumb":{"@id":"https:\/\/todotrial.com\/tienda\/chaleco2020-04-24-09-12-28\/#breadcrumb"},"inLanguage":"es","potentialAction":[{"@type":"ReadAction","target":["https:\/\/todotrial.com\/tienda\/chaleco2020-04-24-09-12-28\/"]}]},{"@type":"ImageObject","inLanguage":"es","@id":"https:\/\/todotrial.com\/tienda\/chaleco2020-04-24-09-12-28\/#primaryimage","url":"https:\/\/todotrial.com\/tienda\/wp-content\/uploads\/2020\/04\/chaleco_trial_negro_plata.jpg","contentUrl":"https:\/\/todotrial.com\/tienda\/wp-content\/uploads\/2020\/04\/chaleco_trial_negro_plata.jpg","width":551,"height":279},{"@type":"BreadcrumbList","@id":"https:\/\/todotrial.com\/tienda\/chaleco2020-04-24-09-12-28\/#breadcrumb","itemListElement":[{"@type":"ListItem","position":1,"name":"Portada","item":"https:\/\/todotrial.com\/tienda\/"},{"@type":"ListItem","position":2,"name":"Shop","item":"https:\/\/todotrial.com\/tienda\/shop\/"},{"@type":"ListItem","position":3,"name":"Chalecos ALpinestars"}]},{"@type":"WebSite","@id":"https:\/\/todotrial.com\/tienda\/#website","url":"https:\/\/todotrial.com\/tienda\/","name":"Tienda de todotrial","description":"","potentialAction":[{"@type":"SearchAction","target":{"@type":"EntryPoint","urlTemplate":"https:\/\/todotrial.com\/tienda\/?s={search_term_string}"},"query-input":{"@type":"PropertyValueSpecification","valueRequired":true,"valueName":"search_term_string"}}],"inLanguage":"es"}]}},"_links":{"self":[{"href":"https:\/\/todotrial.com\/tienda\/wp-json\/wp\/v2\/product\/15674","targetHints":{"allow":["GET"]}}],"collection":[{"href":"https:\/\/todotrial.com\/tienda\/wp-json\/wp\/v2\/product"}],"about":[{"href":"https:\/\/todotrial.com\/tienda\/wp-json\/wp\/v2\/types\/product"}],"replies":[{"embeddable":true,"href":"https:\/\/todotrial.com\/tienda\/wp-json\/wp\/v2\/comments?post=15674"}],"version-history":[{"count":0,"href":"https:\/\/todotrial.com\/tienda\/wp-json\/wp\/v2\/product\/15674\/revisions"}],"wp:featuredmedia":[{"embeddable":true,"href":"https:\/\/todotrial.com\/tienda\/wp-json\/wp\/v2\/media\/15670"}],"wp:attachment":[{"href":"https:\/\/todotrial.com\/tienda\/wp-json\/wp\/v2\/media?parent=15674"}],"wp:term":[{"taxonomy":"product_brand","embeddable":true,"href":"https:\/\/todotrial.com\/tienda\/wp-json\/wp\/v2\/product_brand?post=15674"},{"taxonomy":"product_cat","embeddable":true,"href":"https:\/\/todotrial.com\/tienda\/wp-json\/wp\/v2\/product_cat?post=15674"},{"taxonomy":"product_tag","embeddable":true,"href":"https:\/\/todotrial.com\/tienda\/wp-json\/wp\/v2\/product_tag?post=15674"}],"curies":[{"name":"wp","href":"https:\/\/api.w.org\/{rel}","templated":true}]}}