{"id":15016,"date":"2019-04-21T17:30:22","date_gmt":"2019-04-21T17:30:22","guid":{"rendered":"https:\/\/todotrial.com\/tienda\/product\/montesa-cota-315r-pegatinas-estilo-repsol-2016-para-guardabarros-estas-calcomanias-estan-hechas-de-vinilo-super-de-alta-adherencia-y-sobre-laminadas-para-su-proteccion-con-un-laminado-de-alto\/"},"modified":"2025-02-20T17:40:41","modified_gmt":"2025-02-20T16:40:41","slug":"montesa-cota-315r-pegatinas-estilo-repsol-2016-para-guardabarros-estas-calcomanias-estan-hechas-de-vinilo-super-de-alta-adherencia-y-sobre-laminadas-para-su-proteccion-con-un-laminado-de-alto","status":"publish","type":"product","link":"https:\/\/todotrial.com\/tienda\/montesa-cota-315r-pegatinas-estilo-repsol-2016-para-guardabarros-estas-calcomanias-estan-hechas-de-vinilo-super-de-alta-adherencia-y-sobre-laminadas-para-su-proteccion-con-un-laminado-de-alto\/","title":{"rendered":"Montesa cota 315R pegatinas estilo repsol 2016 para guardabarros."},"content":{"rendered":"<p>Montesa cota 315R pegatinas estilo repsol 2016 para guardabarros. estas calcoman\u00edas est\u00e1n hechas de vinilo s\u00faper de alta adherencia y sobre laminadas para su protecci\u00f3n con un laminado de alto brillo de calidad moto-x que le brinda una calcoman\u00eda resistente.<\/p>\n","protected":false},"excerpt":{"rendered":"<p>Montesa cota 315R pegatinas estilo repsol 2016 para guardabarros. estas calcoman\u00edas est\u00e1n hechas de vinilo s\u00faper de alta adherencia y sobre laminadas para su protecci\u00f3n con un laminado de alto brillo de calidad moto-x que le brinda una calcoman\u00eda resistente.<\/p>\n","protected":false},"featured_media":15015,"comment_status":"open","ping_status":"closed","template":"","meta":[],"product_brand":[],"product_cat":[15],"product_tag":[],"class_list":{"0":"post-15016","1":"product","2":"type-product","3":"status-publish","4":"has-post-thumbnail","6":"product_cat-uncategorized","8":"first","9":"outofstock","10":"taxable","11":"shipping-taxable","12":"purchasable","13":"product-type-simple"},"yoast_head":"<!-- This site is optimized with the Yoast SEO Premium plugin v21.2 (Yoast SEO v27.5) - https:\/\/yoast.com\/product\/yoast-seo-premium-wordpress\/ -->\n<title>Montesa cota 315R pegatinas estilo repsol 2016 para guardabarros. - Tienda de todotrial<\/title>\n<meta name=\"robots\" content=\"index, follow, max-snippet:-1, max-image-preview:large, max-video-preview:-1\" \/>\n<link rel=\"canonical\" href=\"https:\/\/todotrial.com\/tienda\/montesa-cota-315r-pegatinas-estilo-repsol-2016-para-guardabarros-estas-calcomanias-estan-hechas-de-vinilo-super-de-alta-adherencia-y-sobre-laminadas-para-su-proteccion-con-un-laminado-de-alto\/\" \/>\n<meta property=\"og:locale\" content=\"es_ES\" \/>\n<meta property=\"og:type\" content=\"article\" \/>\n<meta property=\"og:title\" content=\"Montesa cota 315R pegatinas estilo repsol 2016 para guardabarros.\" \/>\n<meta property=\"og:description\" content=\"Montesa cota 315R pegatinas estilo repsol 2016 para guardabarros. estas calcoman\u00edas est\u00e1n hechas de vinilo s\u00faper de alta adherencia y sobre laminadas para su protecci\u00f3n con un laminado de alto brillo de calidad moto-x que le brinda una calcoman\u00eda resistente.\" \/>\n<meta property=\"og:url\" content=\"https:\/\/todotrial.com\/tienda\/montesa-cota-315r-pegatinas-estilo-repsol-2016-para-guardabarros-estas-calcomanias-estan-hechas-de-vinilo-super-de-alta-adherencia-y-sobre-laminadas-para-su-proteccion-con-un-laminado-de-alto\/\" \/>\n<meta property=\"og:site_name\" content=\"Tienda de todotrial\" \/>\n<meta property=\"article:modified_time\" content=\"2025-02-20T16:40:41+00:00\" \/>\n<meta property=\"og:image\" content=\"https:\/\/todotrial.com\/tienda\/wp-content\/uploads\/2019\/04\/cota315r_pegatinas_guardab.jpg\" \/>\n\t<meta property=\"og:image:width\" content=\"1208\" \/>\n\t<meta property=\"og:image:height\" content=\"530\" \/>\n\t<meta property=\"og:image:type\" content=\"image\/jpeg\" \/>\n<meta name=\"twitter:card\" content=\"summary_large_image\" \/>\n<script type=\"application\/ld+json\" class=\"yoast-schema-graph\">{\"@context\":\"https:\\\/\\\/schema.org\",\"@graph\":[{\"@type\":\"WebPage\",\"@id\":\"https:\\\/\\\/todotrial.com\\\/tienda\\\/montesa-cota-315r-pegatinas-estilo-repsol-2016-para-guardabarros-estas-calcomanias-estan-hechas-de-vinilo-super-de-alta-adherencia-y-sobre-laminadas-para-su-proteccion-con-un-laminado-de-alto\\\/\",\"url\":\"https:\\\/\\\/todotrial.com\\\/tienda\\\/montesa-cota-315r-pegatinas-estilo-repsol-2016-para-guardabarros-estas-calcomanias-estan-hechas-de-vinilo-super-de-alta-adherencia-y-sobre-laminadas-para-su-proteccion-con-un-laminado-de-alto\\\/\",\"name\":\"Montesa cota 315R pegatinas estilo repsol 2016 para guardabarros. - Tienda de todotrial\",\"isPartOf\":{\"@id\":\"https:\\\/\\\/todotrial.com\\\/tienda\\\/#website\"},\"primaryImageOfPage\":{\"@id\":\"https:\\\/\\\/todotrial.com\\\/tienda\\\/montesa-cota-315r-pegatinas-estilo-repsol-2016-para-guardabarros-estas-calcomanias-estan-hechas-de-vinilo-super-de-alta-adherencia-y-sobre-laminadas-para-su-proteccion-con-un-laminado-de-alto\\\/#primaryimage\"},\"image\":{\"@id\":\"https:\\\/\\\/todotrial.com\\\/tienda\\\/montesa-cota-315r-pegatinas-estilo-repsol-2016-para-guardabarros-estas-calcomanias-estan-hechas-de-vinilo-super-de-alta-adherencia-y-sobre-laminadas-para-su-proteccion-con-un-laminado-de-alto\\\/#primaryimage\"},\"thumbnailUrl\":\"https:\\\/\\\/todotrial.com\\\/tienda\\\/wp-content\\\/uploads\\\/2019\\\/04\\\/cota315r_pegatinas_guardab.jpg\",\"datePublished\":\"2019-04-21T17:30:22+00:00\",\"dateModified\":\"2025-02-20T16:40:41+00:00\",\"breadcrumb\":{\"@id\":\"https:\\\/\\\/todotrial.com\\\/tienda\\\/montesa-cota-315r-pegatinas-estilo-repsol-2016-para-guardabarros-estas-calcomanias-estan-hechas-de-vinilo-super-de-alta-adherencia-y-sobre-laminadas-para-su-proteccion-con-un-laminado-de-alto\\\/#breadcrumb\"},\"inLanguage\":\"es\",\"potentialAction\":[{\"@type\":\"ReadAction\",\"target\":[\"https:\\\/\\\/todotrial.com\\\/tienda\\\/montesa-cota-315r-pegatinas-estilo-repsol-2016-para-guardabarros-estas-calcomanias-estan-hechas-de-vinilo-super-de-alta-adherencia-y-sobre-laminadas-para-su-proteccion-con-un-laminado-de-alto\\\/\"]}]},{\"@type\":\"ImageObject\",\"inLanguage\":\"es\",\"@id\":\"https:\\\/\\\/todotrial.com\\\/tienda\\\/montesa-cota-315r-pegatinas-estilo-repsol-2016-para-guardabarros-estas-calcomanias-estan-hechas-de-vinilo-super-de-alta-adherencia-y-sobre-laminadas-para-su-proteccion-con-un-laminado-de-alto\\\/#primaryimage\",\"url\":\"https:\\\/\\\/todotrial.com\\\/tienda\\\/wp-content\\\/uploads\\\/2019\\\/04\\\/cota315r_pegatinas_guardab.jpg\",\"contentUrl\":\"https:\\\/\\\/todotrial.com\\\/tienda\\\/wp-content\\\/uploads\\\/2019\\\/04\\\/cota315r_pegatinas_guardab.jpg\",\"width\":1208,\"height\":530},{\"@type\":\"BreadcrumbList\",\"@id\":\"https:\\\/\\\/todotrial.com\\\/tienda\\\/montesa-cota-315r-pegatinas-estilo-repsol-2016-para-guardabarros-estas-calcomanias-estan-hechas-de-vinilo-super-de-alta-adherencia-y-sobre-laminadas-para-su-proteccion-con-un-laminado-de-alto\\\/#breadcrumb\",\"itemListElement\":[{\"@type\":\"ListItem\",\"position\":1,\"name\":\"Portada\",\"item\":\"https:\\\/\\\/todotrial.com\\\/tienda\\\/\"},{\"@type\":\"ListItem\",\"position\":2,\"name\":\"Shop\",\"item\":\"https:\\\/\\\/todotrial.com\\\/tienda\\\/shop\\\/\"},{\"@type\":\"ListItem\",\"position\":3,\"name\":\"Montesa cota 315R pegatinas estilo repsol 2016 para guardabarros.\"}]},{\"@type\":\"WebSite\",\"@id\":\"https:\\\/\\\/todotrial.com\\\/tienda\\\/#website\",\"url\":\"https:\\\/\\\/todotrial.com\\\/tienda\\\/\",\"name\":\"Tienda de todotrial\",\"description\":\"\",\"potentialAction\":[{\"@type\":\"SearchAction\",\"target\":{\"@type\":\"EntryPoint\",\"urlTemplate\":\"https:\\\/\\\/todotrial.com\\\/tienda\\\/?s={search_term_string}\"},\"query-input\":{\"@type\":\"PropertyValueSpecification\",\"valueRequired\":true,\"valueName\":\"search_term_string\"}}],\"inLanguage\":\"es\"}]}<\/script>\n<!-- \/ Yoast SEO Premium plugin. -->","yoast_head_json":{"title":"Montesa cota 315R pegatinas estilo repsol 2016 para guardabarros. - Tienda de todotrial","robots":{"index":"index","follow":"follow","max-snippet":"max-snippet:-1","max-image-preview":"max-image-preview:large","max-video-preview":"max-video-preview:-1"},"canonical":"https:\/\/todotrial.com\/tienda\/montesa-cota-315r-pegatinas-estilo-repsol-2016-para-guardabarros-estas-calcomanias-estan-hechas-de-vinilo-super-de-alta-adherencia-y-sobre-laminadas-para-su-proteccion-con-un-laminado-de-alto\/","og_locale":"es_ES","og_type":"article","og_title":"Montesa cota 315R pegatinas estilo repsol 2016 para guardabarros.","og_description":"Montesa cota 315R pegatinas estilo repsol 2016 para guardabarros. estas calcoman\u00edas est\u00e1n hechas de vinilo s\u00faper de alta adherencia y sobre laminadas para su protecci\u00f3n con un laminado de alto brillo de calidad moto-x que le brinda una calcoman\u00eda resistente.","og_url":"https:\/\/todotrial.com\/tienda\/montesa-cota-315r-pegatinas-estilo-repsol-2016-para-guardabarros-estas-calcomanias-estan-hechas-de-vinilo-super-de-alta-adherencia-y-sobre-laminadas-para-su-proteccion-con-un-laminado-de-alto\/","og_site_name":"Tienda de todotrial","article_modified_time":"2025-02-20T16:40:41+00:00","og_image":[{"width":1208,"height":530,"url":"https:\/\/todotrial.com\/tienda\/wp-content\/uploads\/2019\/04\/cota315r_pegatinas_guardab.jpg","type":"image\/jpeg"}],"twitter_card":"summary_large_image","schema":{"@context":"https:\/\/schema.org","@graph":[{"@type":"WebPage","@id":"https:\/\/todotrial.com\/tienda\/montesa-cota-315r-pegatinas-estilo-repsol-2016-para-guardabarros-estas-calcomanias-estan-hechas-de-vinilo-super-de-alta-adherencia-y-sobre-laminadas-para-su-proteccion-con-un-laminado-de-alto\/","url":"https:\/\/todotrial.com\/tienda\/montesa-cota-315r-pegatinas-estilo-repsol-2016-para-guardabarros-estas-calcomanias-estan-hechas-de-vinilo-super-de-alta-adherencia-y-sobre-laminadas-para-su-proteccion-con-un-laminado-de-alto\/","name":"Montesa cota 315R pegatinas estilo repsol 2016 para guardabarros. - Tienda de todotrial","isPartOf":{"@id":"https:\/\/todotrial.com\/tienda\/#website"},"primaryImageOfPage":{"@id":"https:\/\/todotrial.com\/tienda\/montesa-cota-315r-pegatinas-estilo-repsol-2016-para-guardabarros-estas-calcomanias-estan-hechas-de-vinilo-super-de-alta-adherencia-y-sobre-laminadas-para-su-proteccion-con-un-laminado-de-alto\/#primaryimage"},"image":{"@id":"https:\/\/todotrial.com\/tienda\/montesa-cota-315r-pegatinas-estilo-repsol-2016-para-guardabarros-estas-calcomanias-estan-hechas-de-vinilo-super-de-alta-adherencia-y-sobre-laminadas-para-su-proteccion-con-un-laminado-de-alto\/#primaryimage"},"thumbnailUrl":"https:\/\/todotrial.com\/tienda\/wp-content\/uploads\/2019\/04\/cota315r_pegatinas_guardab.jpg","datePublished":"2019-04-21T17:30:22+00:00","dateModified":"2025-02-20T16:40:41+00:00","breadcrumb":{"@id":"https:\/\/todotrial.com\/tienda\/montesa-cota-315r-pegatinas-estilo-repsol-2016-para-guardabarros-estas-calcomanias-estan-hechas-de-vinilo-super-de-alta-adherencia-y-sobre-laminadas-para-su-proteccion-con-un-laminado-de-alto\/#breadcrumb"},"inLanguage":"es","potentialAction":[{"@type":"ReadAction","target":["https:\/\/todotrial.com\/tienda\/montesa-cota-315r-pegatinas-estilo-repsol-2016-para-guardabarros-estas-calcomanias-estan-hechas-de-vinilo-super-de-alta-adherencia-y-sobre-laminadas-para-su-proteccion-con-un-laminado-de-alto\/"]}]},{"@type":"ImageObject","inLanguage":"es","@id":"https:\/\/todotrial.com\/tienda\/montesa-cota-315r-pegatinas-estilo-repsol-2016-para-guardabarros-estas-calcomanias-estan-hechas-de-vinilo-super-de-alta-adherencia-y-sobre-laminadas-para-su-proteccion-con-un-laminado-de-alto\/#primaryimage","url":"https:\/\/todotrial.com\/tienda\/wp-content\/uploads\/2019\/04\/cota315r_pegatinas_guardab.jpg","contentUrl":"https:\/\/todotrial.com\/tienda\/wp-content\/uploads\/2019\/04\/cota315r_pegatinas_guardab.jpg","width":1208,"height":530},{"@type":"BreadcrumbList","@id":"https:\/\/todotrial.com\/tienda\/montesa-cota-315r-pegatinas-estilo-repsol-2016-para-guardabarros-estas-calcomanias-estan-hechas-de-vinilo-super-de-alta-adherencia-y-sobre-laminadas-para-su-proteccion-con-un-laminado-de-alto\/#breadcrumb","itemListElement":[{"@type":"ListItem","position":1,"name":"Portada","item":"https:\/\/todotrial.com\/tienda\/"},{"@type":"ListItem","position":2,"name":"Shop","item":"https:\/\/todotrial.com\/tienda\/shop\/"},{"@type":"ListItem","position":3,"name":"Montesa cota 315R pegatinas estilo repsol 2016 para guardabarros."}]},{"@type":"WebSite","@id":"https:\/\/todotrial.com\/tienda\/#website","url":"https:\/\/todotrial.com\/tienda\/","name":"Tienda de todotrial","description":"","potentialAction":[{"@type":"SearchAction","target":{"@type":"EntryPoint","urlTemplate":"https:\/\/todotrial.com\/tienda\/?s={search_term_string}"},"query-input":{"@type":"PropertyValueSpecification","valueRequired":true,"valueName":"search_term_string"}}],"inLanguage":"es"}]}},"_links":{"self":[{"href":"https:\/\/todotrial.com\/tienda\/wp-json\/wp\/v2\/product\/15016","targetHints":{"allow":["GET"]}}],"collection":[{"href":"https:\/\/todotrial.com\/tienda\/wp-json\/wp\/v2\/product"}],"about":[{"href":"https:\/\/todotrial.com\/tienda\/wp-json\/wp\/v2\/types\/product"}],"replies":[{"embeddable":true,"href":"https:\/\/todotrial.com\/tienda\/wp-json\/wp\/v2\/comments?post=15016"}],"version-history":[{"count":0,"href":"https:\/\/todotrial.com\/tienda\/wp-json\/wp\/v2\/product\/15016\/revisions"}],"wp:featuredmedia":[{"embeddable":true,"href":"https:\/\/todotrial.com\/tienda\/wp-json\/wp\/v2\/media\/15015"}],"wp:attachment":[{"href":"https:\/\/todotrial.com\/tienda\/wp-json\/wp\/v2\/media?parent=15016"}],"wp:term":[{"taxonomy":"product_brand","embeddable":true,"href":"https:\/\/todotrial.com\/tienda\/wp-json\/wp\/v2\/product_brand?post=15016"},{"taxonomy":"product_cat","embeddable":true,"href":"https:\/\/todotrial.com\/tienda\/wp-json\/wp\/v2\/product_cat?post=15016"},{"taxonomy":"product_tag","embeddable":true,"href":"https:\/\/todotrial.com\/tienda\/wp-json\/wp\/v2\/product_tag?post=15016"}],"curies":[{"name":"wp","href":"https:\/\/api.w.org\/{rel}","templated":true}]}}