{"id":14944,"date":"2019-04-18T16:04:35","date_gmt":"2019-04-18T16:04:35","guid":{"rendered":"https:\/\/todotrial.com\/tienda\/product\/reten2019-04-18-16-04-35\/"},"modified":"2025-02-20T17:41:09","modified_gmt":"2025-02-20T16:41:09","slug":"reten2019-04-18-16-04-35","status":"publish","type":"product","link":"https:\/\/todotrial.com\/tienda\/reten2019-04-18-16-04-35\/","title":{"rendered":"BULTACO Reten de aceite  para el extremo del Eje principal"},"content":{"rendered":"<p>BULTACO Reten de aceite para el extremo del Eje principal.<br \/>Compruebe el tama\u00f1o de su eje de transmisi\u00f3n para que podamos enviar el reten correcto.<\/p>\n<p>Este es el reten que encaja en el FINAL del eje de transmisi\u00f3n por donde sale la varilla de empuje.<\/p>\n<p>La mayor\u00eda de los modelos de 5 velocidades utilizan un di\u00e1metro de eje de transmisi\u00f3n de 25 mm.<\/p>\n<p>La mayor\u00eda de los modelos de 6 velocidades utilizan un di\u00e1metro de eje de transmisi\u00f3n de 30 mm.<\/p>\n<p>pero en algunos modelos de Sherpa 199B 340cc se utiliz\u00f3 un eje de 25 mm, as\u00ed que, por favor, compruebe.<\/p>\n","protected":false},"excerpt":{"rendered":"<p>BULTACO Reten de aceite  para el extremo del Eje principal.<br \/>\nCompruebe el tama\u00f1o de su eje de transmisi\u00f3n para que podamos enviar el reten correcto.<\/p>\n<p>Este es el reten que encaja en el FINAL del eje de transmisi\u00f3n por donde sale la varilla de empuje<\/p>\n","protected":false},"featured_media":14943,"comment_status":"open","ping_status":"closed","template":"","meta":[],"product_brand":[],"product_cat":[15],"product_tag":[],"class_list":{"0":"post-14944","1":"product","2":"type-product","3":"status-publish","4":"has-post-thumbnail","6":"product_cat-uncategorized","8":"first","9":"outofstock","10":"taxable","11":"shipping-taxable","12":"purchasable","13":"product-type-simple"},"yoast_head":"<!-- This site is optimized with the Yoast SEO Premium plugin v21.2 (Yoast SEO v27.3) - https:\/\/yoast.com\/product\/yoast-seo-premium-wordpress\/ -->\n<title>BULTACO Reten de aceite para el extremo del Eje principal - Tienda de todotrial<\/title>\n<meta name=\"robots\" content=\"index, follow, max-snippet:-1, max-image-preview:large, max-video-preview:-1\" \/>\n<link rel=\"canonical\" href=\"https:\/\/todotrial.com\/tienda\/reten2019-04-18-16-04-35\/\" \/>\n<meta property=\"og:locale\" content=\"es_ES\" \/>\n<meta property=\"og:type\" content=\"article\" \/>\n<meta property=\"og:title\" content=\"BULTACO Reten de aceite para el extremo del Eje principal\" \/>\n<meta property=\"og:description\" content=\"BULTACO Reten de aceite para el extremo del Eje principal. Compruebe el tama\u00f1o de su eje de transmisi\u00f3n para que podamos enviar el reten correcto.  Este es el reten que encaja en el FINAL del eje de transmisi\u00f3n por donde sale la varilla de empuje\" \/>\n<meta property=\"og:url\" content=\"https:\/\/todotrial.com\/tienda\/reten2019-04-18-16-04-35\/\" \/>\n<meta property=\"og:site_name\" content=\"Tienda de todotrial\" \/>\n<meta property=\"article:modified_time\" content=\"2025-02-20T16:41:09+00:00\" \/>\n<meta property=\"og:image\" content=\"https:\/\/todotrial.com\/tienda\/wp-content\/uploads\/2019\/04\/bultaco_reten_eje_trasmisio.jpg\" \/>\n\t<meta property=\"og:image:width\" content=\"904\" \/>\n\t<meta property=\"og:image:height\" content=\"624\" \/>\n\t<meta property=\"og:image:type\" content=\"image\/jpeg\" \/>\n<meta name=\"twitter:card\" content=\"summary_large_image\" \/>\n<meta name=\"twitter:label1\" content=\"Tiempo de lectura\" \/>\n\t<meta name=\"twitter:data1\" content=\"1 minuto\" \/>\n<script type=\"application\/ld+json\" class=\"yoast-schema-graph\">{\"@context\":\"https:\\\/\\\/schema.org\",\"@graph\":[{\"@type\":\"WebPage\",\"@id\":\"https:\\\/\\\/todotrial.com\\\/tienda\\\/reten2019-04-18-16-04-35\\\/\",\"url\":\"https:\\\/\\\/todotrial.com\\\/tienda\\\/reten2019-04-18-16-04-35\\\/\",\"name\":\"BULTACO Reten de aceite para el extremo del Eje principal - Tienda de todotrial\",\"isPartOf\":{\"@id\":\"https:\\\/\\\/todotrial.com\\\/tienda\\\/#website\"},\"primaryImageOfPage\":{\"@id\":\"https:\\\/\\\/todotrial.com\\\/tienda\\\/reten2019-04-18-16-04-35\\\/#primaryimage\"},\"image\":{\"@id\":\"https:\\\/\\\/todotrial.com\\\/tienda\\\/reten2019-04-18-16-04-35\\\/#primaryimage\"},\"thumbnailUrl\":\"https:\\\/\\\/todotrial.com\\\/tienda\\\/wp-content\\\/uploads\\\/2019\\\/04\\\/bultaco_reten_eje_trasmisio.jpg\",\"datePublished\":\"2019-04-18T16:04:35+00:00\",\"dateModified\":\"2025-02-20T16:41:09+00:00\",\"breadcrumb\":{\"@id\":\"https:\\\/\\\/todotrial.com\\\/tienda\\\/reten2019-04-18-16-04-35\\\/#breadcrumb\"},\"inLanguage\":\"es\",\"potentialAction\":[{\"@type\":\"ReadAction\",\"target\":[\"https:\\\/\\\/todotrial.com\\\/tienda\\\/reten2019-04-18-16-04-35\\\/\"]}]},{\"@type\":\"ImageObject\",\"inLanguage\":\"es\",\"@id\":\"https:\\\/\\\/todotrial.com\\\/tienda\\\/reten2019-04-18-16-04-35\\\/#primaryimage\",\"url\":\"https:\\\/\\\/todotrial.com\\\/tienda\\\/wp-content\\\/uploads\\\/2019\\\/04\\\/bultaco_reten_eje_trasmisio.jpg\",\"contentUrl\":\"https:\\\/\\\/todotrial.com\\\/tienda\\\/wp-content\\\/uploads\\\/2019\\\/04\\\/bultaco_reten_eje_trasmisio.jpg\",\"width\":904,\"height\":624},{\"@type\":\"BreadcrumbList\",\"@id\":\"https:\\\/\\\/todotrial.com\\\/tienda\\\/reten2019-04-18-16-04-35\\\/#breadcrumb\",\"itemListElement\":[{\"@type\":\"ListItem\",\"position\":1,\"name\":\"Portada\",\"item\":\"https:\\\/\\\/todotrial.com\\\/tienda\\\/\"},{\"@type\":\"ListItem\",\"position\":2,\"name\":\"Shop\",\"item\":\"https:\\\/\\\/todotrial.com\\\/tienda\\\/shop\\\/\"},{\"@type\":\"ListItem\",\"position\":3,\"name\":\"BULTACO Reten de aceite para el extremo del Eje principal\"}]},{\"@type\":\"WebSite\",\"@id\":\"https:\\\/\\\/todotrial.com\\\/tienda\\\/#website\",\"url\":\"https:\\\/\\\/todotrial.com\\\/tienda\\\/\",\"name\":\"Tienda de todotrial\",\"description\":\"\",\"potentialAction\":[{\"@type\":\"SearchAction\",\"target\":{\"@type\":\"EntryPoint\",\"urlTemplate\":\"https:\\\/\\\/todotrial.com\\\/tienda\\\/?s={search_term_string}\"},\"query-input\":{\"@type\":\"PropertyValueSpecification\",\"valueRequired\":true,\"valueName\":\"search_term_string\"}}],\"inLanguage\":\"es\"}]}<\/script>\n<!-- \/ Yoast SEO Premium plugin. -->","yoast_head_json":{"title":"BULTACO Reten de aceite para el extremo del Eje principal - Tienda de todotrial","robots":{"index":"index","follow":"follow","max-snippet":"max-snippet:-1","max-image-preview":"max-image-preview:large","max-video-preview":"max-video-preview:-1"},"canonical":"https:\/\/todotrial.com\/tienda\/reten2019-04-18-16-04-35\/","og_locale":"es_ES","og_type":"article","og_title":"BULTACO Reten de aceite para el extremo del Eje principal","og_description":"BULTACO Reten de aceite para el extremo del Eje principal. Compruebe el tama\u00f1o de su eje de transmisi\u00f3n para que podamos enviar el reten correcto.  Este es el reten que encaja en el FINAL del eje de transmisi\u00f3n por donde sale la varilla de empuje","og_url":"https:\/\/todotrial.com\/tienda\/reten2019-04-18-16-04-35\/","og_site_name":"Tienda de todotrial","article_modified_time":"2025-02-20T16:41:09+00:00","og_image":[{"width":904,"height":624,"url":"https:\/\/todotrial.com\/tienda\/wp-content\/uploads\/2019\/04\/bultaco_reten_eje_trasmisio.jpg","type":"image\/jpeg"}],"twitter_card":"summary_large_image","twitter_misc":{"Tiempo de lectura":"1 minuto"},"schema":{"@context":"https:\/\/schema.org","@graph":[{"@type":"WebPage","@id":"https:\/\/todotrial.com\/tienda\/reten2019-04-18-16-04-35\/","url":"https:\/\/todotrial.com\/tienda\/reten2019-04-18-16-04-35\/","name":"BULTACO Reten de aceite para el extremo del Eje principal - Tienda de todotrial","isPartOf":{"@id":"https:\/\/todotrial.com\/tienda\/#website"},"primaryImageOfPage":{"@id":"https:\/\/todotrial.com\/tienda\/reten2019-04-18-16-04-35\/#primaryimage"},"image":{"@id":"https:\/\/todotrial.com\/tienda\/reten2019-04-18-16-04-35\/#primaryimage"},"thumbnailUrl":"https:\/\/todotrial.com\/tienda\/wp-content\/uploads\/2019\/04\/bultaco_reten_eje_trasmisio.jpg","datePublished":"2019-04-18T16:04:35+00:00","dateModified":"2025-02-20T16:41:09+00:00","breadcrumb":{"@id":"https:\/\/todotrial.com\/tienda\/reten2019-04-18-16-04-35\/#breadcrumb"},"inLanguage":"es","potentialAction":[{"@type":"ReadAction","target":["https:\/\/todotrial.com\/tienda\/reten2019-04-18-16-04-35\/"]}]},{"@type":"ImageObject","inLanguage":"es","@id":"https:\/\/todotrial.com\/tienda\/reten2019-04-18-16-04-35\/#primaryimage","url":"https:\/\/todotrial.com\/tienda\/wp-content\/uploads\/2019\/04\/bultaco_reten_eje_trasmisio.jpg","contentUrl":"https:\/\/todotrial.com\/tienda\/wp-content\/uploads\/2019\/04\/bultaco_reten_eje_trasmisio.jpg","width":904,"height":624},{"@type":"BreadcrumbList","@id":"https:\/\/todotrial.com\/tienda\/reten2019-04-18-16-04-35\/#breadcrumb","itemListElement":[{"@type":"ListItem","position":1,"name":"Portada","item":"https:\/\/todotrial.com\/tienda\/"},{"@type":"ListItem","position":2,"name":"Shop","item":"https:\/\/todotrial.com\/tienda\/shop\/"},{"@type":"ListItem","position":3,"name":"BULTACO Reten de aceite para el extremo del Eje principal"}]},{"@type":"WebSite","@id":"https:\/\/todotrial.com\/tienda\/#website","url":"https:\/\/todotrial.com\/tienda\/","name":"Tienda de todotrial","description":"","potentialAction":[{"@type":"SearchAction","target":{"@type":"EntryPoint","urlTemplate":"https:\/\/todotrial.com\/tienda\/?s={search_term_string}"},"query-input":{"@type":"PropertyValueSpecification","valueRequired":true,"valueName":"search_term_string"}}],"inLanguage":"es"}]}},"_links":{"self":[{"href":"https:\/\/todotrial.com\/tienda\/wp-json\/wp\/v2\/product\/14944","targetHints":{"allow":["GET"]}}],"collection":[{"href":"https:\/\/todotrial.com\/tienda\/wp-json\/wp\/v2\/product"}],"about":[{"href":"https:\/\/todotrial.com\/tienda\/wp-json\/wp\/v2\/types\/product"}],"replies":[{"embeddable":true,"href":"https:\/\/todotrial.com\/tienda\/wp-json\/wp\/v2\/comments?post=14944"}],"version-history":[{"count":0,"href":"https:\/\/todotrial.com\/tienda\/wp-json\/wp\/v2\/product\/14944\/revisions"}],"wp:featuredmedia":[{"embeddable":true,"href":"https:\/\/todotrial.com\/tienda\/wp-json\/wp\/v2\/media\/14943"}],"wp:attachment":[{"href":"https:\/\/todotrial.com\/tienda\/wp-json\/wp\/v2\/media?parent=14944"}],"wp:term":[{"taxonomy":"product_brand","embeddable":true,"href":"https:\/\/todotrial.com\/tienda\/wp-json\/wp\/v2\/product_brand?post=14944"},{"taxonomy":"product_cat","embeddable":true,"href":"https:\/\/todotrial.com\/tienda\/wp-json\/wp\/v2\/product_cat?post=14944"},{"taxonomy":"product_tag","embeddable":true,"href":"https:\/\/todotrial.com\/tienda\/wp-json\/wp\/v2\/product_tag?post=14944"}],"curies":[{"name":"wp","href":"https:\/\/api.w.org\/{rel}","templated":true}]}}