{"id":14268,"date":"2019-02-18T13:30:09","date_gmt":"2019-02-18T13:30:09","guid":{"rendered":"https:\/\/todotrial.com\/tienda\/product\/estriberas2019-02-18-13-30-09\/"},"modified":"2025-02-20T17:45:36","modified_gmt":"2025-02-20T16:45:36","slug":"estriberas2019-02-18-13-30-09","status":"publish","type":"product","link":"https:\/\/todotrial.com\/tienda\/estriberas2019-02-18-13-30-09\/","title":{"rendered":"Estriberas S3 para todas las motos de trial,fuertes, durables ,color plata"},"content":{"rendered":"<p>Estriberas S3 para todas las motos de trial,fuertes, durables ,color plata.<br \/>Aqu\u00ed tenemos unos bonitos reposapi\u00e9s S3 trial en plata. Estos reposapi\u00e9s vienen de serie en los modelos Gas Gas Pro, pero son una actualizaci\u00f3n com\u00fan para todas las dem\u00e1s motos de trial. \u00a1No se oxidan como la mayor\u00eda de los otros reposapi\u00e9s en el mercado! Este es un kit completo que incluye casquillos, resortes, tuercas y tornillos. \u00a1Estos est\u00e1n listos para atornillarse directamente a su moto, se ven y se sienten absolutamente brillantes!<\/p>\n","protected":false},"excerpt":{"rendered":"<p>Estriberas S3 para todas las motos de trial,fuertes, durables ,color plata.<\/p>\n","protected":false},"featured_media":14267,"comment_status":"open","ping_status":"closed","template":"","meta":[],"product_brand":[],"product_cat":[15],"product_tag":[],"class_list":{"0":"post-14268","1":"product","2":"type-product","3":"status-publish","4":"has-post-thumbnail","6":"product_cat-uncategorized","8":"first","9":"instock","10":"taxable","11":"shipping-taxable","12":"purchasable","13":"product-type-simple"},"yoast_head":"<!-- This site is optimized with the Yoast SEO Premium plugin v21.2 (Yoast SEO v27.3) - https:\/\/yoast.com\/product\/yoast-seo-premium-wordpress\/ -->\n<title>Estriberas S3 para todas las motos de trial,fuertes, durables ,color plata - Tienda de todotrial<\/title>\n<meta name=\"robots\" content=\"index, follow, max-snippet:-1, max-image-preview:large, max-video-preview:-1\" \/>\n<link rel=\"canonical\" href=\"https:\/\/todotrial.com\/tienda\/estriberas2019-02-18-13-30-09\/\" \/>\n<meta property=\"og:locale\" content=\"es_ES\" \/>\n<meta property=\"og:type\" content=\"article\" \/>\n<meta property=\"og:title\" content=\"Estriberas S3 para todas las motos de trial,fuertes, durables ,color plata\" \/>\n<meta property=\"og:description\" content=\"Estriberas S3 para todas las motos de trial,fuertes, durables ,color plata.\" \/>\n<meta property=\"og:url\" content=\"https:\/\/todotrial.com\/tienda\/estriberas2019-02-18-13-30-09\/\" \/>\n<meta property=\"og:site_name\" content=\"Tienda de todotrial\" \/>\n<meta property=\"article:modified_time\" content=\"2025-02-20T16:45:36+00:00\" \/>\n<meta property=\"og:image\" content=\"https:\/\/todotrial.com\/tienda\/wp-content\/uploads\/2019\/02\/estriberas_s3_trial.jpg\" \/>\n\t<meta property=\"og:image:width\" content=\"502\" \/>\n\t<meta property=\"og:image:height\" content=\"258\" \/>\n\t<meta property=\"og:image:type\" content=\"image\/jpeg\" \/>\n<meta name=\"twitter:card\" content=\"summary_large_image\" \/>\n<script type=\"application\/ld+json\" class=\"yoast-schema-graph\">{\"@context\":\"https:\\\/\\\/schema.org\",\"@graph\":[{\"@type\":\"WebPage\",\"@id\":\"https:\\\/\\\/todotrial.com\\\/tienda\\\/estriberas2019-02-18-13-30-09\\\/\",\"url\":\"https:\\\/\\\/todotrial.com\\\/tienda\\\/estriberas2019-02-18-13-30-09\\\/\",\"name\":\"Estriberas S3 para todas las motos de trial,fuertes, durables ,color plata - Tienda de todotrial\",\"isPartOf\":{\"@id\":\"https:\\\/\\\/todotrial.com\\\/tienda\\\/#website\"},\"primaryImageOfPage\":{\"@id\":\"https:\\\/\\\/todotrial.com\\\/tienda\\\/estriberas2019-02-18-13-30-09\\\/#primaryimage\"},\"image\":{\"@id\":\"https:\\\/\\\/todotrial.com\\\/tienda\\\/estriberas2019-02-18-13-30-09\\\/#primaryimage\"},\"thumbnailUrl\":\"https:\\\/\\\/todotrial.com\\\/tienda\\\/wp-content\\\/uploads\\\/2019\\\/02\\\/estriberas_s3_trial.jpg\",\"datePublished\":\"2019-02-18T13:30:09+00:00\",\"dateModified\":\"2025-02-20T16:45:36+00:00\",\"breadcrumb\":{\"@id\":\"https:\\\/\\\/todotrial.com\\\/tienda\\\/estriberas2019-02-18-13-30-09\\\/#breadcrumb\"},\"inLanguage\":\"es\",\"potentialAction\":[{\"@type\":\"ReadAction\",\"target\":[\"https:\\\/\\\/todotrial.com\\\/tienda\\\/estriberas2019-02-18-13-30-09\\\/\"]}]},{\"@type\":\"ImageObject\",\"inLanguage\":\"es\",\"@id\":\"https:\\\/\\\/todotrial.com\\\/tienda\\\/estriberas2019-02-18-13-30-09\\\/#primaryimage\",\"url\":\"https:\\\/\\\/todotrial.com\\\/tienda\\\/wp-content\\\/uploads\\\/2019\\\/02\\\/estriberas_s3_trial.jpg\",\"contentUrl\":\"https:\\\/\\\/todotrial.com\\\/tienda\\\/wp-content\\\/uploads\\\/2019\\\/02\\\/estriberas_s3_trial.jpg\",\"width\":502,\"height\":258},{\"@type\":\"BreadcrumbList\",\"@id\":\"https:\\\/\\\/todotrial.com\\\/tienda\\\/estriberas2019-02-18-13-30-09\\\/#breadcrumb\",\"itemListElement\":[{\"@type\":\"ListItem\",\"position\":1,\"name\":\"Portada\",\"item\":\"https:\\\/\\\/todotrial.com\\\/tienda\\\/\"},{\"@type\":\"ListItem\",\"position\":2,\"name\":\"Shop\",\"item\":\"https:\\\/\\\/todotrial.com\\\/tienda\\\/shop\\\/\"},{\"@type\":\"ListItem\",\"position\":3,\"name\":\"Estriberas S3 para todas las motos de trial,fuertes, durables ,color plata\"}]},{\"@type\":\"WebSite\",\"@id\":\"https:\\\/\\\/todotrial.com\\\/tienda\\\/#website\",\"url\":\"https:\\\/\\\/todotrial.com\\\/tienda\\\/\",\"name\":\"Tienda de todotrial\",\"description\":\"\",\"potentialAction\":[{\"@type\":\"SearchAction\",\"target\":{\"@type\":\"EntryPoint\",\"urlTemplate\":\"https:\\\/\\\/todotrial.com\\\/tienda\\\/?s={search_term_string}\"},\"query-input\":{\"@type\":\"PropertyValueSpecification\",\"valueRequired\":true,\"valueName\":\"search_term_string\"}}],\"inLanguage\":\"es\"}]}<\/script>\n<!-- \/ Yoast SEO Premium plugin. -->","yoast_head_json":{"title":"Estriberas S3 para todas las motos de trial,fuertes, durables ,color plata - Tienda de todotrial","robots":{"index":"index","follow":"follow","max-snippet":"max-snippet:-1","max-image-preview":"max-image-preview:large","max-video-preview":"max-video-preview:-1"},"canonical":"https:\/\/todotrial.com\/tienda\/estriberas2019-02-18-13-30-09\/","og_locale":"es_ES","og_type":"article","og_title":"Estriberas S3 para todas las motos de trial,fuertes, durables ,color plata","og_description":"Estriberas S3 para todas las motos de trial,fuertes, durables ,color plata.","og_url":"https:\/\/todotrial.com\/tienda\/estriberas2019-02-18-13-30-09\/","og_site_name":"Tienda de todotrial","article_modified_time":"2025-02-20T16:45:36+00:00","og_image":[{"width":502,"height":258,"url":"https:\/\/todotrial.com\/tienda\/wp-content\/uploads\/2019\/02\/estriberas_s3_trial.jpg","type":"image\/jpeg"}],"twitter_card":"summary_large_image","schema":{"@context":"https:\/\/schema.org","@graph":[{"@type":"WebPage","@id":"https:\/\/todotrial.com\/tienda\/estriberas2019-02-18-13-30-09\/","url":"https:\/\/todotrial.com\/tienda\/estriberas2019-02-18-13-30-09\/","name":"Estriberas S3 para todas las motos de trial,fuertes, durables ,color plata - Tienda de todotrial","isPartOf":{"@id":"https:\/\/todotrial.com\/tienda\/#website"},"primaryImageOfPage":{"@id":"https:\/\/todotrial.com\/tienda\/estriberas2019-02-18-13-30-09\/#primaryimage"},"image":{"@id":"https:\/\/todotrial.com\/tienda\/estriberas2019-02-18-13-30-09\/#primaryimage"},"thumbnailUrl":"https:\/\/todotrial.com\/tienda\/wp-content\/uploads\/2019\/02\/estriberas_s3_trial.jpg","datePublished":"2019-02-18T13:30:09+00:00","dateModified":"2025-02-20T16:45:36+00:00","breadcrumb":{"@id":"https:\/\/todotrial.com\/tienda\/estriberas2019-02-18-13-30-09\/#breadcrumb"},"inLanguage":"es","potentialAction":[{"@type":"ReadAction","target":["https:\/\/todotrial.com\/tienda\/estriberas2019-02-18-13-30-09\/"]}]},{"@type":"ImageObject","inLanguage":"es","@id":"https:\/\/todotrial.com\/tienda\/estriberas2019-02-18-13-30-09\/#primaryimage","url":"https:\/\/todotrial.com\/tienda\/wp-content\/uploads\/2019\/02\/estriberas_s3_trial.jpg","contentUrl":"https:\/\/todotrial.com\/tienda\/wp-content\/uploads\/2019\/02\/estriberas_s3_trial.jpg","width":502,"height":258},{"@type":"BreadcrumbList","@id":"https:\/\/todotrial.com\/tienda\/estriberas2019-02-18-13-30-09\/#breadcrumb","itemListElement":[{"@type":"ListItem","position":1,"name":"Portada","item":"https:\/\/todotrial.com\/tienda\/"},{"@type":"ListItem","position":2,"name":"Shop","item":"https:\/\/todotrial.com\/tienda\/shop\/"},{"@type":"ListItem","position":3,"name":"Estriberas S3 para todas las motos de trial,fuertes, durables ,color plata"}]},{"@type":"WebSite","@id":"https:\/\/todotrial.com\/tienda\/#website","url":"https:\/\/todotrial.com\/tienda\/","name":"Tienda de todotrial","description":"","potentialAction":[{"@type":"SearchAction","target":{"@type":"EntryPoint","urlTemplate":"https:\/\/todotrial.com\/tienda\/?s={search_term_string}"},"query-input":{"@type":"PropertyValueSpecification","valueRequired":true,"valueName":"search_term_string"}}],"inLanguage":"es"}]}},"_links":{"self":[{"href":"https:\/\/todotrial.com\/tienda\/wp-json\/wp\/v2\/product\/14268","targetHints":{"allow":["GET"]}}],"collection":[{"href":"https:\/\/todotrial.com\/tienda\/wp-json\/wp\/v2\/product"}],"about":[{"href":"https:\/\/todotrial.com\/tienda\/wp-json\/wp\/v2\/types\/product"}],"replies":[{"embeddable":true,"href":"https:\/\/todotrial.com\/tienda\/wp-json\/wp\/v2\/comments?post=14268"}],"version-history":[{"count":0,"href":"https:\/\/todotrial.com\/tienda\/wp-json\/wp\/v2\/product\/14268\/revisions"}],"wp:featuredmedia":[{"embeddable":true,"href":"https:\/\/todotrial.com\/tienda\/wp-json\/wp\/v2\/media\/14267"}],"wp:attachment":[{"href":"https:\/\/todotrial.com\/tienda\/wp-json\/wp\/v2\/media?parent=14268"}],"wp:term":[{"taxonomy":"product_brand","embeddable":true,"href":"https:\/\/todotrial.com\/tienda\/wp-json\/wp\/v2\/product_brand?post=14268"},{"taxonomy":"product_cat","embeddable":true,"href":"https:\/\/todotrial.com\/tienda\/wp-json\/wp\/v2\/product_cat?post=14268"},{"taxonomy":"product_tag","embeddable":true,"href":"https:\/\/todotrial.com\/tienda\/wp-json\/wp\/v2\/product_tag?post=14268"}],"curies":[{"name":"wp","href":"https:\/\/api.w.org\/{rel}","templated":true}]}}