{"id":12676,"date":"2018-05-23T16:13:20","date_gmt":"2018-05-23T16:13:20","guid":{"rendered":"https:\/\/todotrial.com\/tienda\/product\/dvds2018-05-23-16-13-20\/"},"modified":"2025-02-20T17:52:36","modified_gmt":"2025-02-20T16:52:36","slug":"dvds2018-05-23-16-13-20","status":"publish","type":"product","link":"https:\/\/todotrial.com\/tienda\/dvds2018-05-23-16-13-20\/","title":{"rendered":"This is Motorcycle Trials"},"content":{"rendered":"<p>This is Motorcycle Trials DVD<\/p>\n<p><span style=\"color: #333333; font-family: sans-serif; font-size: 14.3px;\">Everything you need to know about this fast growing sport with one of the world&#8217;s star riders Steve Colley, and the most successful rider in the history of the sport, Sammy Miller. They explain and demonstrate from basic principles through to winning techniques and preparation, balancing skills, throttle control and weight transfer are all covered. Steve takes you through beginner and intermediate sections with our on-bike camera and action from the world championships is used to illustrate points and entertain you. Sammy covers the development of trials bikes over the last 40 years and demonstrates his winning style. Great viewing whether you are interested in trials or not.<\/span><\/p>\n<p><span style=\"color: #333333; font-family: sans-serif; font-size: 14.3px;\">Todo lo que necesita saber sobre este deporte de r\u00e1pido crecimiento es Steve Colley, uno de los pilotos estrella del mundo, y el piloto m\u00e1s exitoso en la historia del deporte, Sammy Miller. Explican y demuestran desde los principios b\u00e1sicos hasta las t\u00e9cnicas ganadoras y la preparaci\u00f3n, las habilidades de equilibrio, el control del acelerador y la transferencia de peso. Steve te lleva a trav\u00e9s de las secciones de principiante e intermedio con nuestra c\u00e1mara en bicicleta y la acci\u00f3n de los campeonatos del mundo se usa para ilustrar puntos y entretenerte. Sammy cubre el desarrollo de bicicletas de trial en los \u00faltimos 40 a\u00f1os y demuestra su estilo ganador. Excelente visualizaci\u00f3n si le interesan las pruebas o no.<\/span><\/p>\n<p>&nbsp;<\/p>\n","protected":false},"excerpt":{"rendered":"<p>This is Motorcycle Trials DVD<\/p>\n","protected":false},"featured_media":12675,"comment_status":"open","ping_status":"closed","template":"","meta":[],"product_brand":[],"product_cat":[15],"product_tag":[],"class_list":{"0":"post-12676","1":"product","2":"type-product","3":"status-publish","4":"has-post-thumbnail","6":"product_cat-uncategorized","8":"first","9":"instock","10":"taxable","11":"shipping-taxable","12":"purchasable","13":"product-type-simple"},"yoast_head":"<!-- This site is optimized with the Yoast SEO Premium plugin v21.2 (Yoast SEO v27.3) - https:\/\/yoast.com\/product\/yoast-seo-premium-wordpress\/ -->\n<title>This is Motorcycle Trials - Tienda de todotrial<\/title>\n<meta name=\"robots\" content=\"index, follow, max-snippet:-1, max-image-preview:large, max-video-preview:-1\" \/>\n<link rel=\"canonical\" href=\"https:\/\/todotrial.com\/tienda\/dvds2018-05-23-16-13-20\/\" \/>\n<meta property=\"og:locale\" content=\"es_ES\" \/>\n<meta property=\"og:type\" content=\"article\" \/>\n<meta property=\"og:title\" content=\"This is Motorcycle Trials\" \/>\n<meta property=\"og:description\" content=\"This is Motorcycle Trials DVD\" \/>\n<meta property=\"og:url\" content=\"https:\/\/todotrial.com\/tienda\/dvds2018-05-23-16-13-20\/\" \/>\n<meta property=\"og:site_name\" content=\"Tienda de todotrial\" \/>\n<meta property=\"article:modified_time\" content=\"2025-02-20T16:52:36+00:00\" \/>\n<meta property=\"og:image\" content=\"https:\/\/todotrial.com\/tienda\/wp-content\/uploads\/2018\/05\/2043da1.jpg\" \/>\n\t<meta property=\"og:image:width\" content=\"360\" \/>\n\t<meta property=\"og:image:height\" content=\"518\" \/>\n\t<meta property=\"og:image:type\" content=\"image\/jpeg\" \/>\n<meta name=\"twitter:card\" content=\"summary_large_image\" \/>\n<meta name=\"twitter:label1\" content=\"Tiempo de lectura\" \/>\n\t<meta name=\"twitter:data1\" content=\"1 minuto\" \/>\n<script type=\"application\/ld+json\" class=\"yoast-schema-graph\">{\"@context\":\"https:\\\/\\\/schema.org\",\"@graph\":[{\"@type\":\"WebPage\",\"@id\":\"https:\\\/\\\/todotrial.com\\\/tienda\\\/dvds2018-05-23-16-13-20\\\/\",\"url\":\"https:\\\/\\\/todotrial.com\\\/tienda\\\/dvds2018-05-23-16-13-20\\\/\",\"name\":\"This is Motorcycle Trials - Tienda de todotrial\",\"isPartOf\":{\"@id\":\"https:\\\/\\\/todotrial.com\\\/tienda\\\/#website\"},\"primaryImageOfPage\":{\"@id\":\"https:\\\/\\\/todotrial.com\\\/tienda\\\/dvds2018-05-23-16-13-20\\\/#primaryimage\"},\"image\":{\"@id\":\"https:\\\/\\\/todotrial.com\\\/tienda\\\/dvds2018-05-23-16-13-20\\\/#primaryimage\"},\"thumbnailUrl\":\"https:\\\/\\\/todotrial.com\\\/tienda\\\/wp-content\\\/uploads\\\/2018\\\/05\\\/2043da1.jpg\",\"datePublished\":\"2018-05-23T16:13:20+00:00\",\"dateModified\":\"2025-02-20T16:52:36+00:00\",\"breadcrumb\":{\"@id\":\"https:\\\/\\\/todotrial.com\\\/tienda\\\/dvds2018-05-23-16-13-20\\\/#breadcrumb\"},\"inLanguage\":\"es\",\"potentialAction\":[{\"@type\":\"ReadAction\",\"target\":[\"https:\\\/\\\/todotrial.com\\\/tienda\\\/dvds2018-05-23-16-13-20\\\/\"]}]},{\"@type\":\"ImageObject\",\"inLanguage\":\"es\",\"@id\":\"https:\\\/\\\/todotrial.com\\\/tienda\\\/dvds2018-05-23-16-13-20\\\/#primaryimage\",\"url\":\"https:\\\/\\\/todotrial.com\\\/tienda\\\/wp-content\\\/uploads\\\/2018\\\/05\\\/2043da1.jpg\",\"contentUrl\":\"https:\\\/\\\/todotrial.com\\\/tienda\\\/wp-content\\\/uploads\\\/2018\\\/05\\\/2043da1.jpg\",\"width\":360,\"height\":518},{\"@type\":\"BreadcrumbList\",\"@id\":\"https:\\\/\\\/todotrial.com\\\/tienda\\\/dvds2018-05-23-16-13-20\\\/#breadcrumb\",\"itemListElement\":[{\"@type\":\"ListItem\",\"position\":1,\"name\":\"Portada\",\"item\":\"https:\\\/\\\/todotrial.com\\\/tienda\\\/\"},{\"@type\":\"ListItem\",\"position\":2,\"name\":\"Shop\",\"item\":\"https:\\\/\\\/todotrial.com\\\/tienda\\\/shop\\\/\"},{\"@type\":\"ListItem\",\"position\":3,\"name\":\"This is Motorcycle Trials\"}]},{\"@type\":\"WebSite\",\"@id\":\"https:\\\/\\\/todotrial.com\\\/tienda\\\/#website\",\"url\":\"https:\\\/\\\/todotrial.com\\\/tienda\\\/\",\"name\":\"Tienda de todotrial\",\"description\":\"\",\"potentialAction\":[{\"@type\":\"SearchAction\",\"target\":{\"@type\":\"EntryPoint\",\"urlTemplate\":\"https:\\\/\\\/todotrial.com\\\/tienda\\\/?s={search_term_string}\"},\"query-input\":{\"@type\":\"PropertyValueSpecification\",\"valueRequired\":true,\"valueName\":\"search_term_string\"}}],\"inLanguage\":\"es\"}]}<\/script>\n<!-- \/ Yoast SEO Premium plugin. -->","yoast_head_json":{"title":"This is Motorcycle Trials - Tienda de todotrial","robots":{"index":"index","follow":"follow","max-snippet":"max-snippet:-1","max-image-preview":"max-image-preview:large","max-video-preview":"max-video-preview:-1"},"canonical":"https:\/\/todotrial.com\/tienda\/dvds2018-05-23-16-13-20\/","og_locale":"es_ES","og_type":"article","og_title":"This is Motorcycle Trials","og_description":"This is Motorcycle Trials DVD","og_url":"https:\/\/todotrial.com\/tienda\/dvds2018-05-23-16-13-20\/","og_site_name":"Tienda de todotrial","article_modified_time":"2025-02-20T16:52:36+00:00","og_image":[{"width":360,"height":518,"url":"https:\/\/todotrial.com\/tienda\/wp-content\/uploads\/2018\/05\/2043da1.jpg","type":"image\/jpeg"}],"twitter_card":"summary_large_image","twitter_misc":{"Tiempo de lectura":"1 minuto"},"schema":{"@context":"https:\/\/schema.org","@graph":[{"@type":"WebPage","@id":"https:\/\/todotrial.com\/tienda\/dvds2018-05-23-16-13-20\/","url":"https:\/\/todotrial.com\/tienda\/dvds2018-05-23-16-13-20\/","name":"This is Motorcycle Trials - Tienda de todotrial","isPartOf":{"@id":"https:\/\/todotrial.com\/tienda\/#website"},"primaryImageOfPage":{"@id":"https:\/\/todotrial.com\/tienda\/dvds2018-05-23-16-13-20\/#primaryimage"},"image":{"@id":"https:\/\/todotrial.com\/tienda\/dvds2018-05-23-16-13-20\/#primaryimage"},"thumbnailUrl":"https:\/\/todotrial.com\/tienda\/wp-content\/uploads\/2018\/05\/2043da1.jpg","datePublished":"2018-05-23T16:13:20+00:00","dateModified":"2025-02-20T16:52:36+00:00","breadcrumb":{"@id":"https:\/\/todotrial.com\/tienda\/dvds2018-05-23-16-13-20\/#breadcrumb"},"inLanguage":"es","potentialAction":[{"@type":"ReadAction","target":["https:\/\/todotrial.com\/tienda\/dvds2018-05-23-16-13-20\/"]}]},{"@type":"ImageObject","inLanguage":"es","@id":"https:\/\/todotrial.com\/tienda\/dvds2018-05-23-16-13-20\/#primaryimage","url":"https:\/\/todotrial.com\/tienda\/wp-content\/uploads\/2018\/05\/2043da1.jpg","contentUrl":"https:\/\/todotrial.com\/tienda\/wp-content\/uploads\/2018\/05\/2043da1.jpg","width":360,"height":518},{"@type":"BreadcrumbList","@id":"https:\/\/todotrial.com\/tienda\/dvds2018-05-23-16-13-20\/#breadcrumb","itemListElement":[{"@type":"ListItem","position":1,"name":"Portada","item":"https:\/\/todotrial.com\/tienda\/"},{"@type":"ListItem","position":2,"name":"Shop","item":"https:\/\/todotrial.com\/tienda\/shop\/"},{"@type":"ListItem","position":3,"name":"This is Motorcycle Trials"}]},{"@type":"WebSite","@id":"https:\/\/todotrial.com\/tienda\/#website","url":"https:\/\/todotrial.com\/tienda\/","name":"Tienda de todotrial","description":"","potentialAction":[{"@type":"SearchAction","target":{"@type":"EntryPoint","urlTemplate":"https:\/\/todotrial.com\/tienda\/?s={search_term_string}"},"query-input":{"@type":"PropertyValueSpecification","valueRequired":true,"valueName":"search_term_string"}}],"inLanguage":"es"}]}},"_links":{"self":[{"href":"https:\/\/todotrial.com\/tienda\/wp-json\/wp\/v2\/product\/12676","targetHints":{"allow":["GET"]}}],"collection":[{"href":"https:\/\/todotrial.com\/tienda\/wp-json\/wp\/v2\/product"}],"about":[{"href":"https:\/\/todotrial.com\/tienda\/wp-json\/wp\/v2\/types\/product"}],"replies":[{"embeddable":true,"href":"https:\/\/todotrial.com\/tienda\/wp-json\/wp\/v2\/comments?post=12676"}],"version-history":[{"count":0,"href":"https:\/\/todotrial.com\/tienda\/wp-json\/wp\/v2\/product\/12676\/revisions"}],"wp:featuredmedia":[{"embeddable":true,"href":"https:\/\/todotrial.com\/tienda\/wp-json\/wp\/v2\/media\/12675"}],"wp:attachment":[{"href":"https:\/\/todotrial.com\/tienda\/wp-json\/wp\/v2\/media?parent=12676"}],"wp:term":[{"taxonomy":"product_brand","embeddable":true,"href":"https:\/\/todotrial.com\/tienda\/wp-json\/wp\/v2\/product_brand?post=12676"},{"taxonomy":"product_cat","embeddable":true,"href":"https:\/\/todotrial.com\/tienda\/wp-json\/wp\/v2\/product_cat?post=12676"},{"taxonomy":"product_tag","embeddable":true,"href":"https:\/\/todotrial.com\/tienda\/wp-json\/wp\/v2\/product_tag?post=12676"}],"curies":[{"name":"wp","href":"https:\/\/api.w.org\/{rel}","templated":true}]}}