{"id":12456,"date":"2018-05-06T20:17:04","date_gmt":"2018-05-06T20:17:04","guid":{"rendered":"https:\/\/todotrial.com\/tienda\/product\/deposito2018-05-06-20-17-04\/"},"modified":"2025-02-20T17:53:25","modified_gmt":"2025-02-20T16:53:25","slug":"deposito2018-05-06-20-17-04","status":"publish","type":"product","link":"https:\/\/todotrial.com\/tienda\/deposito2018-05-06-20-17-04\/","title":{"rendered":"Dep\u00f3sito fiberglas pintado FANTIC"},"content":{"rendered":"<p>Dep\u00f3sito fiberglas pintado FANTIC.<br \/>El Dep\u00f3sito fiberglas pintado FANTIC es compatible para los modelos de Fantic 125\/200\/240\/300.<\/p>\n<p>Se adapta perfectamente, sin tener que realizar ninguna modificaci\u00f3n.<\/p>\n<p>Su capacidad es de 3,400L<\/p>\n<p>No incluye el tap\u00f3n, el grifo de gasolina as\u00ed como tampoco los adhesivos Fantic Motor.<\/p>\n<p>Los dep\u00f3sitos se pintan por encargo demorando entre 10-15 d\u00edas el env\u00edo.<\/p>\n<p>&nbsp;<\/p>\n","protected":false},"excerpt":{"rendered":"<p>Dep\u00f3sito fiberglas pintado FANTIC.<br \/>\nEl Dep\u00f3sito fiberglas pintado FANTIC es compatible para los modelos de Fantic 125\/200\/240\/300.<\/p>\n","protected":false},"featured_media":12455,"comment_status":"open","ping_status":"closed","template":"","meta":[],"product_brand":[],"product_cat":[15],"product_tag":[],"class_list":{"0":"post-12456","1":"product","2":"type-product","3":"status-publish","4":"has-post-thumbnail","6":"product_cat-uncategorized","8":"first","9":"instock","10":"taxable","11":"shipping-taxable","12":"purchasable","13":"product-type-simple"},"yoast_head":"<!-- This site is optimized with the Yoast SEO Premium plugin v21.2 (Yoast SEO v27.3) - https:\/\/yoast.com\/product\/yoast-seo-premium-wordpress\/ -->\n<title>Dep\u00f3sito fiberglas pintado FANTIC - Tienda de todotrial<\/title>\n<meta name=\"robots\" content=\"index, follow, max-snippet:-1, max-image-preview:large, max-video-preview:-1\" \/>\n<link rel=\"canonical\" href=\"https:\/\/todotrial.com\/tienda\/deposito2018-05-06-20-17-04\/\" \/>\n<meta property=\"og:locale\" content=\"es_ES\" \/>\n<meta property=\"og:type\" content=\"article\" \/>\n<meta property=\"og:title\" content=\"Dep\u00f3sito fiberglas pintado FANTIC\" \/>\n<meta property=\"og:description\" content=\"Dep\u00f3sito fiberglas pintado FANTIC. El Dep\u00f3sito fiberglas pintado FANTIC es compatible para los modelos de Fantic 125\/200\/240\/300.\" \/>\n<meta property=\"og:url\" content=\"https:\/\/todotrial.com\/tienda\/deposito2018-05-06-20-17-04\/\" \/>\n<meta property=\"og:site_name\" content=\"Tienda de todotrial\" \/>\n<meta property=\"article:modified_time\" content=\"2025-02-20T16:53:25+00:00\" \/>\n<meta property=\"og:image\" content=\"https:\/\/todotrial.com\/tienda\/wp-content\/uploads\/2018\/05\/deposito-fantic-125-200.jpg\" \/>\n\t<meta property=\"og:image:width\" content=\"500\" \/>\n\t<meta property=\"og:image:height\" content=\"500\" \/>\n\t<meta property=\"og:image:type\" content=\"image\/jpeg\" \/>\n<meta name=\"twitter:card\" content=\"summary_large_image\" \/>\n<script type=\"application\/ld+json\" class=\"yoast-schema-graph\">{\"@context\":\"https:\\\/\\\/schema.org\",\"@graph\":[{\"@type\":\"WebPage\",\"@id\":\"https:\\\/\\\/todotrial.com\\\/tienda\\\/deposito2018-05-06-20-17-04\\\/\",\"url\":\"https:\\\/\\\/todotrial.com\\\/tienda\\\/deposito2018-05-06-20-17-04\\\/\",\"name\":\"Dep\u00f3sito fiberglas pintado FANTIC - Tienda de todotrial\",\"isPartOf\":{\"@id\":\"https:\\\/\\\/todotrial.com\\\/tienda\\\/#website\"},\"primaryImageOfPage\":{\"@id\":\"https:\\\/\\\/todotrial.com\\\/tienda\\\/deposito2018-05-06-20-17-04\\\/#primaryimage\"},\"image\":{\"@id\":\"https:\\\/\\\/todotrial.com\\\/tienda\\\/deposito2018-05-06-20-17-04\\\/#primaryimage\"},\"thumbnailUrl\":\"https:\\\/\\\/todotrial.com\\\/tienda\\\/wp-content\\\/uploads\\\/2018\\\/05\\\/deposito-fantic-125-200.jpg\",\"datePublished\":\"2018-05-06T20:17:04+00:00\",\"dateModified\":\"2025-02-20T16:53:25+00:00\",\"breadcrumb\":{\"@id\":\"https:\\\/\\\/todotrial.com\\\/tienda\\\/deposito2018-05-06-20-17-04\\\/#breadcrumb\"},\"inLanguage\":\"es\",\"potentialAction\":[{\"@type\":\"ReadAction\",\"target\":[\"https:\\\/\\\/todotrial.com\\\/tienda\\\/deposito2018-05-06-20-17-04\\\/\"]}]},{\"@type\":\"ImageObject\",\"inLanguage\":\"es\",\"@id\":\"https:\\\/\\\/todotrial.com\\\/tienda\\\/deposito2018-05-06-20-17-04\\\/#primaryimage\",\"url\":\"https:\\\/\\\/todotrial.com\\\/tienda\\\/wp-content\\\/uploads\\\/2018\\\/05\\\/deposito-fantic-125-200.jpg\",\"contentUrl\":\"https:\\\/\\\/todotrial.com\\\/tienda\\\/wp-content\\\/uploads\\\/2018\\\/05\\\/deposito-fantic-125-200.jpg\",\"width\":500,\"height\":500},{\"@type\":\"BreadcrumbList\",\"@id\":\"https:\\\/\\\/todotrial.com\\\/tienda\\\/deposito2018-05-06-20-17-04\\\/#breadcrumb\",\"itemListElement\":[{\"@type\":\"ListItem\",\"position\":1,\"name\":\"Portada\",\"item\":\"https:\\\/\\\/todotrial.com\\\/tienda\\\/\"},{\"@type\":\"ListItem\",\"position\":2,\"name\":\"Shop\",\"item\":\"https:\\\/\\\/todotrial.com\\\/tienda\\\/shop\\\/\"},{\"@type\":\"ListItem\",\"position\":3,\"name\":\"Dep\u00f3sito fiberglas pintado FANTIC\"}]},{\"@type\":\"WebSite\",\"@id\":\"https:\\\/\\\/todotrial.com\\\/tienda\\\/#website\",\"url\":\"https:\\\/\\\/todotrial.com\\\/tienda\\\/\",\"name\":\"Tienda de todotrial\",\"description\":\"\",\"potentialAction\":[{\"@type\":\"SearchAction\",\"target\":{\"@type\":\"EntryPoint\",\"urlTemplate\":\"https:\\\/\\\/todotrial.com\\\/tienda\\\/?s={search_term_string}\"},\"query-input\":{\"@type\":\"PropertyValueSpecification\",\"valueRequired\":true,\"valueName\":\"search_term_string\"}}],\"inLanguage\":\"es\"}]}<\/script>\n<!-- \/ Yoast SEO Premium plugin. -->","yoast_head_json":{"title":"Dep\u00f3sito fiberglas pintado FANTIC - Tienda de todotrial","robots":{"index":"index","follow":"follow","max-snippet":"max-snippet:-1","max-image-preview":"max-image-preview:large","max-video-preview":"max-video-preview:-1"},"canonical":"https:\/\/todotrial.com\/tienda\/deposito2018-05-06-20-17-04\/","og_locale":"es_ES","og_type":"article","og_title":"Dep\u00f3sito fiberglas pintado FANTIC","og_description":"Dep\u00f3sito fiberglas pintado FANTIC. El Dep\u00f3sito fiberglas pintado FANTIC es compatible para los modelos de Fantic 125\/200\/240\/300.","og_url":"https:\/\/todotrial.com\/tienda\/deposito2018-05-06-20-17-04\/","og_site_name":"Tienda de todotrial","article_modified_time":"2025-02-20T16:53:25+00:00","og_image":[{"width":500,"height":500,"url":"https:\/\/todotrial.com\/tienda\/wp-content\/uploads\/2018\/05\/deposito-fantic-125-200.jpg","type":"image\/jpeg"}],"twitter_card":"summary_large_image","schema":{"@context":"https:\/\/schema.org","@graph":[{"@type":"WebPage","@id":"https:\/\/todotrial.com\/tienda\/deposito2018-05-06-20-17-04\/","url":"https:\/\/todotrial.com\/tienda\/deposito2018-05-06-20-17-04\/","name":"Dep\u00f3sito fiberglas pintado FANTIC - Tienda de todotrial","isPartOf":{"@id":"https:\/\/todotrial.com\/tienda\/#website"},"primaryImageOfPage":{"@id":"https:\/\/todotrial.com\/tienda\/deposito2018-05-06-20-17-04\/#primaryimage"},"image":{"@id":"https:\/\/todotrial.com\/tienda\/deposito2018-05-06-20-17-04\/#primaryimage"},"thumbnailUrl":"https:\/\/todotrial.com\/tienda\/wp-content\/uploads\/2018\/05\/deposito-fantic-125-200.jpg","datePublished":"2018-05-06T20:17:04+00:00","dateModified":"2025-02-20T16:53:25+00:00","breadcrumb":{"@id":"https:\/\/todotrial.com\/tienda\/deposito2018-05-06-20-17-04\/#breadcrumb"},"inLanguage":"es","potentialAction":[{"@type":"ReadAction","target":["https:\/\/todotrial.com\/tienda\/deposito2018-05-06-20-17-04\/"]}]},{"@type":"ImageObject","inLanguage":"es","@id":"https:\/\/todotrial.com\/tienda\/deposito2018-05-06-20-17-04\/#primaryimage","url":"https:\/\/todotrial.com\/tienda\/wp-content\/uploads\/2018\/05\/deposito-fantic-125-200.jpg","contentUrl":"https:\/\/todotrial.com\/tienda\/wp-content\/uploads\/2018\/05\/deposito-fantic-125-200.jpg","width":500,"height":500},{"@type":"BreadcrumbList","@id":"https:\/\/todotrial.com\/tienda\/deposito2018-05-06-20-17-04\/#breadcrumb","itemListElement":[{"@type":"ListItem","position":1,"name":"Portada","item":"https:\/\/todotrial.com\/tienda\/"},{"@type":"ListItem","position":2,"name":"Shop","item":"https:\/\/todotrial.com\/tienda\/shop\/"},{"@type":"ListItem","position":3,"name":"Dep\u00f3sito fiberglas pintado FANTIC"}]},{"@type":"WebSite","@id":"https:\/\/todotrial.com\/tienda\/#website","url":"https:\/\/todotrial.com\/tienda\/","name":"Tienda de todotrial","description":"","potentialAction":[{"@type":"SearchAction","target":{"@type":"EntryPoint","urlTemplate":"https:\/\/todotrial.com\/tienda\/?s={search_term_string}"},"query-input":{"@type":"PropertyValueSpecification","valueRequired":true,"valueName":"search_term_string"}}],"inLanguage":"es"}]}},"_links":{"self":[{"href":"https:\/\/todotrial.com\/tienda\/wp-json\/wp\/v2\/product\/12456","targetHints":{"allow":["GET"]}}],"collection":[{"href":"https:\/\/todotrial.com\/tienda\/wp-json\/wp\/v2\/product"}],"about":[{"href":"https:\/\/todotrial.com\/tienda\/wp-json\/wp\/v2\/types\/product"}],"replies":[{"embeddable":true,"href":"https:\/\/todotrial.com\/tienda\/wp-json\/wp\/v2\/comments?post=12456"}],"version-history":[{"count":0,"href":"https:\/\/todotrial.com\/tienda\/wp-json\/wp\/v2\/product\/12456\/revisions"}],"wp:featuredmedia":[{"embeddable":true,"href":"https:\/\/todotrial.com\/tienda\/wp-json\/wp\/v2\/media\/12455"}],"wp:attachment":[{"href":"https:\/\/todotrial.com\/tienda\/wp-json\/wp\/v2\/media?parent=12456"}],"wp:term":[{"taxonomy":"product_brand","embeddable":true,"href":"https:\/\/todotrial.com\/tienda\/wp-json\/wp\/v2\/product_brand?post=12456"},{"taxonomy":"product_cat","embeddable":true,"href":"https:\/\/todotrial.com\/tienda\/wp-json\/wp\/v2\/product_cat?post=12456"},{"taxonomy":"product_tag","embeddable":true,"href":"https:\/\/todotrial.com\/tienda\/wp-json\/wp\/v2\/product_tag?post=12456"}],"curies":[{"name":"wp","href":"https:\/\/api.w.org\/{rel}","templated":true}]}}