{"id":12061,"date":"2018-04-02T15:45:49","date_gmt":"2018-04-02T15:45:49","guid":{"rendered":"https:\/\/todotrial.com\/tienda\/product\/placa-metalica2018-04-02-15-45-49\/"},"modified":"2026-03-31T13:57:28","modified_gmt":"2026-03-31T12:57:28","slug":"placa-metalica2018-04-02-15-45-49","status":"publish","type":"product","link":"https:\/\/todotrial.com\/tienda\/placa-metalica2018-04-02-15-45-49\/","title":{"rendered":"MOBYLETTE Plaquita motor a\u00f1os 80, 70 ,60 o 50"},"content":{"rendered":"<p>MOBYLETTE Plaquita motor a\u00f1os 80, 70 ,60 o 50<\/p>\n<p>Plaquita de datos motor para Mobylettes Tipo AV de 49,9 cc y a\u00f1os &#8230;. Est\u00e1 realizada en aluminio anodizado, situada en la culata mediante dos peque\u00f1os remaches (no suministrados) y el precio aqu\u00ed indicado es por la unidad de cada a\u00f1o.<\/p>\n","protected":false},"excerpt":{"rendered":"<p>MOBYLETTE Plaquita motor a\u00f1os 80, 70 ,60 o 50<\/p>\n","protected":false},"featured_media":12060,"comment_status":"open","ping_status":"closed","template":"","meta":[],"product_brand":[],"product_cat":[11780,15],"product_tag":[],"class_list":{"0":"post-12061","1":"product","2":"type-product","3":"status-publish","4":"has-post-thumbnail","6":"product_cat-adhesivos-clasicas","7":"product_cat-uncategorized","9":"first","10":"instock","11":"taxable","12":"shipping-taxable","13":"purchasable","14":"product-type-simple"},"yoast_head":"<!-- This site is optimized with the Yoast SEO Premium plugin v21.2 (Yoast SEO v27.3) - https:\/\/yoast.com\/product\/yoast-seo-premium-wordpress\/ -->\n<title>MOBYLETTE Plaquita motor a\u00f1os 80, 70 ,60 o 50 - Tienda de todotrial<\/title>\n<meta name=\"robots\" content=\"index, follow, max-snippet:-1, max-image-preview:large, max-video-preview:-1\" \/>\n<link rel=\"canonical\" href=\"https:\/\/todotrial.com\/tienda\/placa-metalica2018-04-02-15-45-49\/\" \/>\n<meta property=\"og:locale\" content=\"es_ES\" \/>\n<meta property=\"og:type\" content=\"article\" \/>\n<meta property=\"og:title\" content=\"MOBYLETTE Plaquita motor a\u00f1os 80, 70 ,60 o 50\" \/>\n<meta property=\"og:description\" content=\"MOBYLETTE Plaquita motor a\u00f1os 80, 70 ,60 o 50\" \/>\n<meta property=\"og:url\" content=\"https:\/\/todotrial.com\/tienda\/placa-metalica2018-04-02-15-45-49\/\" \/>\n<meta property=\"og:site_name\" content=\"Tienda de todotrial\" \/>\n<meta property=\"article:modified_time\" content=\"2026-03-31T12:57:28+00:00\" \/>\n<meta property=\"og:image\" content=\"https:\/\/todotrial.com\/tienda\/wp-content\/uploads\/2018\/04\/mo23c.jpg\" \/>\n\t<meta property=\"og:image:width\" content=\"320\" \/>\n\t<meta property=\"og:image:height\" content=\"320\" \/>\n\t<meta property=\"og:image:type\" content=\"image\/jpeg\" \/>\n<meta name=\"twitter:card\" content=\"summary_large_image\" \/>\n<script type=\"application\/ld+json\" class=\"yoast-schema-graph\">{\"@context\":\"https:\\\/\\\/schema.org\",\"@graph\":[{\"@type\":\"WebPage\",\"@id\":\"https:\\\/\\\/todotrial.com\\\/tienda\\\/placa-metalica2018-04-02-15-45-49\\\/\",\"url\":\"https:\\\/\\\/todotrial.com\\\/tienda\\\/placa-metalica2018-04-02-15-45-49\\\/\",\"name\":\"MOBYLETTE Plaquita motor a\u00f1os 80, 70 ,60 o 50 - Tienda de todotrial\",\"isPartOf\":{\"@id\":\"https:\\\/\\\/todotrial.com\\\/tienda\\\/#website\"},\"primaryImageOfPage\":{\"@id\":\"https:\\\/\\\/todotrial.com\\\/tienda\\\/placa-metalica2018-04-02-15-45-49\\\/#primaryimage\"},\"image\":{\"@id\":\"https:\\\/\\\/todotrial.com\\\/tienda\\\/placa-metalica2018-04-02-15-45-49\\\/#primaryimage\"},\"thumbnailUrl\":\"https:\\\/\\\/todotrial.com\\\/tienda\\\/wp-content\\\/uploads\\\/2018\\\/04\\\/mo23c.jpg\",\"datePublished\":\"2018-04-02T15:45:49+00:00\",\"dateModified\":\"2026-03-31T12:57:28+00:00\",\"breadcrumb\":{\"@id\":\"https:\\\/\\\/todotrial.com\\\/tienda\\\/placa-metalica2018-04-02-15-45-49\\\/#breadcrumb\"},\"inLanguage\":\"es\",\"potentialAction\":[{\"@type\":\"ReadAction\",\"target\":[\"https:\\\/\\\/todotrial.com\\\/tienda\\\/placa-metalica2018-04-02-15-45-49\\\/\"]}]},{\"@type\":\"ImageObject\",\"inLanguage\":\"es\",\"@id\":\"https:\\\/\\\/todotrial.com\\\/tienda\\\/placa-metalica2018-04-02-15-45-49\\\/#primaryimage\",\"url\":\"https:\\\/\\\/todotrial.com\\\/tienda\\\/wp-content\\\/uploads\\\/2018\\\/04\\\/mo23c.jpg\",\"contentUrl\":\"https:\\\/\\\/todotrial.com\\\/tienda\\\/wp-content\\\/uploads\\\/2018\\\/04\\\/mo23c.jpg\",\"width\":320,\"height\":320},{\"@type\":\"BreadcrumbList\",\"@id\":\"https:\\\/\\\/todotrial.com\\\/tienda\\\/placa-metalica2018-04-02-15-45-49\\\/#breadcrumb\",\"itemListElement\":[{\"@type\":\"ListItem\",\"position\":1,\"name\":\"Portada\",\"item\":\"https:\\\/\\\/todotrial.com\\\/tienda\\\/\"},{\"@type\":\"ListItem\",\"position\":2,\"name\":\"Shop\",\"item\":\"https:\\\/\\\/todotrial.com\\\/tienda\\\/shop\\\/\"},{\"@type\":\"ListItem\",\"position\":3,\"name\":\"MOBYLETTE Plaquita motor a\u00f1os 80, 70 ,60 o 50\"}]},{\"@type\":\"WebSite\",\"@id\":\"https:\\\/\\\/todotrial.com\\\/tienda\\\/#website\",\"url\":\"https:\\\/\\\/todotrial.com\\\/tienda\\\/\",\"name\":\"Tienda de todotrial\",\"description\":\"\",\"potentialAction\":[{\"@type\":\"SearchAction\",\"target\":{\"@type\":\"EntryPoint\",\"urlTemplate\":\"https:\\\/\\\/todotrial.com\\\/tienda\\\/?s={search_term_string}\"},\"query-input\":{\"@type\":\"PropertyValueSpecification\",\"valueRequired\":true,\"valueName\":\"search_term_string\"}}],\"inLanguage\":\"es\"}]}<\/script>\n<!-- \/ Yoast SEO Premium plugin. -->","yoast_head_json":{"title":"MOBYLETTE Plaquita motor a\u00f1os 80, 70 ,60 o 50 - Tienda de todotrial","robots":{"index":"index","follow":"follow","max-snippet":"max-snippet:-1","max-image-preview":"max-image-preview:large","max-video-preview":"max-video-preview:-1"},"canonical":"https:\/\/todotrial.com\/tienda\/placa-metalica2018-04-02-15-45-49\/","og_locale":"es_ES","og_type":"article","og_title":"MOBYLETTE Plaquita motor a\u00f1os 80, 70 ,60 o 50","og_description":"MOBYLETTE Plaquita motor a\u00f1os 80, 70 ,60 o 50","og_url":"https:\/\/todotrial.com\/tienda\/placa-metalica2018-04-02-15-45-49\/","og_site_name":"Tienda de todotrial","article_modified_time":"2026-03-31T12:57:28+00:00","og_image":[{"width":320,"height":320,"url":"https:\/\/todotrial.com\/tienda\/wp-content\/uploads\/2018\/04\/mo23c.jpg","type":"image\/jpeg"}],"twitter_card":"summary_large_image","schema":{"@context":"https:\/\/schema.org","@graph":[{"@type":"WebPage","@id":"https:\/\/todotrial.com\/tienda\/placa-metalica2018-04-02-15-45-49\/","url":"https:\/\/todotrial.com\/tienda\/placa-metalica2018-04-02-15-45-49\/","name":"MOBYLETTE Plaquita motor a\u00f1os 80, 70 ,60 o 50 - Tienda de todotrial","isPartOf":{"@id":"https:\/\/todotrial.com\/tienda\/#website"},"primaryImageOfPage":{"@id":"https:\/\/todotrial.com\/tienda\/placa-metalica2018-04-02-15-45-49\/#primaryimage"},"image":{"@id":"https:\/\/todotrial.com\/tienda\/placa-metalica2018-04-02-15-45-49\/#primaryimage"},"thumbnailUrl":"https:\/\/todotrial.com\/tienda\/wp-content\/uploads\/2018\/04\/mo23c.jpg","datePublished":"2018-04-02T15:45:49+00:00","dateModified":"2026-03-31T12:57:28+00:00","breadcrumb":{"@id":"https:\/\/todotrial.com\/tienda\/placa-metalica2018-04-02-15-45-49\/#breadcrumb"},"inLanguage":"es","potentialAction":[{"@type":"ReadAction","target":["https:\/\/todotrial.com\/tienda\/placa-metalica2018-04-02-15-45-49\/"]}]},{"@type":"ImageObject","inLanguage":"es","@id":"https:\/\/todotrial.com\/tienda\/placa-metalica2018-04-02-15-45-49\/#primaryimage","url":"https:\/\/todotrial.com\/tienda\/wp-content\/uploads\/2018\/04\/mo23c.jpg","contentUrl":"https:\/\/todotrial.com\/tienda\/wp-content\/uploads\/2018\/04\/mo23c.jpg","width":320,"height":320},{"@type":"BreadcrumbList","@id":"https:\/\/todotrial.com\/tienda\/placa-metalica2018-04-02-15-45-49\/#breadcrumb","itemListElement":[{"@type":"ListItem","position":1,"name":"Portada","item":"https:\/\/todotrial.com\/tienda\/"},{"@type":"ListItem","position":2,"name":"Shop","item":"https:\/\/todotrial.com\/tienda\/shop\/"},{"@type":"ListItem","position":3,"name":"MOBYLETTE Plaquita motor a\u00f1os 80, 70 ,60 o 50"}]},{"@type":"WebSite","@id":"https:\/\/todotrial.com\/tienda\/#website","url":"https:\/\/todotrial.com\/tienda\/","name":"Tienda de todotrial","description":"","potentialAction":[{"@type":"SearchAction","target":{"@type":"EntryPoint","urlTemplate":"https:\/\/todotrial.com\/tienda\/?s={search_term_string}"},"query-input":{"@type":"PropertyValueSpecification","valueRequired":true,"valueName":"search_term_string"}}],"inLanguage":"es"}]}},"_links":{"self":[{"href":"https:\/\/todotrial.com\/tienda\/wp-json\/wp\/v2\/product\/12061","targetHints":{"allow":["GET"]}}],"collection":[{"href":"https:\/\/todotrial.com\/tienda\/wp-json\/wp\/v2\/product"}],"about":[{"href":"https:\/\/todotrial.com\/tienda\/wp-json\/wp\/v2\/types\/product"}],"replies":[{"embeddable":true,"href":"https:\/\/todotrial.com\/tienda\/wp-json\/wp\/v2\/comments?post=12061"}],"version-history":[{"count":1,"href":"https:\/\/todotrial.com\/tienda\/wp-json\/wp\/v2\/product\/12061\/revisions"}],"predecessor-version":[{"id":54028,"href":"https:\/\/todotrial.com\/tienda\/wp-json\/wp\/v2\/product\/12061\/revisions\/54028"}],"wp:featuredmedia":[{"embeddable":true,"href":"https:\/\/todotrial.com\/tienda\/wp-json\/wp\/v2\/media\/12060"}],"wp:attachment":[{"href":"https:\/\/todotrial.com\/tienda\/wp-json\/wp\/v2\/media?parent=12061"}],"wp:term":[{"taxonomy":"product_brand","embeddable":true,"href":"https:\/\/todotrial.com\/tienda\/wp-json\/wp\/v2\/product_brand?post=12061"},{"taxonomy":"product_cat","embeddable":true,"href":"https:\/\/todotrial.com\/tienda\/wp-json\/wp\/v2\/product_cat?post=12061"},{"taxonomy":"product_tag","embeddable":true,"href":"https:\/\/todotrial.com\/tienda\/wp-json\/wp\/v2\/product_tag?post=12061"}],"curies":[{"name":"wp","href":"https:\/\/api.w.org\/{rel}","templated":true}]}}