{"id":1174,"date":"2020-07-02T15:32:49","date_gmt":"2020-07-02T15:32:49","guid":{"rendered":"https:\/\/todotrial.com\/tienda\/product\/motocross-of-nations-2013\/"},"modified":"2025-02-20T17:32:24","modified_gmt":"2025-02-20T16:32:24","slug":"motocross-of-nations-2013","status":"publish","type":"product","link":"https:\/\/todotrial.com\/tienda\/motocross-of-nations-2013\/","title":{"rendered":"Motocross of Nations 2013"},"content":{"rendered":"<p>El MXDN es uno de los aspectos m\u00e1s destacados del a\u00f1o off road cuando los mejores pilotos de todo el mundo se re\u00fanen para no competir por fama personal, sino por el honor de su pa\u00eds.<\/p>\n<p>La edici\u00f3n de 2013 se celebr\u00f3 en Teutschenthal en Alemania y enfrent\u00f3 a los fuertes equipos de los EE.UU., Australia, Alemania, Reino Unido y Francia entre si.<\/p>\n<p>Fue el equipo belga de Jeremy van Horebeek, Ken De Dycker y Clemente Desalle los que pusieron el mejor rendimiento y fueron capaces de llevar a casa el premio final.<\/p>\n<p>La revisi\u00f3n oficial contiene dos horas de los aspectos destacados de las categorias MX1 y MX2, listos para su placer visual.<\/p>\n<p>Tomas desde a bordo, \u00e1ngulos en tierra y de la c\u00e1mara desde arriba te colocar\u00e1n en el calor del momento y el comentario informativo te mantiene al d\u00eda con lo que est\u00e1 pasando.<\/p>\n","protected":false},"excerpt":{"rendered":"<p>Motocross de las Naciones 2013 -120 minutos<\/p>\n","protected":false},"featured_media":1173,"comment_status":"open","ping_status":"closed","template":"","meta":[],"product_brand":[],"product_cat":[15],"product_tag":[],"class_list":{"0":"post-1174","1":"product","2":"type-product","3":"status-publish","4":"has-post-thumbnail","6":"product_cat-uncategorized","8":"first","9":"instock","10":"taxable","11":"shipping-taxable","12":"purchasable","13":"product-type-simple"},"yoast_head":"<!-- This site is optimized with the Yoast SEO Premium plugin v21.2 (Yoast SEO v27.5) - https:\/\/yoast.com\/product\/yoast-seo-premium-wordpress\/ -->\n<title>Motocross of Nations 2013 - Tienda de todotrial<\/title>\n<meta name=\"robots\" content=\"index, follow, max-snippet:-1, max-image-preview:large, max-video-preview:-1\" \/>\n<link rel=\"canonical\" href=\"https:\/\/todotrial.com\/tienda\/motocross-of-nations-2013\/\" \/>\n<meta property=\"og:locale\" content=\"es_ES\" \/>\n<meta property=\"og:type\" content=\"article\" \/>\n<meta property=\"og:title\" content=\"Motocross of Nations 2013\" \/>\n<meta property=\"og:description\" content=\"Motocross de las Naciones 2013 -120 minutos\" \/>\n<meta property=\"og:url\" content=\"https:\/\/todotrial.com\/tienda\/motocross-of-nations-2013\/\" \/>\n<meta property=\"og:site_name\" content=\"Tienda de todotrial\" \/>\n<meta property=\"article:modified_time\" content=\"2025-02-20T16:32:24+00:00\" \/>\n<meta property=\"og:image\" content=\"https:\/\/todotrial.com\/tienda\/wp-content\/uploads\/2020\/07\/motocros_de_las_naciones_2013.jpg\" \/>\n\t<meta property=\"og:image:width\" content=\"360\" \/>\n\t<meta property=\"og:image:height\" content=\"509\" \/>\n\t<meta property=\"og:image:type\" content=\"image\/jpeg\" \/>\n<meta name=\"twitter:card\" content=\"summary_large_image\" \/>\n<meta name=\"twitter:label1\" content=\"Tiempo de lectura\" \/>\n\t<meta name=\"twitter:data1\" content=\"1 minuto\" \/>\n<script type=\"application\/ld+json\" class=\"yoast-schema-graph\">{\"@context\":\"https:\\\/\\\/schema.org\",\"@graph\":[{\"@type\":\"WebPage\",\"@id\":\"https:\\\/\\\/todotrial.com\\\/tienda\\\/motocross-of-nations-2013\\\/\",\"url\":\"https:\\\/\\\/todotrial.com\\\/tienda\\\/motocross-of-nations-2013\\\/\",\"name\":\"Motocross of Nations 2013 - Tienda de todotrial\",\"isPartOf\":{\"@id\":\"https:\\\/\\\/todotrial.com\\\/tienda\\\/#website\"},\"primaryImageOfPage\":{\"@id\":\"https:\\\/\\\/todotrial.com\\\/tienda\\\/motocross-of-nations-2013\\\/#primaryimage\"},\"image\":{\"@id\":\"https:\\\/\\\/todotrial.com\\\/tienda\\\/motocross-of-nations-2013\\\/#primaryimage\"},\"thumbnailUrl\":\"https:\\\/\\\/todotrial.com\\\/tienda\\\/wp-content\\\/uploads\\\/2020\\\/07\\\/motocros_de_las_naciones_2013.jpg\",\"datePublished\":\"2020-07-02T15:32:49+00:00\",\"dateModified\":\"2025-02-20T16:32:24+00:00\",\"breadcrumb\":{\"@id\":\"https:\\\/\\\/todotrial.com\\\/tienda\\\/motocross-of-nations-2013\\\/#breadcrumb\"},\"inLanguage\":\"es\",\"potentialAction\":[{\"@type\":\"ReadAction\",\"target\":[\"https:\\\/\\\/todotrial.com\\\/tienda\\\/motocross-of-nations-2013\\\/\"]}]},{\"@type\":\"ImageObject\",\"inLanguage\":\"es\",\"@id\":\"https:\\\/\\\/todotrial.com\\\/tienda\\\/motocross-of-nations-2013\\\/#primaryimage\",\"url\":\"https:\\\/\\\/todotrial.com\\\/tienda\\\/wp-content\\\/uploads\\\/2020\\\/07\\\/motocros_de_las_naciones_2013.jpg\",\"contentUrl\":\"https:\\\/\\\/todotrial.com\\\/tienda\\\/wp-content\\\/uploads\\\/2020\\\/07\\\/motocros_de_las_naciones_2013.jpg\",\"width\":360,\"height\":509},{\"@type\":\"BreadcrumbList\",\"@id\":\"https:\\\/\\\/todotrial.com\\\/tienda\\\/motocross-of-nations-2013\\\/#breadcrumb\",\"itemListElement\":[{\"@type\":\"ListItem\",\"position\":1,\"name\":\"Portada\",\"item\":\"https:\\\/\\\/todotrial.com\\\/tienda\\\/\"},{\"@type\":\"ListItem\",\"position\":2,\"name\":\"Shop\",\"item\":\"https:\\\/\\\/todotrial.com\\\/tienda\\\/shop\\\/\"},{\"@type\":\"ListItem\",\"position\":3,\"name\":\"Motocross of Nations 2013\"}]},{\"@type\":\"WebSite\",\"@id\":\"https:\\\/\\\/todotrial.com\\\/tienda\\\/#website\",\"url\":\"https:\\\/\\\/todotrial.com\\\/tienda\\\/\",\"name\":\"Tienda de todotrial\",\"description\":\"\",\"potentialAction\":[{\"@type\":\"SearchAction\",\"target\":{\"@type\":\"EntryPoint\",\"urlTemplate\":\"https:\\\/\\\/todotrial.com\\\/tienda\\\/?s={search_term_string}\"},\"query-input\":{\"@type\":\"PropertyValueSpecification\",\"valueRequired\":true,\"valueName\":\"search_term_string\"}}],\"inLanguage\":\"es\"}]}<\/script>\n<!-- \/ Yoast SEO Premium plugin. -->","yoast_head_json":{"title":"Motocross of Nations 2013 - Tienda de todotrial","robots":{"index":"index","follow":"follow","max-snippet":"max-snippet:-1","max-image-preview":"max-image-preview:large","max-video-preview":"max-video-preview:-1"},"canonical":"https:\/\/todotrial.com\/tienda\/motocross-of-nations-2013\/","og_locale":"es_ES","og_type":"article","og_title":"Motocross of Nations 2013","og_description":"Motocross de las Naciones 2013 -120 minutos","og_url":"https:\/\/todotrial.com\/tienda\/motocross-of-nations-2013\/","og_site_name":"Tienda de todotrial","article_modified_time":"2025-02-20T16:32:24+00:00","og_image":[{"width":360,"height":509,"url":"https:\/\/todotrial.com\/tienda\/wp-content\/uploads\/2020\/07\/motocros_de_las_naciones_2013.jpg","type":"image\/jpeg"}],"twitter_card":"summary_large_image","twitter_misc":{"Tiempo de lectura":"1 minuto"},"schema":{"@context":"https:\/\/schema.org","@graph":[{"@type":"WebPage","@id":"https:\/\/todotrial.com\/tienda\/motocross-of-nations-2013\/","url":"https:\/\/todotrial.com\/tienda\/motocross-of-nations-2013\/","name":"Motocross of Nations 2013 - Tienda de todotrial","isPartOf":{"@id":"https:\/\/todotrial.com\/tienda\/#website"},"primaryImageOfPage":{"@id":"https:\/\/todotrial.com\/tienda\/motocross-of-nations-2013\/#primaryimage"},"image":{"@id":"https:\/\/todotrial.com\/tienda\/motocross-of-nations-2013\/#primaryimage"},"thumbnailUrl":"https:\/\/todotrial.com\/tienda\/wp-content\/uploads\/2020\/07\/motocros_de_las_naciones_2013.jpg","datePublished":"2020-07-02T15:32:49+00:00","dateModified":"2025-02-20T16:32:24+00:00","breadcrumb":{"@id":"https:\/\/todotrial.com\/tienda\/motocross-of-nations-2013\/#breadcrumb"},"inLanguage":"es","potentialAction":[{"@type":"ReadAction","target":["https:\/\/todotrial.com\/tienda\/motocross-of-nations-2013\/"]}]},{"@type":"ImageObject","inLanguage":"es","@id":"https:\/\/todotrial.com\/tienda\/motocross-of-nations-2013\/#primaryimage","url":"https:\/\/todotrial.com\/tienda\/wp-content\/uploads\/2020\/07\/motocros_de_las_naciones_2013.jpg","contentUrl":"https:\/\/todotrial.com\/tienda\/wp-content\/uploads\/2020\/07\/motocros_de_las_naciones_2013.jpg","width":360,"height":509},{"@type":"BreadcrumbList","@id":"https:\/\/todotrial.com\/tienda\/motocross-of-nations-2013\/#breadcrumb","itemListElement":[{"@type":"ListItem","position":1,"name":"Portada","item":"https:\/\/todotrial.com\/tienda\/"},{"@type":"ListItem","position":2,"name":"Shop","item":"https:\/\/todotrial.com\/tienda\/shop\/"},{"@type":"ListItem","position":3,"name":"Motocross of Nations 2013"}]},{"@type":"WebSite","@id":"https:\/\/todotrial.com\/tienda\/#website","url":"https:\/\/todotrial.com\/tienda\/","name":"Tienda de todotrial","description":"","potentialAction":[{"@type":"SearchAction","target":{"@type":"EntryPoint","urlTemplate":"https:\/\/todotrial.com\/tienda\/?s={search_term_string}"},"query-input":{"@type":"PropertyValueSpecification","valueRequired":true,"valueName":"search_term_string"}}],"inLanguage":"es"}]}},"_links":{"self":[{"href":"https:\/\/todotrial.com\/tienda\/wp-json\/wp\/v2\/product\/1174","targetHints":{"allow":["GET"]}}],"collection":[{"href":"https:\/\/todotrial.com\/tienda\/wp-json\/wp\/v2\/product"}],"about":[{"href":"https:\/\/todotrial.com\/tienda\/wp-json\/wp\/v2\/types\/product"}],"replies":[{"embeddable":true,"href":"https:\/\/todotrial.com\/tienda\/wp-json\/wp\/v2\/comments?post=1174"}],"version-history":[{"count":0,"href":"https:\/\/todotrial.com\/tienda\/wp-json\/wp\/v2\/product\/1174\/revisions"}],"wp:featuredmedia":[{"embeddable":true,"href":"https:\/\/todotrial.com\/tienda\/wp-json\/wp\/v2\/media\/1173"}],"wp:attachment":[{"href":"https:\/\/todotrial.com\/tienda\/wp-json\/wp\/v2\/media?parent=1174"}],"wp:term":[{"taxonomy":"product_brand","embeddable":true,"href":"https:\/\/todotrial.com\/tienda\/wp-json\/wp\/v2\/product_brand?post=1174"},{"taxonomy":"product_cat","embeddable":true,"href":"https:\/\/todotrial.com\/tienda\/wp-json\/wp\/v2\/product_cat?post=1174"},{"taxonomy":"product_tag","embeddable":true,"href":"https:\/\/todotrial.com\/tienda\/wp-json\/wp\/v2\/product_tag?post=1174"}],"curies":[{"name":"wp","href":"https:\/\/api.w.org\/{rel}","templated":true}]}}