{"id":11480,"date":"2018-02-10T21:39:58","date_gmt":"2018-02-10T21:39:58","guid":{"rendered":"https:\/\/todotrial.com\/tienda\/product\/faro-delantero2018-02-10-21-39-58\/"},"modified":"2025-02-20T17:57:16","modified_gmt":"2025-02-20T16:57:16","slug":"faro-delantero2018-02-10-21-39-58","status":"publish","type":"product","link":"https:\/\/todotrial.com\/tienda\/faro-delantero2018-02-10-21-39-58\/","title":{"rendered":"Faro Delantero para muchos modelos KAWASAKI"},"content":{"rendered":"<p>Faro hal\u00f3geno de 55\/60 vatios. de 17,78 cms de diametro ,redondo sellado que Se adapta a todas las motocicletas, con un faro de 7 pulgadas de di\u00e1metro y concretamente a los modelos KAWASAKI que se relacionan El hal\u00f3geno es 40% m\u00e1s brillante que las l\u00e1mparas de cabeza sellada de estilo antiguo.<\/p>\n<p>V\u00e1lido para los siguientes Modelos KAWASAKI Cl\u00e1sicas.<\/p>\n<p>H1 (1969) &#8211; HEADLIGHT (KH500-A8)<br \/>H1-A (1970) &#8211; HEADLIGHT (KH500-A8)<br \/>H1-B (1971) &#8211; HEADLIGHT (KH500-A8)<br \/>H1-C (1972) &#8211; HEADLIGHT (KH500-A8)<br \/>H1-D (1973) &#8211; HEADLIGHT (KH500-A8)<br \/>H1-E (1974) &#8211; HEADLIGHT (KH500-A8)<br \/>H1-F (1975) &#8211; HEADLIGHT (KH500-A8)<br \/>KH500-A8 (1976) &#8211; HEADLIGHT (KH500-A8)<br \/>KZ1000-A1 (1977) &#8211; HEADLIGHT (&#8217;77-&#8217;78 A1\/A2\/A2A)<br \/>KZ1000-A2 (1978) &#8211; HEADLIGHT (&#8217;77-&#8217;78 A1\/A2\/A2A)<br \/>KZ1000-A2A (1978) &#8211; HEADLIGHT (&#8217;77-&#8217;78 A1\/A2\/A2A)<br \/>KZ1000-A3 (1979) &#8211; HEADLIGHT (&#8217;77-&#8217;78 A1\/A2\/A2A)<br \/>KZ1000-A3A (1979) &#8211; HEADLIGHT (&#8217;77-&#8217;78 A1\/A2\/A2A)<br \/>KZ1000-A4 (1980) &#8211; HEADLIGHT (&#8217;77-&#8217;78 A1\/A2\/A2A)<br \/>KZ1000-B1 (1977) &#8211; HEADLIGHT (&#8217;77-&#8217;78 B1\/B2)<br \/>KZ1000-B2 (1978) &#8211; HEADLIGHT (&#8217;77-&#8217;78 B1\/B2)<br \/>KZ1000-B3 (1979) &#8211; HEADLIGHT (&#8217;77-&#8217;78 B1\/B2)<br \/>KZ1000-B4 (1980) &#8211; HEADLIGHT (&#8217;77-&#8217;78 B1\/B2)<br \/>KZ1000-C1 (1978) &#8211; HEADLIGHT (&#8217;78 C1\/C1A)<br \/>KZ1000-C1A (1978) &#8211; HEADLIGHT (&#8217;78 C1\/C1A)<br \/>KZ1000-C2 (1979) &#8211; HEADLIGHT (&#8217;78 C1\/C1A)<br \/>KZ1000-C3 (1980) &#8211; HEADLIGHT (&#8217;78 C1\/C1A)<br \/>KZ1000-C4 (1981) &#8211; HEADLIGHT (&#8217;78 C1\/C1A)<br \/>KZ550-A1 (1980) &#8211; HEADLIGHT (&#8217;80-&#8217;81 A1\/A2)<br \/>KZ550-A2 (1981) &#8211; HEADLIGHT (&#8217;80-&#8217;81 A1\/A2)<br \/>KZ550-A3 (1982) &#8211; HEADLIGHT (&#8217;80-&#8217;81 A1\/A2)<br \/>KZ550-A4 (1983) &#8211; HEADLIGHT (&#8217;80-&#8217;81 A1\/A2)<br \/>KZ550-C1 (1980) &#8211; HEADLIGHT (&#8217;80-&#8217;81 C1\/C2)<br \/>KZ550-C2 (1981) &#8211; HEADLIGHT (&#8217;80-&#8217;81 C1\/C2)<br \/>KZ550-C3 (1982) &#8211; HEADLIGHT (&#8217;80-&#8217;81 C1\/C2)<br \/>KZ550-C4 (1983) &#8211; HEADLIGHT (&#8217;80-&#8217;81 C1\/C2)<br \/>KZ650-B1 (1977) &#8211; HEADLIGHT<br \/>KZ650-B2 (1978) &#8211; HEADLIGHT<br \/>KZ650-B2A (1978) &#8211; HEADLIGHT<br \/>KZ650-B3 (1979) &#8211; HEADLIGHT<br \/>KZ650-C1 (1977) &#8211; HEADLIGHT<br \/>KZ650-C2 (1978) &#8211; HEADLIGHT<br \/>KZ650-C3 (1979) &#8211; HEADLIGHT<br \/>KZ650-D1 (1978) &#8211; HEADLIGHT<br \/>KZ650-D1A (1978) &#8211; HEADLIGHT<br \/>KZ650-D2 (1979) &#8211; HEADLIGHT<br \/>KZ650-E1 (1980) &#8211; HEADLIGHT<br \/>KZ650-F1 (1980) &#8211; HEADLIGHT<br \/>KZ750-B1 (1976) &#8211; HEADLIGHT<br \/>KZ750-B2 (1977) &#8211; HEADLIGHT<br \/>KZ750-B3 (1978) &#8211; HEADLIGHT<br \/>KZ750-B4 (1979) &#8211; HEADLIGHT<br \/>KZ750-G1 (1980) &#8211; HEADLIGHT<br \/>KZ900-A4 (1976) &#8211; HEADLIGHT<br \/>KZ900-A5 (1977) &#8211; HEADLIGHT<br \/>KZ900-B1 (1976) &#8211; HEADLIGHT<br \/>Z1 (1973) &#8211; HEADLIGHT<br \/>Z1-A (1974) &#8211; HEADLIGHT<br \/>Z1-B (1975) &#8211; HEADLIGHT<\/p>\n","protected":false},"excerpt":{"rendered":"<p>Faro hal\u00f3geno de 55\/60 vatios. de 17,78 cms de diametro ,redondo sellado que  Se adapta a todas las motocicletas,  con un faro de 7 pulgadas de di\u00e1metro y concretamente a los modelos KAWASAKI que se relacionan El hal\u00f3geno es 40% m\u00e1s brillante que las l\u00e1mparas de cabeza sellada de estilo antiguo.<\/p>\n","protected":false},"featured_media":11479,"comment_status":"open","ping_status":"closed","template":"","meta":[],"product_brand":[],"product_cat":[15],"product_tag":[],"class_list":{"0":"post-11480","1":"product","2":"type-product","3":"status-publish","4":"has-post-thumbnail","6":"product_cat-uncategorized","8":"first","9":"instock","10":"taxable","11":"shipping-taxable","12":"purchasable","13":"product-type-simple"},"yoast_head":"<!-- This site is optimized with the Yoast SEO Premium plugin v21.2 (Yoast SEO v27.3) - https:\/\/yoast.com\/product\/yoast-seo-premium-wordpress\/ -->\n<title>Faro Delantero para muchos modelos KAWASAKI - Tienda de todotrial<\/title>\n<meta name=\"robots\" content=\"index, follow, max-snippet:-1, max-image-preview:large, max-video-preview:-1\" \/>\n<link rel=\"canonical\" href=\"https:\/\/todotrial.com\/tienda\/faro-delantero2018-02-10-21-39-58\/\" \/>\n<meta property=\"og:locale\" content=\"es_ES\" \/>\n<meta property=\"og:type\" content=\"article\" \/>\n<meta property=\"og:title\" content=\"Faro Delantero para muchos modelos KAWASAKI\" \/>\n<meta property=\"og:description\" content=\"Faro hal\u00f3geno de 55\/60 vatios. de 17,78 cms de diametro ,redondo sellado que Se adapta a todas las motocicletas, con un faro de 7 pulgadas de di\u00e1metro y concretamente a los modelos KAWASAKI que se relacionan El hal\u00f3geno es 40% m\u00e1s brillante que las l\u00e1mparas de cabeza sellada de estilo antiguo.\" \/>\n<meta property=\"og:url\" content=\"https:\/\/todotrial.com\/tienda\/faro-delantero2018-02-10-21-39-58\/\" \/>\n<meta property=\"og:site_name\" content=\"Tienda de todotrial\" \/>\n<meta property=\"article:modified_time\" content=\"2025-02-20T16:57:16+00:00\" \/>\n<meta property=\"og:image\" content=\"https:\/\/todotrial.com\/tienda\/wp-content\/uploads\/2018\/02\/headlight-sealed.gif\" \/>\n\t<meta property=\"og:image:width\" content=\"218\" \/>\n\t<meta property=\"og:image:height\" content=\"207\" \/>\n\t<meta property=\"og:image:type\" content=\"image\/gif\" \/>\n<meta name=\"twitter:card\" content=\"summary_large_image\" \/>\n<meta name=\"twitter:label1\" content=\"Tiempo de lectura\" \/>\n\t<meta name=\"twitter:data1\" content=\"2 minutos\" \/>\n<script type=\"application\/ld+json\" class=\"yoast-schema-graph\">{\"@context\":\"https:\\\/\\\/schema.org\",\"@graph\":[{\"@type\":\"WebPage\",\"@id\":\"https:\\\/\\\/todotrial.com\\\/tienda\\\/faro-delantero2018-02-10-21-39-58\\\/\",\"url\":\"https:\\\/\\\/todotrial.com\\\/tienda\\\/faro-delantero2018-02-10-21-39-58\\\/\",\"name\":\"Faro Delantero para muchos modelos KAWASAKI - Tienda de todotrial\",\"isPartOf\":{\"@id\":\"https:\\\/\\\/todotrial.com\\\/tienda\\\/#website\"},\"primaryImageOfPage\":{\"@id\":\"https:\\\/\\\/todotrial.com\\\/tienda\\\/faro-delantero2018-02-10-21-39-58\\\/#primaryimage\"},\"image\":{\"@id\":\"https:\\\/\\\/todotrial.com\\\/tienda\\\/faro-delantero2018-02-10-21-39-58\\\/#primaryimage\"},\"thumbnailUrl\":\"https:\\\/\\\/todotrial.com\\\/tienda\\\/wp-content\\\/uploads\\\/2018\\\/02\\\/headlight-sealed.gif\",\"datePublished\":\"2018-02-10T21:39:58+00:00\",\"dateModified\":\"2025-02-20T16:57:16+00:00\",\"breadcrumb\":{\"@id\":\"https:\\\/\\\/todotrial.com\\\/tienda\\\/faro-delantero2018-02-10-21-39-58\\\/#breadcrumb\"},\"inLanguage\":\"es\",\"potentialAction\":[{\"@type\":\"ReadAction\",\"target\":[\"https:\\\/\\\/todotrial.com\\\/tienda\\\/faro-delantero2018-02-10-21-39-58\\\/\"]}]},{\"@type\":\"ImageObject\",\"inLanguage\":\"es\",\"@id\":\"https:\\\/\\\/todotrial.com\\\/tienda\\\/faro-delantero2018-02-10-21-39-58\\\/#primaryimage\",\"url\":\"https:\\\/\\\/todotrial.com\\\/tienda\\\/wp-content\\\/uploads\\\/2018\\\/02\\\/headlight-sealed.gif\",\"contentUrl\":\"https:\\\/\\\/todotrial.com\\\/tienda\\\/wp-content\\\/uploads\\\/2018\\\/02\\\/headlight-sealed.gif\",\"width\":218,\"height\":207},{\"@type\":\"BreadcrumbList\",\"@id\":\"https:\\\/\\\/todotrial.com\\\/tienda\\\/faro-delantero2018-02-10-21-39-58\\\/#breadcrumb\",\"itemListElement\":[{\"@type\":\"ListItem\",\"position\":1,\"name\":\"Portada\",\"item\":\"https:\\\/\\\/todotrial.com\\\/tienda\\\/\"},{\"@type\":\"ListItem\",\"position\":2,\"name\":\"Shop\",\"item\":\"https:\\\/\\\/todotrial.com\\\/tienda\\\/shop\\\/\"},{\"@type\":\"ListItem\",\"position\":3,\"name\":\"Faro Delantero para muchos modelos KAWASAKI\"}]},{\"@type\":\"WebSite\",\"@id\":\"https:\\\/\\\/todotrial.com\\\/tienda\\\/#website\",\"url\":\"https:\\\/\\\/todotrial.com\\\/tienda\\\/\",\"name\":\"Tienda de todotrial\",\"description\":\"\",\"potentialAction\":[{\"@type\":\"SearchAction\",\"target\":{\"@type\":\"EntryPoint\",\"urlTemplate\":\"https:\\\/\\\/todotrial.com\\\/tienda\\\/?s={search_term_string}\"},\"query-input\":{\"@type\":\"PropertyValueSpecification\",\"valueRequired\":true,\"valueName\":\"search_term_string\"}}],\"inLanguage\":\"es\"}]}<\/script>\n<!-- \/ Yoast SEO Premium plugin. -->","yoast_head_json":{"title":"Faro Delantero para muchos modelos KAWASAKI - Tienda de todotrial","robots":{"index":"index","follow":"follow","max-snippet":"max-snippet:-1","max-image-preview":"max-image-preview:large","max-video-preview":"max-video-preview:-1"},"canonical":"https:\/\/todotrial.com\/tienda\/faro-delantero2018-02-10-21-39-58\/","og_locale":"es_ES","og_type":"article","og_title":"Faro Delantero para muchos modelos KAWASAKI","og_description":"Faro hal\u00f3geno de 55\/60 vatios. de 17,78 cms de diametro ,redondo sellado que Se adapta a todas las motocicletas, con un faro de 7 pulgadas de di\u00e1metro y concretamente a los modelos KAWASAKI que se relacionan El hal\u00f3geno es 40% m\u00e1s brillante que las l\u00e1mparas de cabeza sellada de estilo antiguo.","og_url":"https:\/\/todotrial.com\/tienda\/faro-delantero2018-02-10-21-39-58\/","og_site_name":"Tienda de todotrial","article_modified_time":"2025-02-20T16:57:16+00:00","og_image":[{"width":218,"height":207,"url":"https:\/\/todotrial.com\/tienda\/wp-content\/uploads\/2018\/02\/headlight-sealed.gif","type":"image\/gif"}],"twitter_card":"summary_large_image","twitter_misc":{"Tiempo de lectura":"2 minutos"},"schema":{"@context":"https:\/\/schema.org","@graph":[{"@type":"WebPage","@id":"https:\/\/todotrial.com\/tienda\/faro-delantero2018-02-10-21-39-58\/","url":"https:\/\/todotrial.com\/tienda\/faro-delantero2018-02-10-21-39-58\/","name":"Faro Delantero para muchos modelos KAWASAKI - Tienda de todotrial","isPartOf":{"@id":"https:\/\/todotrial.com\/tienda\/#website"},"primaryImageOfPage":{"@id":"https:\/\/todotrial.com\/tienda\/faro-delantero2018-02-10-21-39-58\/#primaryimage"},"image":{"@id":"https:\/\/todotrial.com\/tienda\/faro-delantero2018-02-10-21-39-58\/#primaryimage"},"thumbnailUrl":"https:\/\/todotrial.com\/tienda\/wp-content\/uploads\/2018\/02\/headlight-sealed.gif","datePublished":"2018-02-10T21:39:58+00:00","dateModified":"2025-02-20T16:57:16+00:00","breadcrumb":{"@id":"https:\/\/todotrial.com\/tienda\/faro-delantero2018-02-10-21-39-58\/#breadcrumb"},"inLanguage":"es","potentialAction":[{"@type":"ReadAction","target":["https:\/\/todotrial.com\/tienda\/faro-delantero2018-02-10-21-39-58\/"]}]},{"@type":"ImageObject","inLanguage":"es","@id":"https:\/\/todotrial.com\/tienda\/faro-delantero2018-02-10-21-39-58\/#primaryimage","url":"https:\/\/todotrial.com\/tienda\/wp-content\/uploads\/2018\/02\/headlight-sealed.gif","contentUrl":"https:\/\/todotrial.com\/tienda\/wp-content\/uploads\/2018\/02\/headlight-sealed.gif","width":218,"height":207},{"@type":"BreadcrumbList","@id":"https:\/\/todotrial.com\/tienda\/faro-delantero2018-02-10-21-39-58\/#breadcrumb","itemListElement":[{"@type":"ListItem","position":1,"name":"Portada","item":"https:\/\/todotrial.com\/tienda\/"},{"@type":"ListItem","position":2,"name":"Shop","item":"https:\/\/todotrial.com\/tienda\/shop\/"},{"@type":"ListItem","position":3,"name":"Faro Delantero para muchos modelos KAWASAKI"}]},{"@type":"WebSite","@id":"https:\/\/todotrial.com\/tienda\/#website","url":"https:\/\/todotrial.com\/tienda\/","name":"Tienda de todotrial","description":"","potentialAction":[{"@type":"SearchAction","target":{"@type":"EntryPoint","urlTemplate":"https:\/\/todotrial.com\/tienda\/?s={search_term_string}"},"query-input":{"@type":"PropertyValueSpecification","valueRequired":true,"valueName":"search_term_string"}}],"inLanguage":"es"}]}},"_links":{"self":[{"href":"https:\/\/todotrial.com\/tienda\/wp-json\/wp\/v2\/product\/11480","targetHints":{"allow":["GET"]}}],"collection":[{"href":"https:\/\/todotrial.com\/tienda\/wp-json\/wp\/v2\/product"}],"about":[{"href":"https:\/\/todotrial.com\/tienda\/wp-json\/wp\/v2\/types\/product"}],"replies":[{"embeddable":true,"href":"https:\/\/todotrial.com\/tienda\/wp-json\/wp\/v2\/comments?post=11480"}],"version-history":[{"count":0,"href":"https:\/\/todotrial.com\/tienda\/wp-json\/wp\/v2\/product\/11480\/revisions"}],"wp:featuredmedia":[{"embeddable":true,"href":"https:\/\/todotrial.com\/tienda\/wp-json\/wp\/v2\/media\/11479"}],"wp:attachment":[{"href":"https:\/\/todotrial.com\/tienda\/wp-json\/wp\/v2\/media?parent=11480"}],"wp:term":[{"taxonomy":"product_brand","embeddable":true,"href":"https:\/\/todotrial.com\/tienda\/wp-json\/wp\/v2\/product_brand?post=11480"},{"taxonomy":"product_cat","embeddable":true,"href":"https:\/\/todotrial.com\/tienda\/wp-json\/wp\/v2\/product_cat?post=11480"},{"taxonomy":"product_tag","embeddable":true,"href":"https:\/\/todotrial.com\/tienda\/wp-json\/wp\/v2\/product_tag?post=11480"}],"curies":[{"name":"wp","href":"https:\/\/api.w.org\/{rel}","templated":true}]}}