{"id":1090,"date":"2020-07-02T15:28:09","date_gmt":"2020-07-02T15:28:09","guid":{"rendered":"https:\/\/todotrial.com\/tienda\/product\/crash-crazy-dvd\/"},"modified":"2025-02-20T17:32:43","modified_gmt":"2025-02-20T16:32:43","slug":"crash-crazy-dvd","status":"publish","type":"product","link":"https:\/\/todotrial.com\/tienda\/crash-crazy-dvd\/","title":{"rendered":"Crash Crazy DVD"},"content":{"rendered":"<p>Uno de todos los tiempos mejores vendedores del Duque se ha estrellado su camino en DVD. Abr\u00f3chate el cintur\u00f3n muy apretado ya que el programa te lleva a trav\u00e9s de una impresionante colecci\u00f3n de 350 accidentes. S\u00ed, nos atacamos a los archivos de todo el mundo para traerle una fant\u00e1stica variedad de rompe espectaculares y accidentes de veinte diferentes categor\u00edas de powersports!<\/p>\n<p>Si usted puede conducir o montar en ella &#8211; que sin duda puede estrellarlo. Reviva esos mindboggling prangs, incidentes y limpiar-salidas de Rallycross, F\u00f3rmula 3, Vauxhall Lotus, F\u00f3rmula Ford, Saloon Cars, Rally Coches, Motos GP, Superbikes, Motocross, Stock Cars, Speedway, Ice Racing, Colina Escalada, Karts, camiones, Supercross, Road Racing, motos de enduro, autos cl\u00e1sicos e incluso bicicletas de monta\u00f1a con esta recopilaci\u00f3n de acci\u00f3n r\u00e1pida.<\/p>\n<p>Aqu\u00ed es donde los errores y los bloopers vienen de espesor y r\u00e1pido y le garantizamos que no ser\u00e1 capaz de quitar la vista de la pantalla por miedo a perderse otro percance fren\u00e9tica o inevitable golpe! Sin embargo, ninguno de los accidentes que se muestra aqu\u00ed puede resultar en lesiones graves o mortales. Pero dif\u00edcilmente va a creer cuando lo vea algunas de las im\u00e1genes!<\/p>\n","protected":false},"excerpt":{"rendered":"<p>Crash Crazy DVD<\/p>\n","protected":false},"featured_media":1089,"comment_status":"open","ping_status":"closed","template":"","meta":[],"product_brand":[],"product_cat":[15],"product_tag":[],"class_list":{"0":"post-1090","1":"product","2":"type-product","3":"status-publish","4":"has-post-thumbnail","6":"product_cat-uncategorized","8":"first","9":"instock","10":"taxable","11":"shipping-taxable","12":"purchasable","13":"product-type-simple"},"yoast_head":"<!-- This site is optimized with the Yoast SEO Premium plugin v21.2 (Yoast SEO v27.3) - https:\/\/yoast.com\/product\/yoast-seo-premium-wordpress\/ -->\n<title>Crash Crazy DVD - Tienda de todotrial<\/title>\n<meta name=\"robots\" content=\"index, follow, max-snippet:-1, max-image-preview:large, max-video-preview:-1\" \/>\n<link rel=\"canonical\" href=\"https:\/\/todotrial.com\/tienda\/crash-crazy-dvd\/\" \/>\n<meta property=\"og:locale\" content=\"es_ES\" \/>\n<meta property=\"og:type\" content=\"article\" \/>\n<meta property=\"og:title\" content=\"Crash Crazy DVD\" \/>\n<meta property=\"og:description\" content=\"Crash Crazy DVD\" \/>\n<meta property=\"og:url\" content=\"https:\/\/todotrial.com\/tienda\/crash-crazy-dvd\/\" \/>\n<meta property=\"og:site_name\" content=\"Tienda de todotrial\" \/>\n<meta property=\"article:modified_time\" content=\"2025-02-20T16:32:43+00:00\" \/>\n<meta property=\"og:image\" content=\"https:\/\/todotrial.com\/tienda\/wp-content\/uploads\/2020\/07\/5254.jpg\" \/>\n\t<meta property=\"og:image:width\" content=\"360\" \/>\n\t<meta property=\"og:image:height\" content=\"502\" \/>\n\t<meta property=\"og:image:type\" content=\"image\/jpeg\" \/>\n<meta name=\"twitter:card\" content=\"summary_large_image\" \/>\n<meta name=\"twitter:label1\" content=\"Tiempo de lectura\" \/>\n\t<meta name=\"twitter:data1\" content=\"1 minuto\" \/>\n<script type=\"application\/ld+json\" class=\"yoast-schema-graph\">{\"@context\":\"https:\\\/\\\/schema.org\",\"@graph\":[{\"@type\":\"WebPage\",\"@id\":\"https:\\\/\\\/todotrial.com\\\/tienda\\\/crash-crazy-dvd\\\/\",\"url\":\"https:\\\/\\\/todotrial.com\\\/tienda\\\/crash-crazy-dvd\\\/\",\"name\":\"Crash Crazy DVD - Tienda de todotrial\",\"isPartOf\":{\"@id\":\"https:\\\/\\\/todotrial.com\\\/tienda\\\/#website\"},\"primaryImageOfPage\":{\"@id\":\"https:\\\/\\\/todotrial.com\\\/tienda\\\/crash-crazy-dvd\\\/#primaryimage\"},\"image\":{\"@id\":\"https:\\\/\\\/todotrial.com\\\/tienda\\\/crash-crazy-dvd\\\/#primaryimage\"},\"thumbnailUrl\":\"https:\\\/\\\/todotrial.com\\\/tienda\\\/wp-content\\\/uploads\\\/2020\\\/07\\\/5254.jpg\",\"datePublished\":\"2020-07-02T15:28:09+00:00\",\"dateModified\":\"2025-02-20T16:32:43+00:00\",\"breadcrumb\":{\"@id\":\"https:\\\/\\\/todotrial.com\\\/tienda\\\/crash-crazy-dvd\\\/#breadcrumb\"},\"inLanguage\":\"es\",\"potentialAction\":[{\"@type\":\"ReadAction\",\"target\":[\"https:\\\/\\\/todotrial.com\\\/tienda\\\/crash-crazy-dvd\\\/\"]}]},{\"@type\":\"ImageObject\",\"inLanguage\":\"es\",\"@id\":\"https:\\\/\\\/todotrial.com\\\/tienda\\\/crash-crazy-dvd\\\/#primaryimage\",\"url\":\"https:\\\/\\\/todotrial.com\\\/tienda\\\/wp-content\\\/uploads\\\/2020\\\/07\\\/5254.jpg\",\"contentUrl\":\"https:\\\/\\\/todotrial.com\\\/tienda\\\/wp-content\\\/uploads\\\/2020\\\/07\\\/5254.jpg\",\"width\":360,\"height\":502},{\"@type\":\"BreadcrumbList\",\"@id\":\"https:\\\/\\\/todotrial.com\\\/tienda\\\/crash-crazy-dvd\\\/#breadcrumb\",\"itemListElement\":[{\"@type\":\"ListItem\",\"position\":1,\"name\":\"Portada\",\"item\":\"https:\\\/\\\/todotrial.com\\\/tienda\\\/\"},{\"@type\":\"ListItem\",\"position\":2,\"name\":\"Shop\",\"item\":\"https:\\\/\\\/todotrial.com\\\/tienda\\\/shop\\\/\"},{\"@type\":\"ListItem\",\"position\":3,\"name\":\"Crash Crazy DVD\"}]},{\"@type\":\"WebSite\",\"@id\":\"https:\\\/\\\/todotrial.com\\\/tienda\\\/#website\",\"url\":\"https:\\\/\\\/todotrial.com\\\/tienda\\\/\",\"name\":\"Tienda de todotrial\",\"description\":\"\",\"potentialAction\":[{\"@type\":\"SearchAction\",\"target\":{\"@type\":\"EntryPoint\",\"urlTemplate\":\"https:\\\/\\\/todotrial.com\\\/tienda\\\/?s={search_term_string}\"},\"query-input\":{\"@type\":\"PropertyValueSpecification\",\"valueRequired\":true,\"valueName\":\"search_term_string\"}}],\"inLanguage\":\"es\"}]}<\/script>\n<!-- \/ Yoast SEO Premium plugin. -->","yoast_head_json":{"title":"Crash Crazy DVD - Tienda de todotrial","robots":{"index":"index","follow":"follow","max-snippet":"max-snippet:-1","max-image-preview":"max-image-preview:large","max-video-preview":"max-video-preview:-1"},"canonical":"https:\/\/todotrial.com\/tienda\/crash-crazy-dvd\/","og_locale":"es_ES","og_type":"article","og_title":"Crash Crazy DVD","og_description":"Crash Crazy DVD","og_url":"https:\/\/todotrial.com\/tienda\/crash-crazy-dvd\/","og_site_name":"Tienda de todotrial","article_modified_time":"2025-02-20T16:32:43+00:00","og_image":[{"width":360,"height":502,"url":"https:\/\/todotrial.com\/tienda\/wp-content\/uploads\/2020\/07\/5254.jpg","type":"image\/jpeg"}],"twitter_card":"summary_large_image","twitter_misc":{"Tiempo de lectura":"1 minuto"},"schema":{"@context":"https:\/\/schema.org","@graph":[{"@type":"WebPage","@id":"https:\/\/todotrial.com\/tienda\/crash-crazy-dvd\/","url":"https:\/\/todotrial.com\/tienda\/crash-crazy-dvd\/","name":"Crash Crazy DVD - Tienda de todotrial","isPartOf":{"@id":"https:\/\/todotrial.com\/tienda\/#website"},"primaryImageOfPage":{"@id":"https:\/\/todotrial.com\/tienda\/crash-crazy-dvd\/#primaryimage"},"image":{"@id":"https:\/\/todotrial.com\/tienda\/crash-crazy-dvd\/#primaryimage"},"thumbnailUrl":"https:\/\/todotrial.com\/tienda\/wp-content\/uploads\/2020\/07\/5254.jpg","datePublished":"2020-07-02T15:28:09+00:00","dateModified":"2025-02-20T16:32:43+00:00","breadcrumb":{"@id":"https:\/\/todotrial.com\/tienda\/crash-crazy-dvd\/#breadcrumb"},"inLanguage":"es","potentialAction":[{"@type":"ReadAction","target":["https:\/\/todotrial.com\/tienda\/crash-crazy-dvd\/"]}]},{"@type":"ImageObject","inLanguage":"es","@id":"https:\/\/todotrial.com\/tienda\/crash-crazy-dvd\/#primaryimage","url":"https:\/\/todotrial.com\/tienda\/wp-content\/uploads\/2020\/07\/5254.jpg","contentUrl":"https:\/\/todotrial.com\/tienda\/wp-content\/uploads\/2020\/07\/5254.jpg","width":360,"height":502},{"@type":"BreadcrumbList","@id":"https:\/\/todotrial.com\/tienda\/crash-crazy-dvd\/#breadcrumb","itemListElement":[{"@type":"ListItem","position":1,"name":"Portada","item":"https:\/\/todotrial.com\/tienda\/"},{"@type":"ListItem","position":2,"name":"Shop","item":"https:\/\/todotrial.com\/tienda\/shop\/"},{"@type":"ListItem","position":3,"name":"Crash Crazy DVD"}]},{"@type":"WebSite","@id":"https:\/\/todotrial.com\/tienda\/#website","url":"https:\/\/todotrial.com\/tienda\/","name":"Tienda de todotrial","description":"","potentialAction":[{"@type":"SearchAction","target":{"@type":"EntryPoint","urlTemplate":"https:\/\/todotrial.com\/tienda\/?s={search_term_string}"},"query-input":{"@type":"PropertyValueSpecification","valueRequired":true,"valueName":"search_term_string"}}],"inLanguage":"es"}]}},"_links":{"self":[{"href":"https:\/\/todotrial.com\/tienda\/wp-json\/wp\/v2\/product\/1090","targetHints":{"allow":["GET"]}}],"collection":[{"href":"https:\/\/todotrial.com\/tienda\/wp-json\/wp\/v2\/product"}],"about":[{"href":"https:\/\/todotrial.com\/tienda\/wp-json\/wp\/v2\/types\/product"}],"replies":[{"embeddable":true,"href":"https:\/\/todotrial.com\/tienda\/wp-json\/wp\/v2\/comments?post=1090"}],"version-history":[{"count":0,"href":"https:\/\/todotrial.com\/tienda\/wp-json\/wp\/v2\/product\/1090\/revisions"}],"wp:featuredmedia":[{"embeddable":true,"href":"https:\/\/todotrial.com\/tienda\/wp-json\/wp\/v2\/media\/1089"}],"wp:attachment":[{"href":"https:\/\/todotrial.com\/tienda\/wp-json\/wp\/v2\/media?parent=1090"}],"wp:term":[{"taxonomy":"product_brand","embeddable":true,"href":"https:\/\/todotrial.com\/tienda\/wp-json\/wp\/v2\/product_brand?post=1090"},{"taxonomy":"product_cat","embeddable":true,"href":"https:\/\/todotrial.com\/tienda\/wp-json\/wp\/v2\/product_cat?post=1090"},{"taxonomy":"product_tag","embeddable":true,"href":"https:\/\/todotrial.com\/tienda\/wp-json\/wp\/v2\/product_tag?post=1090"}],"curies":[{"name":"wp","href":"https:\/\/api.w.org\/{rel}","templated":true}]}}