{"id":10133,"date":"2020-07-02T22:45:44","date_gmt":"2020-07-02T22:45:44","guid":{"rendered":"https:\/\/todotrial.com\/tienda\/product\/pegatinas2017-08-25-18-19-47\/"},"modified":"2025-03-21T16:34:28","modified_gmt":"2025-03-21T15:34:28","slug":"pegatinas2017-08-25-18-19-47","status":"publish","type":"product","link":"https:\/\/todotrial.com\/tienda\/pegatinas2017-08-25-18-19-47\/","title":{"rendered":"BULTACO MERCURIO 155 modelo 9 (manillar chapa)Juego Completo Pegatinas"},"content":{"rendered":"<p>BULTACO MERCURIO 155 modelo 9 (manillar chapa)Juego Completo Pegatinas.Conjunto completo de anagramas para el modelo BULTACO Mercurio 155 (serie 9 a partir n\u00famero de bastidor 905531). Incluye los dos anagramas met\u00e1licos para el dep\u00f3sito de gasolina asi como los anagramas en vinilo y poliester para las dos tapas cajas herramientas, guardabarros trasero, manillar y amortiguadores traseros<\/p>\n","protected":false},"excerpt":{"rendered":"<p>BULTACO MERCURIO 155 modelo 9 (manillar chapa)Juego Completo Pegatinas.Conjunto completo de anagramas para el modelo BULTACO Mercurio 155 (serie 9 a partir n\u00famero de bastidor 905531). Incluye los dos anagramas met\u00e1licos para el dep\u00f3sito de gasolina asi como los anagramas en vinilo y poliester para las dos tapas cajas herramientas, guardabarros trasero, manillar y amortiguadores traseros<\/p>\n","protected":false},"featured_media":10132,"comment_status":"open","ping_status":"closed","template":"","meta":[],"product_brand":[],"product_cat":[11780,15],"product_tag":[],"class_list":{"0":"post-10133","1":"product","2":"type-product","3":"status-publish","4":"has-post-thumbnail","6":"product_cat-adhesivos-clasicas","7":"product_cat-uncategorized","9":"first","10":"instock","11":"taxable","12":"shipping-taxable","13":"purchasable","14":"product-type-simple"},"yoast_head":"<!-- This site is optimized with the Yoast SEO Premium plugin v21.2 (Yoast SEO v27.3) - https:\/\/yoast.com\/product\/yoast-seo-premium-wordpress\/ -->\n<title>BULTACO MERCURIO 155 modelo 9 (manillar chapa)Juego Completo Pegatinas - Tienda de todotrial<\/title>\n<meta name=\"robots\" content=\"index, follow, max-snippet:-1, max-image-preview:large, max-video-preview:-1\" \/>\n<link rel=\"canonical\" href=\"https:\/\/todotrial.com\/tienda\/pegatinas2017-08-25-18-19-47\/\" \/>\n<meta property=\"og:locale\" content=\"es_ES\" \/>\n<meta property=\"og:type\" content=\"article\" \/>\n<meta property=\"og:title\" content=\"BULTACO MERCURIO 155 modelo 9 (manillar chapa)Juego Completo Pegatinas\" \/>\n<meta property=\"og:description\" content=\"BULTACO MERCURIO 155 modelo 9 (manillar chapa)Juego Completo Pegatinas.Conjunto completo de anagramas para el modelo BULTACO Mercurio 155 (serie 9 a partir n\u00famero de bastidor 905531). Incluye los dos anagramas met\u00e1licos para el dep\u00f3sito de gasolina asi como los anagramas en vinilo y poliester para las dos tapas cajas herramientas, guardabarros trasero, manillar y amortiguadores traseros\" \/>\n<meta property=\"og:url\" content=\"https:\/\/todotrial.com\/tienda\/pegatinas2017-08-25-18-19-47\/\" \/>\n<meta property=\"og:site_name\" content=\"Tienda de todotrial\" \/>\n<meta property=\"article:modified_time\" content=\"2025-03-21T15:34:28+00:00\" \/>\n<meta property=\"og:image\" content=\"https:\/\/todotrial.com\/tienda\/wp-content\/uploads\/2020\/07\/mercurio-155-serie-9-manillar-chapa.jpg\" \/>\n\t<meta property=\"og:image:width\" content=\"350\" \/>\n\t<meta property=\"og:image:height\" content=\"344\" \/>\n\t<meta property=\"og:image:type\" content=\"image\/jpeg\" \/>\n<meta name=\"twitter:card\" content=\"summary_large_image\" \/>\n<script type=\"application\/ld+json\" class=\"yoast-schema-graph\">{\"@context\":\"https:\\\/\\\/schema.org\",\"@graph\":[{\"@type\":\"WebPage\",\"@id\":\"https:\\\/\\\/todotrial.com\\\/tienda\\\/pegatinas2017-08-25-18-19-47\\\/\",\"url\":\"https:\\\/\\\/todotrial.com\\\/tienda\\\/pegatinas2017-08-25-18-19-47\\\/\",\"name\":\"BULTACO MERCURIO 155 modelo 9 (manillar chapa)Juego Completo Pegatinas - Tienda de todotrial\",\"isPartOf\":{\"@id\":\"https:\\\/\\\/todotrial.com\\\/tienda\\\/#website\"},\"primaryImageOfPage\":{\"@id\":\"https:\\\/\\\/todotrial.com\\\/tienda\\\/pegatinas2017-08-25-18-19-47\\\/#primaryimage\"},\"image\":{\"@id\":\"https:\\\/\\\/todotrial.com\\\/tienda\\\/pegatinas2017-08-25-18-19-47\\\/#primaryimage\"},\"thumbnailUrl\":\"https:\\\/\\\/todotrial.com\\\/tienda\\\/wp-content\\\/uploads\\\/2020\\\/07\\\/mercurio-155-serie-9-manillar-chapa.jpg\",\"datePublished\":\"2020-07-02T22:45:44+00:00\",\"dateModified\":\"2025-03-21T15:34:28+00:00\",\"breadcrumb\":{\"@id\":\"https:\\\/\\\/todotrial.com\\\/tienda\\\/pegatinas2017-08-25-18-19-47\\\/#breadcrumb\"},\"inLanguage\":\"es\",\"potentialAction\":[{\"@type\":\"ReadAction\",\"target\":[\"https:\\\/\\\/todotrial.com\\\/tienda\\\/pegatinas2017-08-25-18-19-47\\\/\"]}]},{\"@type\":\"ImageObject\",\"inLanguage\":\"es\",\"@id\":\"https:\\\/\\\/todotrial.com\\\/tienda\\\/pegatinas2017-08-25-18-19-47\\\/#primaryimage\",\"url\":\"https:\\\/\\\/todotrial.com\\\/tienda\\\/wp-content\\\/uploads\\\/2020\\\/07\\\/mercurio-155-serie-9-manillar-chapa.jpg\",\"contentUrl\":\"https:\\\/\\\/todotrial.com\\\/tienda\\\/wp-content\\\/uploads\\\/2020\\\/07\\\/mercurio-155-serie-9-manillar-chapa.jpg\",\"width\":350,\"height\":344},{\"@type\":\"BreadcrumbList\",\"@id\":\"https:\\\/\\\/todotrial.com\\\/tienda\\\/pegatinas2017-08-25-18-19-47\\\/#breadcrumb\",\"itemListElement\":[{\"@type\":\"ListItem\",\"position\":1,\"name\":\"Portada\",\"item\":\"https:\\\/\\\/todotrial.com\\\/tienda\\\/\"},{\"@type\":\"ListItem\",\"position\":2,\"name\":\"Shop\",\"item\":\"https:\\\/\\\/todotrial.com\\\/tienda\\\/shop\\\/\"},{\"@type\":\"ListItem\",\"position\":3,\"name\":\"BULTACO MERCURIO 155 modelo 9 (manillar chapa)Juego Completo Pegatinas\"}]},{\"@type\":\"WebSite\",\"@id\":\"https:\\\/\\\/todotrial.com\\\/tienda\\\/#website\",\"url\":\"https:\\\/\\\/todotrial.com\\\/tienda\\\/\",\"name\":\"Tienda de todotrial\",\"description\":\"\",\"potentialAction\":[{\"@type\":\"SearchAction\",\"target\":{\"@type\":\"EntryPoint\",\"urlTemplate\":\"https:\\\/\\\/todotrial.com\\\/tienda\\\/?s={search_term_string}\"},\"query-input\":{\"@type\":\"PropertyValueSpecification\",\"valueRequired\":true,\"valueName\":\"search_term_string\"}}],\"inLanguage\":\"es\"}]}<\/script>\n<!-- \/ Yoast SEO Premium plugin. -->","yoast_head_json":{"title":"BULTACO MERCURIO 155 modelo 9 (manillar chapa)Juego Completo Pegatinas - Tienda de todotrial","robots":{"index":"index","follow":"follow","max-snippet":"max-snippet:-1","max-image-preview":"max-image-preview:large","max-video-preview":"max-video-preview:-1"},"canonical":"https:\/\/todotrial.com\/tienda\/pegatinas2017-08-25-18-19-47\/","og_locale":"es_ES","og_type":"article","og_title":"BULTACO MERCURIO 155 modelo 9 (manillar chapa)Juego Completo Pegatinas","og_description":"BULTACO MERCURIO 155 modelo 9 (manillar chapa)Juego Completo Pegatinas.Conjunto completo de anagramas para el modelo BULTACO Mercurio 155 (serie 9 a partir n\u00famero de bastidor 905531). Incluye los dos anagramas met\u00e1licos para el dep\u00f3sito de gasolina asi como los anagramas en vinilo y poliester para las dos tapas cajas herramientas, guardabarros trasero, manillar y amortiguadores traseros","og_url":"https:\/\/todotrial.com\/tienda\/pegatinas2017-08-25-18-19-47\/","og_site_name":"Tienda de todotrial","article_modified_time":"2025-03-21T15:34:28+00:00","og_image":[{"width":350,"height":344,"url":"https:\/\/todotrial.com\/tienda\/wp-content\/uploads\/2020\/07\/mercurio-155-serie-9-manillar-chapa.jpg","type":"image\/jpeg"}],"twitter_card":"summary_large_image","schema":{"@context":"https:\/\/schema.org","@graph":[{"@type":"WebPage","@id":"https:\/\/todotrial.com\/tienda\/pegatinas2017-08-25-18-19-47\/","url":"https:\/\/todotrial.com\/tienda\/pegatinas2017-08-25-18-19-47\/","name":"BULTACO MERCURIO 155 modelo 9 (manillar chapa)Juego Completo Pegatinas - Tienda de todotrial","isPartOf":{"@id":"https:\/\/todotrial.com\/tienda\/#website"},"primaryImageOfPage":{"@id":"https:\/\/todotrial.com\/tienda\/pegatinas2017-08-25-18-19-47\/#primaryimage"},"image":{"@id":"https:\/\/todotrial.com\/tienda\/pegatinas2017-08-25-18-19-47\/#primaryimage"},"thumbnailUrl":"https:\/\/todotrial.com\/tienda\/wp-content\/uploads\/2020\/07\/mercurio-155-serie-9-manillar-chapa.jpg","datePublished":"2020-07-02T22:45:44+00:00","dateModified":"2025-03-21T15:34:28+00:00","breadcrumb":{"@id":"https:\/\/todotrial.com\/tienda\/pegatinas2017-08-25-18-19-47\/#breadcrumb"},"inLanguage":"es","potentialAction":[{"@type":"ReadAction","target":["https:\/\/todotrial.com\/tienda\/pegatinas2017-08-25-18-19-47\/"]}]},{"@type":"ImageObject","inLanguage":"es","@id":"https:\/\/todotrial.com\/tienda\/pegatinas2017-08-25-18-19-47\/#primaryimage","url":"https:\/\/todotrial.com\/tienda\/wp-content\/uploads\/2020\/07\/mercurio-155-serie-9-manillar-chapa.jpg","contentUrl":"https:\/\/todotrial.com\/tienda\/wp-content\/uploads\/2020\/07\/mercurio-155-serie-9-manillar-chapa.jpg","width":350,"height":344},{"@type":"BreadcrumbList","@id":"https:\/\/todotrial.com\/tienda\/pegatinas2017-08-25-18-19-47\/#breadcrumb","itemListElement":[{"@type":"ListItem","position":1,"name":"Portada","item":"https:\/\/todotrial.com\/tienda\/"},{"@type":"ListItem","position":2,"name":"Shop","item":"https:\/\/todotrial.com\/tienda\/shop\/"},{"@type":"ListItem","position":3,"name":"BULTACO MERCURIO 155 modelo 9 (manillar chapa)Juego Completo Pegatinas"}]},{"@type":"WebSite","@id":"https:\/\/todotrial.com\/tienda\/#website","url":"https:\/\/todotrial.com\/tienda\/","name":"Tienda de todotrial","description":"","potentialAction":[{"@type":"SearchAction","target":{"@type":"EntryPoint","urlTemplate":"https:\/\/todotrial.com\/tienda\/?s={search_term_string}"},"query-input":{"@type":"PropertyValueSpecification","valueRequired":true,"valueName":"search_term_string"}}],"inLanguage":"es"}]}},"_links":{"self":[{"href":"https:\/\/todotrial.com\/tienda\/wp-json\/wp\/v2\/product\/10133","targetHints":{"allow":["GET"]}}],"collection":[{"href":"https:\/\/todotrial.com\/tienda\/wp-json\/wp\/v2\/product"}],"about":[{"href":"https:\/\/todotrial.com\/tienda\/wp-json\/wp\/v2\/types\/product"}],"replies":[{"embeddable":true,"href":"https:\/\/todotrial.com\/tienda\/wp-json\/wp\/v2\/comments?post=10133"}],"version-history":[{"count":1,"href":"https:\/\/todotrial.com\/tienda\/wp-json\/wp\/v2\/product\/10133\/revisions"}],"predecessor-version":[{"id":53691,"href":"https:\/\/todotrial.com\/tienda\/wp-json\/wp\/v2\/product\/10133\/revisions\/53691"}],"wp:featuredmedia":[{"embeddable":true,"href":"https:\/\/todotrial.com\/tienda\/wp-json\/wp\/v2\/media\/10132"}],"wp:attachment":[{"href":"https:\/\/todotrial.com\/tienda\/wp-json\/wp\/v2\/media?parent=10133"}],"wp:term":[{"taxonomy":"product_brand","embeddable":true,"href":"https:\/\/todotrial.com\/tienda\/wp-json\/wp\/v2\/product_brand?post=10133"},{"taxonomy":"product_cat","embeddable":true,"href":"https:\/\/todotrial.com\/tienda\/wp-json\/wp\/v2\/product_cat?post=10133"},{"taxonomy":"product_tag","embeddable":true,"href":"https:\/\/todotrial.com\/tienda\/wp-json\/wp\/v2\/product_tag?post=10133"}],"curies":[{"name":"wp","href":"https:\/\/api.w.org\/{rel}","templated":true}]}}